--  Table structure for `feedback`
-- ----------------------------
CREATE TABLE `feedback` (
  `id` bigint(20) unsigned NOT NULL AUTO_INCREMENT,
  `remark` varchar(512) NOT NULL COMMENT '建议内容',
  `status` tinyint(4) DEFAULT '0' COMMENT '是否已经处理  0：否 1：是',
  `create_time` timestamp NULL DEFAULT NULL COMMENT '反馈时间',
  `update_time` timestamp NULL DEFAULT NULL COMMENT '更新时间',
  `tel` varchar(24) DEFAULT NULL COMMENT '电话',
  `name` varchar(64) DEFAULT NULL COMMENT '姓名',
  `email` varchar(256) DEFAULT NULL COMMENT '邮件',
  `call_back` varchar(512) DEFAULT NULL COMMENT '反馈内容',
  `uid` bigint(20) unsigned NOT NULL COMMENT '用户主键',
  `link_man` varchar(35) DEFAULT NULL,
  PRIMARY KEY (`id`) USING BTREE,
  KEY `uid` (`uid`) USING BTREE,
  CONSTRAINT `feedback_ibfk_1` FOREIGN KEY (`uid`) REFERENCES `user_data` (`uid`) ON DELETE CASCADE ON UPDATE NO ACTION
) ENGINE=InnoDB AUTO_INCREMENT=3 DEFAULT CHARSET=utf8mb4 ROW_FORMAT=DYNAMIC COMMENT='反馈信息主表';

-- ----------------------------
--  Records of `feedback`
-- ----------------------------
BEGIN;
INSERT INTO `feedback` VALUES ('2', '2019年12月23日上线内测小范围试运营', '1', '2019-12-22 19:21:07', '2019-12-22 19:21:42', '17681809772', null, null, '是的，感谢您的关注', '5', null);
COMMIT;

-- ----------------------------
--  Table structure for `feedback_img`
-- ----------------------------
CREATE TABLE `feedback_img` (
  `id` bigint(20) unsigned NOT NULL AUTO_INCREMENT,
  `f_id` bigint(20) unsigned NOT NULL COMMENT '反馈主键',
  `img_url` varchar(512) NOT NULL COMMENT '展示图片',
  PRIMARY KEY (`id`) USING BTREE,
  KEY `f_id` (`f_id`) USING BTREE,
  CONSTRAINT `feedback_img_ibfk_1` FOREIGN KEY (`f_id`) REFERENCES `feedback` (`id`) ON DELETE CASCADE ON UPDATE NO ACTION
) ENGINE=InnoDB DEFAULT CHARSET=utf8mb4 ROW_FORMAT=DYNAMIC COMMENT='意见反馈图片信息表';

-- ----------------------------
--  Table structure for `field`
-- ----------------------------
CREATE TABLE `field` (
  `id` bigint(20) unsigned NOT NULL AUTO_INCREMENT,
  `img_url` varchar(225) DEFAULT NULL COMMENT '展示图片',
  `detail_img_url` varchar(225) DEFAULT NULL COMMENT '详情主图',
  `title` varchar(125) DEFAULT NULL COMMENT '标题',
  `introduce` varchar(255) DEFAULT NULL COMMENT '简介',
  `outline` varchar(255) DEFAULT NULL COMMENT '梗概',
  `content` longtext COMMENT '富文本内容',
  `create_time` timestamp NULL DEFAULT NULL COMMENT '创建时间',
  `update_time` timestamp NULL DEFAULT NULL COMMENT '修改时间',
  PRIMARY KEY (`id`)
) ENGINE=InnoDB AUTO_INCREMENT=4 DEFAULT CHARSET=utf8mb4 COMMENT='业务领域表';

-- ----------------------------
--  Records of `field`
-- ----------------------------
BEGIN;
INSERT INTO `field` VALUES ('2', 'https://czw-netmi.oss-cn-hangzhou.aliyuncs.com/__liemi__/image/png/ABFWMNTHK1245678_1578638005.png', 'https://czw-netmi.oss-cn-hangzhou.aliyuncs.com/__liemi__/image/png/ABWXZMNTH0234589_1578651896.png', '新能源', '新能源一般是指在新技术基础上加以开发利用的可再生能源', '新能源一般是指在新技术基础上加以开发利用的可再生能源', '<blockquote><p style=\"text-align: left; text-indent: 2em;\">新能源一般是指在新技术基础上加以开发利用的可再生能源，包括太阳能、生物质能、风能、地热能、波浪能、洋流能和潮汐能，以及海洋表面与深层之间的热循环等；此外，还有氢能、沼气、酒精、甲醇等，而已经广泛利用的煤炭、石油、天然气、水能 等能源，称为常规能源。随着常规能源的有限性以及环境问题的日益突出，以环保和可再生为特质的新能源越来越得到各国的重视。</p></blockquote>', '2020-01-09 18:46:51', '2020-01-10 18:25:25'), ('3', 'https://czw-netmi.oss-cn-hangzhou.aliyuncs.com/__liemi__/image/png/FXZMNTK012456789_1578638570.png', 'https://czw-netmi.oss-cn-hangzhou.aliyuncs.com/__liemi__/image/png/WZMNTH0123456789_1578638572.png', '节能环保', '节能环保', '节能环保', '<p>倡导节能环保，用以节约现有能源消耗量，提倡环保型新能源开发，造福社会。包括：</p>', '2020-01-10 14:43:08', '2020-01-10 14:43:39');
COMMIT;

-- ----------------------------
--  Table structure for `honor`
-- ----------------------------
CREATE TABLE `honor` (
  `id` bigint(20) unsigned NOT NULL AUTO_INCREMENT,
  `img_url` varchar(255) NOT NULL,
  `create_time` timestamp NULL DEFAULT NULL COMMENT '创建时间',
  PRIMARY KEY (`id`)
) ENGINE=InnoDB AUTO_INCREMENT=12 DEFAULT CHARSET=utf8mb4 COMMENT='集团荣誉表';

-- ----------------------------
--  Records of `honor`
-- ----------------------------
BEGIN;
INSERT INTO `honor` VALUES ('1', 'https://czw-netmi.oss-cn-hangzhou.aliyuncs.com/__liemi__/image/jpeg/ABFXMNTHK0456789_1578020293.jpeg', '2020-01-03 11:02:03'), ('3', 'https://czw-netmi.oss-cn-hangzhou.aliyuncs.com/__liemi__/image/jpeg/BFWXZMNTHK124789_1578564752.jpg', '2020-01-10 10:09:29'), ('4', 'https://czw-netmi.oss-cn-hangzhou.aliyuncs.com/__liemi__/image/jpeg/BFWXZMNTHK124789_1578564752.jpg', '2020-01-10 15:20:35'), ('5', 'https://czw-netmi.oss-cn-hangzhou.aliyuncs.com/__liemi__/image/jpeg/BFWXZMNTHK124789_1578564752.jpg', '2020-01-10 15:20:53'), ('6', 'https://czw-netmi.oss-cn-hangzhou.aliyuncs.com/__liemi__/image/png/ABFWXZMTHK236789_1578564455.png', '2020-01-10 15:21:33'), ('7', 'https://czw-netmi.oss-cn-hangzhou.aliyuncs.com/__liemi__/image/jpeg/BFWXZMNTHK124789_1578564752.jpg', '2020-01-10 15:22:19'), ('8', 'https://czw-netmi.oss-cn-hangzhou.aliyuncs.com/__liemi__/image/jpeg/ABFWXZMHK1245689_1578562739.jpg', '2020-01-10 15:24:05'), ('10', 'https://czw-netmi.oss-cn-hangzhou.aliyuncs.com/__liemi__/image/png/BFWXZNTHK1236789_1577174677.png', '2020-01-10 15:29:46');
COMMIT;

-- ----------------------------
--  Table structure for `industry_category`
-- ----------------------------
CREATE TABLE `industry_category` (
  `id` bigint(20) unsigned NOT NULL AUTO_INCREMENT COMMENT '行业分类主键',
  `name` varchar(20) DEFAULT NULL COMMENT '分类名',
  `create_time` timestamp NULL DEFAULT NULL COMMENT '创建时间',
  `update_time` timestamp NULL DEFAULT NULL COMMENT '更新时间',
  `is_display` int(10) DEFAULT '0' COMMENT '0显示。1:不显示',
  `sort` int(11) DEFAULT NULL COMMENT '排序',
  `del_flag` int(10) DEFAULT '0' COMMENT '假删除。0:正常，1：删除',
  PRIMARY KEY (`id`) USING BTREE
) ENGINE=InnoDB AUTO_INCREMENT=41 DEFAULT CHARSET=utf8mb4 ROW_FORMAT=DYNAMIC COMMENT='行业分类表';

-- ----------------------------
--  Records of `industry_category`
-- ----------------------------
BEGIN;
INSERT INTO `industry_category` VALUES ('1', '电商购物', '2019-11-05 11:51:05', '2019-12-07 18:55:13', '0', '1', '0'), ('2', '测试分类', null, '2019-11-08 10:01:42', '0', null, '1'), ('3', '测试分类', '2019-11-08 10:01:49', '2019-12-12 21:49:03', '0', '2', '1'), ('4', '全部分类', '2019-11-21 20:25:26', '2019-12-12 21:50:33', '0', null, '1'), ('5', '支付系统', '2019-11-21 20:25:35', '2019-12-12 21:50:59', '0', '3', '0'), ('6', '社交电商', '2019-11-21 20:25:41', '2019-12-12 21:50:46', '0', '2', '0'), ('7', '视频电商', '2019-11-21 20:25:46', '2019-12-12 21:51:05', '0', '4', '0'), ('8', '知识付费', '2019-11-21 20:25:51', '2019-12-12 21:51:11', '0', '5', '0'), ('9', '在线教育', '2019-11-21 20:25:58', '2019-12-12 21:51:17', '0', '6', '0'), ('10', '服装定制', '2019-11-21 20:26:04', '2019-11-21 20:26:04', '0', null, '0'), ('11', '兼职招聘', '2019-11-21 20:26:10', '2019-11-21 20:26:10', '0', null, '0'), ('12', '本地生活', '2019-11-21 20:26:15', '2019-11-21 20:26:15', '0', null, '0'), ('13', '点餐外包', '2019-11-21 20:26:19', '2019-11-21 20:26:19', '0', null, '0'), ('14', '房产中介', '2019-11-21 20:26:24', '2019-11-21 20:26:24', '0', null, '0'), ('15', '分销系统', '2019-11-21 20:26:30', '2019-11-21 20:26:30', '0', null, '0'), ('16', '拼团秒杀', '2019-11-21 20:26:34', '2019-11-21 20:26:34', '0', null, '0'), ('17', '抽奖砍价', '2019-11-21 20:26:38', '2019-11-21 20:26:38', '0', null, '0'), ('18', '汽车出行', '2019-11-21 20:26:42', '2019-11-21 20:26:42', '0', null, '0'), ('19', '系统工具', '2019-11-21 20:26:47', '2019-12-12 21:51:48', '0', '20', '0'), ('20', '技术组件', '2019-11-21 20:26:51', '2019-11-21 20:26:51', '0', null, '0'), ('21', '社群管理', '2019-11-21 20:27:16', '2019-11-21 20:27:16', '0', null, '0'), ('22', '聊天通讯', '2019-11-21 20:27:22', '2019-11-21 20:27:22', '0', null, '0'), ('23', '活码系统', '2019-11-21 20:27:28', '2019-11-21 20:27:28', '0', null, '0'), ('24', '新闻阅读', '2019-11-21 20:27:33', '2019-11-24 15:51:21', '0', null, '1'), ('25', '新闻阅读', '2019-11-21 20:27:33', '2019-11-21 20:27:33', '0', null, '0'), ('26', '旅游住宿', '2019-11-21 20:27:37', '2019-11-21 20:27:37', '0', null, '0'), ('27', '金融理财', '2019-11-21 20:27:42', '2019-11-21 20:27:42', '0', null, '0'), ('28', '便捷生活', '2019-11-21 20:27:46', '2019-11-21 20:27:46', '0', null, '0'), ('29', '运功健康', '2019-11-21 20:27:53', '2019-11-21 20:27:53', '0', null, '0'), ('30', '区块链', '2019-11-21 20:28:09', '2019-11-21 20:28:09', '0', null, '0'), ('31', '大数据', '2019-11-21 20:28:14', '2019-11-21 20:28:14', '0', null, '0'), ('32', '云计算', '2019-11-21 20:28:18', '2019-11-21 20:28:18', '0', null, '0'), ('33', 'AI智能', '2019-11-21 20:28:22', '2019-11-21 20:28:22', '0', null, '0'), ('34', '物联网', '2019-11-21 20:28:27', '2019-11-21 20:28:27', '0', null, '0'), ('35', '其它技术', '2019-11-21 20:28:32', '2019-12-11 11:07:05', '0', '1', '0'), ('36', '计算机软件技术', '2019-12-09 11:22:25', '2019-12-09 19:34:05', '0', '2', '1'), ('37', '计算机硬件技术', '2019-12-09 11:22:42', '2019-12-09 11:29:49', '0', '2', '1'), ('38', '计算机软件技术', '2019-12-09 17:13:05', '2019-12-09 19:33:52', '0', '3', '1'), ('39', '学习教育', '2019-12-18 18:18:58', '2019-12-18 18:19:19', '0', '1', '0'), ('40', '计算机软件技术', '2019-12-19 18:16:40', '2019-12-19 18:16:50', '0', '1', '1');
COMMIT;

-- ----------------------------
--  Table structure for `information`
-- ----------------------------
CREATE TABLE `information` (
  `id` bigint(20) unsigned NOT NULL AUTO_INCREMENT,
  `shop_id` bigint(20) NOT NULL COMMENT '所属商铺',
  `title` varchar(128) NOT NULL COMMENT '主标题',
  `img_url` varchar(256) DEFAULT NULL COMMENT '展示图片',
  `content` text COMMENT '富文本',
  `url` varchar(256) DEFAULT NULL COMMENT '跳转链接',
  `create_time` timestamp NULL DEFAULT CURRENT_TIMESTAMP COMMENT '创建时间',
  `status` tinyint(4) DEFAULT '2' COMMENT '是否显示 1：否 2：是',
  `type` tinyint(4) DEFAULT '1' COMMENT '展示类型 1：富文本 2：链接',
  `sort` int(10) unsigned DEFAULT '0' COMMENT '排序： 值越大越靠前',
  `is_top` tinyint(4) DEFAULT '2' COMMENT '是否置顶  1：否 2：是',
  `comment_num` int(11) unsigned DEFAULT '0' COMMENT '评论数',
  `read_num` int(11) DEFAULT '0' COMMENT '阅读数',
  `support_num` int(11) DEFAULT '0' COMMENT '点赞数',
  `collect_num` int(11) DEFAULT '0' COMMENT '收藏数',
  `thid` int(11) unsigned NOT NULL COMMENT '主题id',
  `thid_low` int(11) unsigned DEFAULT '0' COMMENT '二级分类主键',
  `is_hot` tinyint(4) DEFAULT '1' COMMENT '是否推荐  1：否 2：是',
  `remark` varchar(140) NOT NULL COMMENT '概述',
  `update_time` timestamp NULL DEFAULT NULL,
  `param` varchar(256) DEFAULT NULL COMMENT '富文本展示链接',
  PRIMARY KEY (`id`) USING BTREE,
  KEY `thid` (`thid`) USING BTREE,
  KEY `thid_2` (`thid`) USING BTREE,
  CONSTRAINT `information_ibfk_1` FOREIGN KEY (`thid`) REFERENCES `information_theme` (`id`) ON DELETE CASCADE ON UPDATE NO ACTION
) ENGINE=InnoDB DEFAULT CHARSET=utf8mb4 ROW_FORMAT=DYNAMIC COMMENT='资讯信息表';

-- ----------------------------
--  Table structure for `information_collect`
-- ----------------------------
CREATE TABLE `information_collect` (
  `id` bigint(20) unsigned NOT NULL AUTO_INCREMENT,
  `user_id` bigint(20) DEFAULT '0' COMMENT '用户主键',
  `user_type` tinyint(4) DEFAULT '0' COMMENT '用户类型 1：默认用户 ',
  `inid` bigint(20) unsigned NOT NULL COMMENT '资讯主键',
  `create_time` timestamp NULL DEFAULT CURRENT_TIMESTAMP COMMENT '收藏时间',
  `type` tinyint(4) DEFAULT '1' COMMENT '类型：1：阅读 2：点赞 3：收藏',
  PRIMARY KEY (`id`) USING BTREE,
  KEY `inid` (`inid`) USING BTREE,
  CONSTRAINT `information_collect_ibfk_1` FOREIGN KEY (`inid`) REFERENCES `information` (`id`) ON DELETE CASCADE ON UPDATE NO ACTION
) ENGINE=InnoDB DEFAULT CHARSET=utf8mb4 ROW_FORMAT=DYNAMIC COMMENT='资讯操作信息表';

-- ----------------------------
--  Table structure for `information_commnet`
-- ----------------------------
CREATE TABLE `information_commnet` (
  `id` bigint(20) unsigned NOT NULL AUTO_INCREMENT,
  `user_id` bigint(20) unsigned NOT NULL COMMENT '用户主键',
  `user_type` tinyint(4) DEFAULT '1' COMMENT '用户类型  1： 默认用户',
  `inid` bigint(20) unsigned NOT NULL COMMENT '直播信息id',
  `content` varchar(512) NOT NULL COMMENT '评论内容',
  `imgs` text COMMENT '图片展示信息表',
  `status` tinyint(4) DEFAULT '1' COMMENT '1：显示 -1：删除',
  `create_time` timestamp NULL DEFAULT CURRENT_TIMESTAMP,
  `is_check` tinyint(2) DEFAULT '0' COMMENT '是否审核；0否1是',
  `to_comment_id` bigint(20) unsigned DEFAULT '0' COMMENT '回复给谁的id',
  PRIMARY KEY (`id`) USING BTREE,
  KEY `inid` (`inid`) USING BTREE,
  CONSTRAINT `information_commnet_ibfk_1` FOREIGN KEY (`inid`) REFERENCES `information` (`id`) ON DELETE CASCADE ON UPDATE NO ACTION
) ENGINE=InnoDB DEFAULT CHARSET=utf8mb4 ROW_FORMAT=DYNAMIC COMMENT='直播信息回复表';

-- ----------------------------
--  Table structure for `information_theme`
-- ----------------------------
CREATE TABLE `information_theme` (
  `id` int(11) unsigned NOT NULL AUTO_INCREMENT,
  `img_url` varchar(512) DEFAULT NULL COMMENT '分类图片',
  `name` varchar(64) NOT NULL COMMENT '分类名称',
  `status` tinyint(4) DEFAULT '1' COMMENT '1:显示 -1：删除 ',
  `pid` int(11) unsigned DEFAULT '0' COMMENT '上级主键，无上级则为0 ',
  `create_time` timestamp NULL DEFAULT CURRENT_TIMESTAMP,
  `sort` int(11) DEFAULT '0' COMMENT '排序',
  `update_time` timestamp NULL DEFAULT NULL COMMENT '更新时间',
  PRIMARY KEY (`id`) USING BTREE
) ENGINE=InnoDB DEFAULT CHARSET=utf8mb4 ROW_FORMAT=DYNAMIC COMMENT='资讯主题表';

-- ----------------------------
--  Table structure for `league`
-- ----------------------------
CREATE TABLE `league` (
  `id` bigint(20) unsigned NOT NULL AUTO_INCREMENT,
  `img_url` varchar(225) NOT NULL,
  `link` varchar(225) DEFAULT NULL,
  `create_time` timestamp NULL DEFAULT NULL COMMENT '创建时间',
  PRIMARY KEY (`id`)
) ENGINE=InnoDB AUTO_INCREMENT=19 DEFAULT CHARSET=utf8mb4 COMMENT='集团企业联盟表';

-- ----------------------------
--  Records of `league`
-- ----------------------------
BEGIN;
INSERT INTO `league` VALUES ('8', 'https://czw-netmi.oss-cn-hangzhou.aliyuncs.com/__liemi__/image/png/AFZMNTHK01246789_1578567066.png', '', '2020-01-09 18:51:09'), ('9', 'https://czw-netmi.oss-cn-hangzhou.aliyuncs.com/__liemi__/image/jpeg/BWXZMTHK12345679_1578567079.jpg', '', '2020-01-09 18:51:20'), ('12', 'https://czw-netmi.oss-cn-hangzhou.aliyuncs.com/__liemi__/image/png/BWXZNTH012456789_1578567106.png', '', '2020-01-09 18:51:47'), ('15', 'https://czw-netmi.oss-cn-hangzhou.aliyuncs.com/__liemi__/image/png/ABFWXZMTH0235789_1578907282.png', '', '2020-01-13 17:14:51'), ('16', 'https://czw-netmi.oss-cn-hangzhou.aliyuncs.com/__liemi__/image/png/AFWXZMTH01246789_1578907383.png', '', '2020-01-13 17:23:04'), ('17', 'https://czw-netmi.oss-cn-hangzhou.aliyuncs.com/__liemi__/image/png/AFWXZNHK01245678_1578907456.png', '', '2020-01-13 17:24:17'), ('18', 'https://czw-netmi.oss-cn-hangzhou.aliyuncs.com/__liemi__/image/png/BWXZMNTHK0124678_1578907525.png', '', '2020-01-13 17:25:26');
COMMIT;

-- ----------------------------
--  Table structure for `log`
-- ----------------------------
CREATE TABLE `log` (
  `id` int(4) NOT NULL AUTO_INCREMENT,
  `username` varchar(32) DEFAULT NULL,
  `ip` varchar(64) DEFAULT NULL,
  `data` varchar(64) DEFAULT NULL,
  `create_time` varchar(32) DEFAULT NULL,
  PRIMARY KEY (`id`) USING BTREE
) ENGINE=InnoDB AUTO_INCREMENT=82 DEFAULT CHARSET=utf8 ROW_FORMAT=DYNAMIC COMMENT='后台登陆记录';

-- ----------------------------
--  Records of `log`
-- ----------------------------
BEGIN;
INSERT INTO `log` VALUES ('1', 'admin', '115.205.108.8', '未知', '1576477943'), ('2', 'root', '115.205.108.8', '未知', '1576582844'), ('3', 'admin', '115.205.108.8', '未知', '1576582863'), ('4', 'admin', '115.205.108.8', '未知', '1576584108'), ('5', 'admin', '125.121.69.97', '未知', '1576636239'), ('6', 'root', '127.0.0.1', '未知', '1576653696'), ('7', 'admin', '127.0.0.1', '未知', '1576653706'), ('8', 'admin', '115.200.209.114', '未知', '1576748796'), ('9', 'root', '115.200.209.114', '未知', '1576748846'), ('10', 'admin', '122.233.200.104', '未知', '1576749073'), ('11', 'root', '115.200.209.114', '未知', '1576749641'), ('12', 'root', '115.200.209.114', '未知', '1576749706'), ('13', 'admin', '115.200.209.114', '未知', '1576749881'), ('14', 'root', '115.200.209.114', '未知', '1576750075'), ('15', 'admin', '115.200.209.114', '未知', '1576750141'), ('16', 'admin', '127.0.0.1', '未知', '1576750302'), ('17', 'root', '115.200.209.114', '未知', '1576750412'), ('18', 'admin', '115.200.209.114', '未知', '1576750607'), ('19', 'root', '115.200.209.114', '未知', '1576750619'), ('20', 'admin', '115.200.209.114', '未知', '1576750835'), ('21', 'root', '122.233.200.104', '未知', '1576751692'), ('22', 'admin', '10.0.2.2', '未知', '1576752258'), ('23', 'root', '115.200.209.114', '未知', '1576836471'), ('24', 'root', '122.233.200.104', '未知', '1576924215'), ('25', 'admin', '10.0.2.2', '未知', '1576998892'), ('26', 'root', '115.205.175.68', '未知', '1577006701'), ('27', 'root', '115.200.209.114', '未知', '1577009880'), ('28', 'root', '115.200.209.114', '未知', '1577013449'), ('29', 'admin', '125.119.121.195', '未知', '1577022323'), ('30', 'root', '60.177.84.134', '未知', '1577032664'), ('31', 'admin', '115.196.225.158', '未知', '1577065604'), ('32', 'admin', '115.196.225.158', '未知', '1577089762'), ('33', 'admin', '127.0.0.1', '未知', '1577093353'), ('34', 'admin', '115.196.225.158', '未知', '1577167642'), ('35', 'admin', '127.0.0.1', '未知', '1577170187'), ('36', 'root', '127.0.0.1', '未知', '1577253467'), ('37', 'root', '115.196.225.158', '未知', '1577253503'), ('38', 'root', '115.196.225.158', '未知', '1577253681'), ('39', 'admin', '115.200.218.41', '未知', '1577415386'), ('40', 'root', '115.196.227.3', '未知', '1577688112'), ('41', 'root', '122.233.202.209', '未知', '1577947743'), ('42', 'admin', '10.0.2.2', '未知', '1578241415'), ('43', 'admin', '10.0.2.2', '未知', '1578304461'), ('44', 'admin', '115.200.209.199', '未知', '1578363597'), ('45', 'admin', '115.200.220.238', '未知', '1578368317'), ('46', 'admin', '115.200.209.199', '未知', '1578383876'), ('47', 'admin', '115.200.209.199', '未知', '1578384465'), ('48', 'admin', '115.200.221.190', '未知', '1578473294'), ('49', 'root', '115.200.221.190', '未知', '1578473323'), ('50', 'admin', '115.200.221.190', '未知', '1578474410'), ('51', 'admin', '115.200.221.190', '未知', '1578534507'), ('52', 'root', '115.200.221.190', '未知', '1578536016'), ('53', 'admin', '115.200.221.190', '未知', '1578538807'), ('54', 'admin', '10.0.2.2', '未知', '1578553374'), ('55', 'root', '10.0.2.2', '未知', '1578553396'), ('56', 'root', '115.200.221.190', '未知', '1578553460'), ('57', 'admin', '115.200.221.190', '未知', '1578553549'), ('58', 'root', '122.233.203.155', '未知', '1578561328'), ('59', 'root', '122.233.203.155', '未知', '1578561639'), ('60', 'root', '122.233.203.155', '未知', '1578562429'), ('61', 'admin', '122.233.203.155', '未知', '1578562948'), ('62', '18822222222', '122.233.203.155', '未知', '1578564534'), ('63', '18788888888', '122.233.203.155', '未知', '1578564599'), ('64', 'admin', '10.0.2.2', '未知', '1578566865'), ('65', 'admin', '122.233.203.155', '未知', '1578623519'), ('66', '18822222222', '122.233.203.155', '未知', '1578626771'), ('67', 'admin', '10.0.2.2', '未知', '1578637874'), ('68', 'admin', '10.0.2.2', '未知', '1578639001'), ('69', 'root', '10.0.2.2', '未知', '1578651523'), ('70', 'root', '122.231.111.74', '未知', '1578652221'), ('71', 'root   ', '122.231.111.74', '未知', '1578656540'), ('72', 'root', '122.231.111.74', '未知', '1578657904'), ('73', 'root', '183.157.119.188', '未知', '1578714353'), ('74', 'root', '115.199.197.234', '未知', '1578901969'), ('75', 'admin', '115.200.217.156', '未知', '1578909921'), ('76', 'root', '115.199.197.234', '未知', '1578911659'), ('77', 'admin', '10.0.2.2', '未知', '1578981777'), ('78', 'root', '34.92.72.101', '未知', '1579055335'), ('79', 'root', '115.199.197.234', '未知', '1579058872'), ('80', 'admin', '115.199.197.234', '未知', '1579059222'), ('81', 'root', '115.206.167.127', '未知', '1579242790');
COMMIT;

-- ----------------------------
--  Table structure for `log_backend`
-- ----------------------------
CREATE TABLE `log_backend` (
  `id` int(11) NOT NULL AUTO_INCREMENT COMMENT '日志id',
  `role` varchar(255) DEFAULT NULL COMMENT '角色名称',
  `module` varchar(255) DEFAULT NULL COMMENT '操作模块',
  `text` varchar(255) DEFAULT NULL COMMENT '操作记录',
  `create_time` datetime DEFAULT NULL COMMENT '操作时间',
  PRIMARY KEY (`id`) USING BTREE
) ENGINE=InnoDB DEFAULT CHARSET=utf8mb4 ROW_FORMAT=DYNAMIC;

-- ----------------------------
--  Table structure for `lookup`
-- ----------------------------
CREATE TABLE `lookup` (
  `id` int(11) NOT NULL AUTO_INCREMENT,
  `name` varchar(512) NOT NULL COMMENT '叫什么',
  `code` varchar(512) NOT NULL COMMENT '数字编号',
  `type` varchar(128) NOT NULL COMMENT '英文编码',
  `position` int(11) NOT NULL COMMENT '排序位置',
  PRIMARY KEY (`id`) USING BTREE
) ENGINE=InnoDB AUTO_INCREMENT=405 DEFAULT CHARSET=utf8mb4 ROW_FORMAT=DYNAMIC COMMENT='标注表';

-- ----------------------------
--  Records of `lookup`
-- ----------------------------
BEGIN;
INSERT INTO `lookup` VALUES ('22', '显示', '1', 'SwStatus', '1'), ('23', '不显示', '0', 'SwStatus', '2'), ('24', '系统公告', '1', 'notice_type', '1'), ('25', '暂存', '1', 'send_status', '1'), ('26', '发布', '2', 'send_status', '2'), ('27', '否', '0', 'is-not', '1'), ('28', '是', '1', 'is-not', '2'), ('32', '无点击效果', '1', 'banner-show-type', '1'), ('33', '跳转链接', '2', 'banner-show-type', '2'), ('37', '点击跳转链接', '2', 'notice-link-type', '2'), ('38', '点击跳转富文本', '3', 'notice-link-type', '3'), ('39', '富文本', '1', 'information-type', '1'), ('40', '跳转链接', '2', 'information-type', '2'), ('41', '登录注册用户协', '1', 'content-type', '1'), ('70', '关于我们富文本', '2', 'content-type', '2'), ('73', '待上架', '1', 'item-status', '1'), ('74', '上架待审核 ', '2', 'item-status', '2'), ('75', '已上架', '5', 'item-status', '5'), ('76', '已下架', '7', 'item-status', '7'), ('77', '男', '1', 'sex', '1'), ('78', '女', '2', 'sex', '2'), ('79', '未知', '3', 'sex', '3'), ('82', '处理中', '1', 'custom-status', '1'), ('83', '处理完毕', '2', 'custom-status', '2'), ('84', '匹配失败', '3', 'custom-status', '3'), ('85', '个人', '0', 'receipt_type', '1'), ('86', '企业', '1', 'receipt_type', '2'), ('87', '申请退款', '1', 'refund_status', '1'), ('88', '退款成功', '2', 'refund_status', '2'), ('89', '消费金', '1', 'refund_log_type', '1'), ('90', '支付宝', '2', 'refund_log_type', '2'), ('91', '微信支付', '3', 'refund_log_type', '3'), ('92', '审核中', '1', 'user_auth_type', '1'), ('93', '审核通过', '2', 'user_auth_type', '2'), ('94', '审核失败', '3', 'user_auth_type', '3'), ('95', '审核中', '1', 'com_company_status', '1'), ('96', '审核通过', '2', 'com_company_status', '2'), ('97', '审核失败', '3', 'com_company_status', '3'), ('98', '平台客服', '0575-4047445', 'liemi_intel_tel', '1'), ('99', '平台邮箱', 'test@altoromutual.com', 'liemi_intel_email', '1'), ('101', '跟多图片', 'https://social-shop.oss-cn-hangzhou.aliyuncs.com/__liemi__/default/ABFWXNTHK0134567_1557197365.jpg', 'home-all-img', '1'), ('102', '更多名称', '社交电商', 'home-all-name', '1'), ('103', '未付款', '0', 'order-status', '1'), ('104', '待发货', '1', 'order-status', '2'), ('105', '待收货', '2', 'order-status', '3'), ('106', '待评价', '3', 'order-status', '4'), ('107', '退货申请', '4', 'order-status', '5'), ('108', '交易完成', '5', 'order-status', '6'), ('109', '退款退货', '6', 'order-status', '7'), ('110', '退款完成', '7', 'order-status', '8'), ('111', '取消订单', '8', 'order-status', '9'), ('112', '交易完成', '9', 'order-status', '10'), ('113', '未提醒', '0', 'order-notice-send', '0'), ('114', '已提醒', '1', 'order-notice-send', '1'), ('115', '处理完成', '2', 'order-notice-send', '2'), ('116', '否', '0', 'is-new', '0'), ('117', '是', '1', 'is-new', '1'), ('118', '待处理', '0', 'feedback-status', '0'), ('119', '已处理', '1', 'feedback-status', '1'), ('120', '申请中', '0', 'cash-status', '0'), ('121', '申请通过', '1', 'cash-status', '1'), ('122', '申请拒绝', '2', 'cash-status', '2'), ('123', '提现成功', '3', 'cash-status', '3'), ('124', '审核中', '1', 'auth-type', '1'), ('125', '审核通过', '2', 'auth-type', '2'), ('126', '审核失败', '3', 'auth-type', '3'), ('148', '待上架', '1', 'item-status-shop', '1'), ('149', '上架待审核', '2', 'item-status-shop', '2'), ('150', '已下架', '7', 'item-status-shop', '7'), ('155', '接收发货提醒手机号', '18888888888', 'liemi_remind_tel', '10'), ('159', '卖家拒绝退款', '1', 'refund_types', '1'), ('160', '取消申请', '0', 'refunds', '0'), ('161', '退款申请中', '1', 'refunds', '1'), ('162', '商家已同意退货，待买家处理', '2', 'refunds', '2'), ('163', '已填写物流单号，等待卖家审核', '3', 'refunds', '3'), ('164', '拒绝退款', '4', 'refunds', '4'), ('165', '退款成功', '5', 'refunds', '5'), ('166', '卖家已审核', '1', 'refund_type', '1'), ('167', '卖家拒绝退款', '2', 'refund_type', '2'), ('175', '代付款', '0', 'sku_status', '0'), ('176', '待发货', '1', 'sku_status', '1'), ('177', '待收货', '2', 'sku_status', '2'), ('178', '待评价', '3', 'sku_status', '3'), ('179', '交易取消', '8', 'sku_status', '8'), ('194', '高级推手', '1', 'hand_level', '1'), ('195', '经理', '2', 'hand_level', '2'), ('196', '总裁', '3', 'hand_level', '3'), ('207', '审核通过', '2', 'audit', '2'), ('208', '审核失败', '3', 'audit', '3'), ('209', '客服上班时间', '555-555-5555', 'liemi_intel_work_time', '1'), ('210', '经理礼包', '5', 'item', '5'), ('229', '提现规则说明', '18', 'content-type', '18'), ('248', '商品详情', '1', 'screen-item', '1'), ('251', '代理商礼包', '6', 'item', '6'), ('252', '热门标签', '1545804956', 'shop_id_191', '1'), ('253', '不热门标签', '1545804965', 'shop_id_191', '2'), ('254', '通用满减券', '0', 'coupon_type', '1'), ('285', '官方网站', 'http://liemi.palcomm.com.cn', 'liemi_intel_website', '1'), ('286', '微信公众号', '御膳家品', 'liemi_intel_wechat', '1'), ('288', '是', '1', 'is-vip', '2'), ('289', '否', '0', 'is-vip', '1'), ('290', '是', '1', 'is-buy', '2'), ('291', '否', '0', 'is-buy', '1'), ('292', '首页', '1', 'banner-seat', '1'), ('294', '用户隐私协议', '33', 'content-type', '1'), ('295', '版本号', 'v5.6.0.11', 'liemi_intel_version', '2'), ('296', 'logo图', 'http://liemimofang.oss-cn-hangzhou.aliyuncs.com/__liemi__/default/ABFZMNHK02346789_1550480722.png', 'liemi_intel_logo', '2'), ('297', 'app名称', 'http://liemimofang.oss-cn-hangzhou.aliyuncs.com/__liemi__/image/png/ABWXMNHK12345679_1547448474.png', 'liemi_intel_name', '3'), ('299', '跳商品列表', '3', 'screen-item', '3'), ('300', '跳富文本', '4', 'screen-item', '4'), ('301', '平台智齿客服ID', '467cded5ba1246c3a2719cd9fccfe610', 'sobot_token', '1'), ('302', '是', '1', 'is_agent', '1'), ('303', '否', '2', 'is_agent', '2'), ('319', '自动收货天数', '2', 'auto_confirm', '1'), ('320', '挂单中', '0', 'tree_trade_status', '1'), ('321', '已完成', '1', 'tree_trade_status', '2'), ('322', '已取消', '2', 'tree_trade_status', '3'), ('331', '分销员礼包', '4', 'itemType', '5'), ('332', '待审核', '1', 'cashStatus', '1'), ('333', '审核通过', '2', 'cashStatus', '2'), ('334', '审核失败', '3', 'cashStatus', '3'), ('335', '提现处理中', '4', 'cashStatus', '4'), ('336', '成功到帐', '5', 'cashStatus', '5'), ('337', '提现失败', '6', 'cashStatus', '6'), ('338', '店铺提现手续费比例', '0.2', 'shop_cash_discount', '1'), ('339', 'IOS', '1', 'appVersionType', '1'), ('340', '安卓', '2', 'appVersionType', '2'), ('341', 'H5', '3', 'appVersionType', '3'), ('342', '推荐升级', '1', 'appVersionMode', '1'), ('343', '强制升级', '2', 'appVersionMode', '2'), ('344', '全部', '0', 'appVersionChannel', '1'), ('345', '苹果应用市场', '1', 'appVersionChannel', '2'), ('346', '蒲公英', '2', 'appVersionChannel', '3'), ('347', 'FIR', '3', 'appVersionChannel', '4'), ('348', '立即启动', '1', 'appVersionCondition', '1'), ('349', '手动启动', '2', 'appVersionCondition', '2'), ('350', '定时启动', '3', 'appVersionCondition', '3'), ('351', '店铺适用', '6', 'coupon_kind', '6'), ('357', '图片', '1', 'media_type', '1'), ('358', '语音', '2', 'media_type', '2'), ('359', '视频', '3', 'media_type', '3'), ('360', '图文', '4', 'media_type', '4'), ('361', '缩略图', '5', 'media_type', '5'), ('362', '分销员升级节点', '2', 'hand_trigger', '0'), ('363', 'Gprinter GP-1324D', '1', 'KdApi_print', '1'), ('364', '分销员等级限制', '1', 'hand_team', '0'), ('366', '已启动	', '2', 'appVersionState', '1'), ('367', '未启动', '1', 'appVersionState', '1'), ('373', '1', '0', 'express_conf', '1'), ('374', '按件数', '1', 'express_type', '1'), ('375', '按重量', '2', 'express_type', '2'), ('376', '2', '205', 'express_conf', '1'), ('377', '统一邮费', '1', 'express_template_type', '1'), ('378', '快递模板', '2', 'express_template_type', '2'), ('379', '1', '204', 'express_conf', '1'), ('382', '分销员店铺商品', '1660,1659', 'hand_shop_items', '0'), ('383', '1', '0', 'send_name', '1'), ('389', '2', '0', 'send_out_name', '1'), ('390', '1', '193', 'express_conf', '1'), ('391', '2', '193', 'send_name', '1'), ('392', '1', '193', 'send_out_name', '1'), ('393', '超级管理员,店铺管理员', '1', 'system-noauth-list', '1'), ('395', '新闻动态', '3', 'banner-seat', '3'), ('396', '手续费费率', '0.01', 'service_charge_rate', '0'), ('397', '佣金费率', '0.1', 'commission_rate', '0'), ('398', '官网视频', 'https://czw-netmi.oss-cn-hangzhou.aliyuncs.com/__liemi__/video/mp4/ABFWXZMHK0134568_1578566016.mp4', 'website_video', '0'), ('399', '业务领域', '4', 'banner-seat', '4'), ('400', '企业文化', '5', 'banner-seat', '5'), ('401', '联系我们', '6', 'banner-seat', '6'), ('402', '人员招聘', '7', 'banner-seat', '7'), ('403', '集团概况', '2', 'banner-seat', '2'), ('404', '官网视频封面', 'https://czw-netmi.oss-cn-hangzhou.aliyuncs.com/__liemi__/image/png/AFWXZMTK12345679_1578909680.png', 'website_video_img', '0');
COMMIT;

-- ----------------------------
--  Table structure for `material`
-- ----------------------------
CREATE TABLE `material` (
  `id` int(10) unsigned NOT NULL AUTO_INCREMENT COMMENT '主键id自增',
  `type` varchar(255) DEFAULT NULL,
  `path` varchar(255) NOT NULL DEFAULT '' COMMENT '路径',
  `url` varchar(255) NOT NULL DEFAULT '' COMMENT '图片链接',
  `md5` char(32) DEFAULT '' COMMENT '文件md5',
  `sha1` char(40) DEFAULT '' COMMENT '文件 sha1编码',
  `status` tinyint(2) DEFAULT '1' COMMENT '状态',
  `create_time` timestamp NULL DEFAULT CURRENT_TIMESTAMP COMMENT '创建时间',
  `width` int(11) DEFAULT '0',
  `height` int(11) DEFAULT '0',
  `originalname` varchar(128) DEFAULT NULL COMMENT '上传文件名',
  PRIMARY KEY (`id`) USING BTREE
) ENGINE=InnoDB AUTO_INCREMENT=458 DEFAULT CHARSET=utf8 ROW_FORMAT=DYNAMIC COMMENT='素材库';

-- ----------------------------
--  Records of `material`
-- ----------------------------
BEGIN;
INSERT INTO `material` VALUES ('72', 'application/vnd.openxmlformats-officedocument.wordprocessingml.document', '', 'https://czw-netmi.oss-cn-hangzhou.aliyuncs.com/__liemi__/application/vnd.openxmlformats-officedocument.wordprocessingml.document/ABFWXZMTHK135678_1576661815.docx', '21a93b6874cfc288957b20100e3e2f2a', '3b6a361fdd7c0b0e029301214b746669c5535ceb', '1', '2019-12-18 17:36:55', '0', '0', 'ABFWXZMTHK135678_1576661815.docx'), ('73', 'application/vnd.openxmlformats-officedocument.wordprocessingml.document', '', 'https://czw-netmi.oss-cn-hangzhou.aliyuncs.com/__liemi__/application/vnd.openxmlformats-officedocument.wordprocessingml.document/ABFXZMNHK0135689_1576661890.docx', 'eb64fadc91b9dbc9192f6c8100e50b2f', 'c16784836a830dd3732be33fb7b4ea2f6615705d', '1', '2019-12-18 17:38:10', '0', '0', 'ABFXZMNHK0135689_1576661890.docx'), ('74', 'application/vnd.openxmlformats-officedocument.spreadsheetml.sheet', '', 'https://czw-netmi.oss-cn-hangzhou.aliyuncs.com/__liemi__/application/vnd.openxmlformats-officedocument.spreadsheetml.sheet/ABFWXZMTHK034679_1576662159.xlsx', '5c3472bde295800030e5477bb3ab8d8a', '37ec30e8b786d57c4228df97fb2c42632213ea0f', '1', '2019-12-18 17:42:39', '0', '0', 'ABFWXZMTHK034679_1576662159.xlsx'), ('75', 'image/gif', '', 'https://czw-netmi.oss-cn-hangzhou.aliyuncs.com/__liemi__/image/gif/ABFWXZMNK0145689_1576662163.gif', '3f567dc7e982657a211a2a39104077b2', '82a19a946ac4c6a0ee8596498dcf6961efa13f2d', '1', '2019-12-18 17:42:43', '0', '0', 'ABFWXZMNK0145689_1576662163.gif'), ('76', 'application/x-zip-compressed', '', 'https://czw-netmi.oss-cn-hangzhou.aliyuncs.com/__liemi__/application/x-zip-compressed/BFXNTHK012356789_1576662171.zip', '8d84c3a785d3051c0da8ee945324a9c2', '51d32f64a3732e84dc8e50133cf5c041bc4e3c5f', '1', '2019-12-18 17:43:02', '0', '0', 'BFXNTHK012356789_1576662171.zip'), ('77', 'image/gif', '', 'https://czw-netmi.oss-cn-hangzhou.aliyuncs.com/__liemi__/image/gif/ABFWXZNHK0124679_1576662432.gif', 'df0c286d3f15c7d6b8493d60a80a8151', 'd7e49fa1e4bbea9159822ea18b9087d80fdcd512', '1', '2019-12-18 17:47:12', '0', '0', 'ABFWXZNHK0124679_1576662432.gif'), ('78', 'image/gif', '', 'https://czw-netmi.oss-cn-hangzhou.aliyuncs.com/__liemi__/image/gif/ABFWMHK012346789_1576662573.gif', '486178cfe8a244cc0790cb314f98a2d8', '5b9762b7356b1a30687bb3a8b4c06de097586879', '1', '2019-12-18 17:49:33', '0', '0', 'ABFWMHK012346789_1576662573.gif'), ('79', 'image/png', '', 'https://czw-netmi.oss-cn-hangzhou.aliyuncs.com/__liemi__/image/png/ABFWXZMHK1234789_1576665659.png', '75e0ad110ba7327a3dd9c839003d22f5', 'ab64e37f23958b3b945e11b40c0d23aabd6eab68', '1', '2019-12-18 18:40:59', '0', '0', 'ABFWXZMHK1234789_1576665659.png'), ('80', 'image/png', '', 'https://czw-netmi.oss-cn-hangzhou.aliyuncs.com/__liemi__/image/png/ABFXMHK012356789_1576665710.png', 'a563ebabffa8fe457a50f0854090a2f8', 'a1dc3896fb35cd4e054dc23b67e738d1418dcc5b', '1', '2019-12-18 18:41:50', '0', '0', 'ABFXMHK012356789_1576665710.png'), ('81', 'image/png', '', 'https://czw-netmi.oss-cn-hangzhou.aliyuncs.com/__liemi__/image/png/ABFWXMNHK2356789_1576666908.png', 'c6f87160497c92d0ce9594f2eb193e5c', '99a9348980ff130ec0939164befab8e7fde70b13', '1', '2019-12-18 19:01:48', '0', '0', 'ABFWXMNHK2356789_1576666908.png'), ('82', 'image/jpeg', '', 'https://czw-netmi.oss-cn-hangzhou.aliyuncs.com/__liemi__/image/jpeg/BWZMNTHK12345789_1576723188.jpg', '23fea886e465aa86f33dc163be8ff12a', 'a9eb00070802e7091779625a53fa7b02a57df4a8', '1', '2019-12-19 10:40:06', '0', '0', 'BWZMNTHK12345789_1576723188.jpg'), ('83', 'image/jpeg', '', 'https://czw-netmi.oss-cn-hangzhou.aliyuncs.com/__liemi__/image/jpeg/ABFXNTHK12456789_1576724783.jpg', 'badd2efeea303e0b16fefb2e54e078ab', 'bab4ac46392d1b4094b025fb32bfe8eb599dcfe6', '1', '2019-12-19 11:06:23', '0', '0', 'ABFXNTHK12456789_1576724783.jpg'), ('84', 'image/png', '', 'https://czw-netmi.oss-cn-hangzhou.aliyuncs.com/__liemi__/image/png/ABWXZMNHK1235678_1576731942.png', '4fb86183c041a74307af7d1fd7dc0130', '233f992a820c955077e8e6f9ae5fc27f4e824ece', '1', '2019-12-19 13:05:42', '0', '0', 'ABWXZMNHK1235678_1576731942.png'), ('85', 'image/png', '', 'https://czw-netmi.oss-cn-hangzhou.aliyuncs.com/__liemi__/image/png/BWZNTHK013456789_1576733242.png', '23f1fd0d5830d31fe13f78fba935cff0', 'a9bf5fdb5fea718b3adba9e34ad8bb276a0496be', '1', '2019-12-19 13:27:22', '0', '0', 'BWZNTHK013456789_1576733242.png'), ('86', 'video/mp4', '', 'https://czw-netmi.oss-cn-hangzhou.aliyuncs.com/__liemi__/video/mp4/BFWXZMNTK0123578_1576733291.mp4', 'ae72d18c80a777d6447b771b33971b5e', 'fe023b8ed2956266e7c18cc648f5d05555f5f4f4', '1', '2019-12-19 13:28:12', '0', '0', 'BFWXZMNTK0123578_1576733291.mp4'), ('87', 'image/png', '', 'https://czw-netmi.oss-cn-hangzhou.aliyuncs.com/__liemi__/image/png/BFWXMHK012345678_1576740291.png', '958268a4217224db910a23e3700c56ff', 'c4f92ecd9a0cce27dca22bce4b4d49fcf704282b', '1', '2019-12-19 15:24:51', '0', '0', 'BFWXMHK012345678_1576740291.png'), ('88', 'image/png', '', 'https://czw-netmi.oss-cn-hangzhou.aliyuncs.com/__liemi__/image/png/ABZMNTHK02345679_1576740417.png', '69aee17776c310bf673d63936346666b', 'd429e23b91449f16d53b0f80d5b46a6ba217ebf1', '1', '2019-12-19 15:26:57', '0', '0', 'ABZMNTHK02345679_1576740417.png'), ('89', 'image/png', '', 'https://czw-netmi.oss-cn-hangzhou.aliyuncs.com/__liemi__/image/png/BFWXZMNT01256789_1576740427.png', 'd07105f60587d17cf0cc6fb0f650c2e5', 'e37211191bf42f3a6baed7f41cb9923be2d2cd48', '1', '2019-12-19 15:27:07', '0', '0', 'BFWXZMNT01256789_1576740427.png'), ('90', 'image/png', '', 'https://czw-netmi.oss-cn-hangzhou.aliyuncs.com/__liemi__/image/png/ABFWXMTK01234679_1576741255.png', '0412364190af4008fd8cfa19d7e938c9', 'bcb4a25eb4dc4f26b00a9be2c8625831bf213346', '1', '2019-12-19 15:40:55', '0', '0', 'ABFWXMTK01234679_1576741255.png'), ('91', 'image/jpeg', '', 'https://czw-netmi.oss-cn-hangzhou.aliyuncs.com/__liemi__/image/jpeg/BWXZMNTHK0124567_1576741504.jpg', '42714a66e0144f87d5fb631ae16af1a0', '5d48964c04a054c3eb219144d1530a52d6e55ddf', '1', '2019-12-19 15:45:04', '0', '0', 'BWXZMNTHK0124567_1576741504.jpg'), ('92', 'image/png', '', 'https://czw-netmi.oss-cn-hangzhou.aliyuncs.com/__liemi__/image/png/ABFWXZMNHK124689_1576741524.png', 'a7e6e71e1ce59e803f0f5a05af7db140', '4c5b5740944246c9c8420d35b82260e1da953c12', '1', '2019-12-19 15:45:24', '0', '0', 'ABFWXZMNHK124689_1576741524.png'), ('93', 'image/png', '', 'https://czw-netmi.oss-cn-hangzhou.aliyuncs.com/__liemi__/image/png/ABFXZMNHK0456789_1576741679.png', 'a65f89b3436304d69022fd4c1dad2185', 'b3748d0891dd607edfed4ad4c61c72abbb78ca59', '1', '2019-12-19 15:48:00', '0', '0', 'ABFXZMNHK0456789_1576741679.png'), ('94', 'image/png', '', 'https://czw-netmi.oss-cn-hangzhou.aliyuncs.com/__liemi__/image/png/ABWXZMNHK1245789_1576741906.png', '7e0b98bdbef93cf296f2ddb90093c4fe', '6d8956525aa3bd8bd15a20ef4a10f37b4fa46e88', '1', '2019-12-19 15:51:46', '0', '0', 'ABWXZMNHK1245789_1576741906.png'), ('95', 'image/png', '', 'https://czw-netmi.oss-cn-hangzhou.aliyuncs.com/__liemi__/image/png/AFXZMNHK12356789_1576743122.png', 'ba5d38b5e3b3c68d2bfc61665eee858a', 'f44a11b966ec9adf97efc460d1e5363ff86282d3', '1', '2019-12-19 16:12:02', '0', '0', 'AFXZMNHK12356789_1576743122.png'), ('96', 'image/png', '', 'https://czw-netmi.oss-cn-hangzhou.aliyuncs.com/__liemi__/image/png/ABFWNTHK23456789_1576743286.png', '8b4dc57e507bff6ede412b8d37199890', 'd38685b5cff7cfbf6a9befcb0ee84b2f55f55ade', '1', '2019-12-19 16:14:47', '0', '0', 'ABFWNTHK23456789_1576743286.png'), ('97', 'image/png', '', 'https://czw-netmi.oss-cn-hangzhou.aliyuncs.com/__liemi__/image/png/BWXZMNTHK0236789_1576743311.png', '9916d2e59bc248783d181582fcb03a11', '041a344b71b6bdaed242bef262f9b3f17431beaa', '1', '2019-12-19 16:15:11', '0', '0', 'BWXZMNTHK0236789_1576743311.png'), ('98', 'image/png', '', 'https://czw-netmi.oss-cn-hangzhou.aliyuncs.com/__liemi__/image/png/AFXZMNTHK0135679_1576743312.png', '8c2941878154d2650ae3ccdcfe96e6f7', 'd7a4cbdb2ec93d461f8d374a32793c1e66d07dde', '1', '2019-12-19 16:15:12', '0', '0', 'AFXZMNTHK0135679_1576743312.png'), ('99', 'image/png', '', 'https://czw-netmi.oss-cn-hangzhou.aliyuncs.com/__liemi__/image/png/ABFWXNTHK1236789_1576747249.png', '4b0cf2fd6dee55e40ef234c24ceb84ab', '5990ee2ca123737638324dc6885741f8a9a4182a', '1', '2019-12-19 17:20:49', '0', '0', 'ABFWXNTHK1236789_1576747249.png'), ('100', 'image/png', '', 'https://czw-netmi.oss-cn-hangzhou.aliyuncs.com/__liemi__/image/png/AFXZMHK012345789_1576747251.png', '44d4cea5f59717272bca5446f81f9dc1', '308fa33deae5f4f32f8562e8dfa0c1cc2455fb4b', '1', '2019-12-19 17:20:51', '0', '0', 'AFXZMHK012345789_1576747251.png'), ('101', 'application/vnd.openxmlformats-officedocument.spreadsheetml.sheet', '', 'https://czw-netmi.oss-cn-hangzhou.aliyuncs.com/__liemi__/application/vnd.openxmlformats-officedocument.spreadsheetml.sheet/BFWXZMTHK1234679_1576747491.xlsx', '1753c77046e1c186a1349cd45b565e48', '4eaba8838efa3fc94c8ffa7f13c1c88e65b4b7e7', '1', '2019-12-19 17:24:52', '0', '0', 'BFWXZMTHK1234679_1576747491.xlsx'), ('102', 'image/png', '', 'https://czw-netmi.oss-cn-hangzhou.aliyuncs.com/__liemi__/image/png/ABWXZNTHK0234678_1576748688.png', '11ca3a0f4d6f8bcb82a4341d1bf8f38c', 'c972de0eb91a88402e222e70fdd26f8d3491e0f2', '1', '2019-12-19 17:44:48', '0', '0', 'ABWXZNTHK0234678_1576748688.png'), ('103', 'image/jpeg', '', 'https://czw-netmi.oss-cn-hangzhou.aliyuncs.com/__liemi__/image/jpeg/ABFWZNTHK0346789_1576749034.jpg', '4c6cd78700f9e282f8ea022c8ed82a5a', '02cbcd27904728c0d28f16d66f44fbef5e01969b', '1', '2019-12-19 17:50:34', '0', '0', 'ABFWZNTHK0346789_1576749034.jpg'), ('104', 'image/jpeg', '', 'https://czw-netmi.oss-cn-hangzhou.aliyuncs.com/__liemi__/image/jpeg/ABFWZMNH13456789_1576749043.jpg', '76c15c77e557a09ae12b99bc979fb61a', '273095e5688d21f6487849d8c443dadfcf6604de', '1', '2019-12-19 17:50:43', '0', '0', 'ABFWZMNH13456789_1576749043.jpg'), ('105', 'image/jpeg', '', 'https://czw-netmi.oss-cn-hangzhou.aliyuncs.com/__liemi__/image/jpeg/AFWZMNHK12346789_1576749542.jpg', '009c319b9b7dd961e668f5326de68e4e', '30d80eba2bab22fe6e5cb5dea2f92fc1d766065e', '1', '2019-12-19 17:59:03', '0', '0', 'AFWZMNHK12346789_1576749542.jpg'), ('106', 'image/jpeg', '', 'https://czw-netmi.oss-cn-hangzhou.aliyuncs.com/__liemi__/image/jpeg/BFWZMNTHK1256789_1576749586.jpeg', '69d42910fb1a4d2b0d343f6ac099ec43', '2599598f42cbe656274e76cc3e5f092f20b7a0a7', '1', '2019-12-19 17:59:46', '0', '0', 'BFWZMNTHK1256789_1576749586.jpeg'), ('107', 'image/png', '', 'https://czw-netmi.oss-cn-hangzhou.aliyuncs.com/__liemi__/image/png/ABFXZMNTHK023567_1576750286.png', 'cb343e7805db150722a3416002d363c5', '738df985f1d7b0578ffd74a0e793f78f79c5a365', '1', '2019-12-19 18:11:26', '0', '0', 'ABFXZMNTHK023567_1576750286.png'), ('108', 'image/png', '', 'https://czw-netmi.oss-cn-hangzhou.aliyuncs.com/__liemi__/image/png/ABFWXZMTK0235678_1576750287.png', 'ef9f2c0ea4064c789fb5d7717faff9c0', '4cb7fe4a56a50aa72dd36e38471edb21e454e1da', '1', '2019-12-19 18:11:27', '0', '0', 'ABFWXZMTK0235678_1576750287.png'), ('109', 'image/jpeg', '', 'https://czw-netmi.oss-cn-hangzhou.aliyuncs.com/__liemi__/image/jpeg/ABFWXZT012345679_1576751525.jpg', 'a86f3e7e886af300a51ccbf9c453bf96', '17dbe87a816da2888adc9976a1d44e718b1d2586', '1', '2019-12-19 18:32:05', '0', '0', 'ABFWXZT012345679_1576751525.jpg'), ('110', 'image/jpeg', '', 'https://czw-netmi.oss-cn-hangzhou.aliyuncs.com/__liemi__/image/jpeg/ABFWZNH123456789_1576751561.jpg', 'a324f0f6bc4daf877c813e1047e4593e', '4d639a4875bfa54575dec73f8dfdf1fdd0e1b3c0', '1', '2019-12-19 18:32:41', '0', '0', 'ABFWZNH123456789_1576751561.jpg'), ('111', 'image/png', '', 'https://czw-netmi.oss-cn-hangzhou.aliyuncs.com/__liemi__/image/png/ABFXMTHK01245789_1576755302.png', 'bdb4efe096db79531649cf43676305f6', 'f51cb8f2eaa780eda9801a54e00a418b156c5cc2', '1', '2019-12-19 19:35:02', '0', '0', 'ABFXMTHK01245789_1576755302.png'), ('112', 'image/png', '', 'https://czw-netmi.oss-cn-hangzhou.aliyuncs.com/__liemi__/image/png/ABFWXNTHK0145789_1576757983.png', 'eab6b0c7f019c4c60e8e2b6a4a9b5b32', '080c1c6080a7bcbdea3b6e19548f050982114fcf', '1', '2019-12-19 20:19:44', '0', '0', 'ABFWXNTHK0145789_1576757983.png'), ('113', 'image/jpeg', '', 'https://czw-netmi.oss-cn-hangzhou.aliyuncs.com/__liemi__/image/jpeg/BWXZMNTHK0124578_1576820703.jpg', 'bf9d0939df1039e2893b1004d5a169d7', 'e012def764f0cb584f1db46387d3c7d917277b41', '1', '2019-12-20 13:45:03', '0', '0', 'BWXZMNTHK0124578_1576820703.jpg'), ('114', 'image/jpeg', '', 'https://czw-netmi.oss-cn-hangzhou.aliyuncs.com/__liemi__/image/jpeg/BWXZMNTK01235689_1576821415.jpg', 'd6460bbea87ad3513c2de730a63274f0', 'a198b55742a867059880c3e8a7b27e876583fd08', '1', '2019-12-20 13:56:55', '0', '0', 'BWXZMNTK01235689_1576821415.jpg'), ('115', 'image/jpeg', '', 'https://czw-netmi.oss-cn-hangzhou.aliyuncs.com/__liemi__/image/jpeg/ABWXMNTHK0123489_1576821428.jpg', '07bd05360f711dfe49245178c7c271f5', 'd8c13ebcc401247af1284151879dc90425e6f755', '1', '2019-12-20 13:57:09', '0', '0', 'ABWXMNTHK0123489_1576821428.jpg'), ('116', 'image/png', '', 'https://czw-netmi.oss-cn-hangzhou.aliyuncs.com/__liemi__/image/png/BFWXZNHK01245678_1576823801.png', 'c21c753c7c68201ef0d92b9d27f59fde', 'cf4fe078ba48cb3975b6d64735ae8c26e74d62ee', '1', '2019-12-20 14:36:41', '0', '0', 'BFWXZNHK01245678_1576823801.png'), ('117', 'image/jpeg', '', 'https://czw-netmi.oss-cn-hangzhou.aliyuncs.com/__liemi__/image/jpeg/ABFWXMNTHK145679_1576827009.jpg', '2a6babd7b8c047401e0b9aa1ad2c12c9', '513bad8c4935c1d27bcf018aea5dc7fd34cf7a7c', '1', '2019-12-20 15:30:09', '0', '0', 'ABFWXMNTHK145679_1576827009.jpg'), ('118', 'image/jpeg', '', 'https://czw-netmi.oss-cn-hangzhou.aliyuncs.com/__liemi__/image/jpeg/ABFWZMNTHK012458_1576827016.jpg', '73c85779e3af949c2c2b08aaabccd4b2', 'bed484c9c5ad64c3c34386ff0d41cd8c1a8fbf37', '1', '2019-12-20 15:30:16', '0', '0', 'ABFWZMNTHK012458_1576827016.jpg'), ('119', 'image/jpeg', '', 'https://czw-netmi.oss-cn-hangzhou.aliyuncs.com/__liemi__/image/jpeg/ABFXZMNTH0124568_1576827380.jpg', 'dd1cc393db6ecddf03a4e679d3a89670', 'af5696604703b4e5fcc2ac67554a734a8e429841', '1', '2019-12-20 15:36:20', '0', '0', 'ABFXZMNTH0124568_1576827380.jpg'), ('120', 'image/jpeg', '', 'https://czw-netmi.oss-cn-hangzhou.aliyuncs.com/__liemi__/image/jpeg/ABFWXZNTH3456789_1576827636.jpg', 'e4f01899f00146abbc6a82246b33dc2f', '1f711881777083385705d0874477467e34797ca8', '1', '2019-12-20 15:40:37', '0', '0', 'ABFWXZNTH3456789_1576827636.jpg'), ('121', 'image/jpeg', '', 'https://czw-netmi.oss-cn-hangzhou.aliyuncs.com/__liemi__/image/jpeg/ABXZMNTH01356789_1576828582.jpg', '03f982267699aa0bf18a528d3c546380', 'c1dcf177b9cbcd05ebeb33193b359c95e20dccd9', '1', '2019-12-20 15:56:22', '0', '0', 'ABXZMNTH01356789_1576828582.jpg'), ('122', 'application/vnd.openxmlformats-officedocument.spreadsheetml.sheet', '', 'https://czw-netmi.oss-cn-hangzhou.aliyuncs.com/__liemi__/application/vnd.openxmlformats-officedocument.spreadsheetml.sheet/AFXZTHK012345679_1576829424.xlsx', 'c4d5af115c16d8dbd3fb2eafef64387f', '610fb134dfe800fea0aa0aaf7c18d5f70ac5b683', '1', '2019-12-20 16:10:24', '0', '0', 'AFXZTHK012345679_1576829424.xlsx'), ('123', 'image/jpeg', '', 'https://czw-netmi.oss-cn-hangzhou.aliyuncs.com/__liemi__/image/jpeg/AFXZMNTHK0234568_1576830234.jpg', 'a4df1046db6e9286112ddef46a3d9599', '492692d9aa4c43f5da906ec3b9d1f6f9588ccb7a', '1', '2019-12-20 16:23:54', '0', '0', 'AFXZMNTHK0234568_1576830234.jpg'), ('124', 'image/png', '', 'https://czw-netmi.oss-cn-hangzhou.aliyuncs.com/__liemi__/image/png/BFWNTHK012356789_1576830644.png', '5115902efc81195bf012ab8f7db38e25', '8ded9b1fbe7e65d28cc0d8c834500a6d6e1cd673', '1', '2019-12-20 16:30:44', '0', '0', 'BFWNTHK012356789_1576830644.png'), ('125', 'image/jpeg', '', 'https://czw-netmi.oss-cn-hangzhou.aliyuncs.com/__liemi__/image/jpeg/ABFWXZNHK0123459_1576834684.jpg', '7447353f7937d0bdeb418c8a1e24462c', '5c06551ded773eb8566407f92a4354492dcd816e', '1', '2019-12-20 17:38:04', '0', '0', 'ABFWXZNHK0123459_1576834684.jpg'), ('126', 'image/jpeg', '', 'https://czw-netmi.oss-cn-hangzhou.aliyuncs.com/__liemi__/image/jpeg/AWXZNTHK02346789_1576834695.jpg', '3f06d38bb97c611b3bd6f4b23bb75528', 'bb0a458fd5eadc981f0f75b14a7548f36d52f7ab', '1', '2019-12-20 17:38:15', '0', '0', 'AWXZNTHK02346789_1576834695.jpg'), ('127', 'application/vnd.openxmlformats-officedocument.spreadsheetml.sheet', '', 'https://czw-netmi.oss-cn-hangzhou.aliyuncs.com/__liemi__/application/vnd.openxmlformats-officedocument.spreadsheetml.sheet/ABFWZMNTHK123678_1576835454.xlsx', 'bb55a195f6d90e175ff460dd665afc9a', 'dadda7b01f72c67672cee3653ad463e22a8c1952', '1', '2019-12-20 17:50:54', '0', '0', 'ABFWZMNTHK123678_1576835454.xlsx'), ('128', 'application/vnd.openxmlformats-officedocument.spreadsheetml.sheet', '', 'https://czw-netmi.oss-cn-hangzhou.aliyuncs.com/__liemi__/application/vnd.openxmlformats-officedocument.spreadsheetml.sheet/BFWXZMNK01234578_1576835706.xlsx', 'baea38136ee231b774e13ad548419f2e', '8b2ec983a64ccd602ef0c76b19303e0aa89579b3', '1', '2019-12-20 17:55:06', '0', '0', 'BFWXZMNK01234578_1576835706.xlsx'), ('129', 'image/jpeg', '', 'https://czw-netmi.oss-cn-hangzhou.aliyuncs.com/__liemi__/image/jpeg/FWXZMNHK01245789_1576836044.jpeg', 'fbf92f6b09f605c45214a4e088399c70', '64a50eaac60370cb62d35953d265c924e97b9881', '1', '2019-12-20 18:00:45', '0', '0', 'FWXZMNHK01245789_1576836044.jpeg'), ('130', 'image/jpeg', '', 'https://czw-netmi.oss-cn-hangzhou.aliyuncs.com/__liemi__/image/jpeg/BFZMNTHK01245689_1576836078.jpg', '08f3d18152667a59da16cb1c2e3b73c2', 'ed8038748954797209d8199ebf5e37040c898159', '1', '2019-12-20 18:01:18', '0', '0', 'BFZMNTHK01245689_1576836078.jpg'), ('131', 'image/png', '', 'https://czw-netmi.oss-cn-hangzhou.aliyuncs.com/__liemi__/image/png/ABFWXMHK02346789_1576839473.png', '2ebb2c5a5286d4cc53b08b50d33c902d', 'd43bf2756eb04bafde7fd7bc5a0da461029eaf2b', '1', '2019-12-20 18:57:53', '0', '0', 'ABFWXMHK02346789_1576839473.png'), ('132', 'image/png', '', 'https://czw-netmi.oss-cn-hangzhou.aliyuncs.com/__liemi__/image/png/ABFWZMNTH0134679_1576839507.png', 'ef37b307a547c2df279ee015e021159a', '7f2f77feb0b3e745276ab9ce55c902f45653c090', '1', '2019-12-20 18:58:27', '0', '0', 'ABFWZMNTH0134679_1576839507.png'), ('133', 'image/png', '', 'https://czw-netmi.oss-cn-hangzhou.aliyuncs.com/__liemi__/image/png/ABWZMNTHK1234569_1576841342.png', 'e606b1c09a582553e4bf412ad64c03cb', '0c53817ec8330c8717992740ac6ee7101a23d657', '1', '2019-12-20 19:29:02', '0', '0', 'ABWZMNTHK1234569_1576841342.png'), ('134', 'image/png', '', 'https://czw-netmi.oss-cn-hangzhou.aliyuncs.com/__liemi__/image/png/ABFWXZMNTHK24578_1576841342.png', 'd59785b9e4c7eb65611904a278031c99', '8216e15289581311beb21dce427a98640b64abf1', '1', '2019-12-20 19:29:02', '0', '0', 'ABFWXZMNTHK24578_1576841342.png'), ('135', 'image/png', '', 'https://czw-netmi.oss-cn-hangzhou.aliyuncs.com/__liemi__/image/png/WXZNTHK023456789_1576841344.png', '2ce2d1a25009bb5751c98c22008d0b35', '753bc0c24d09fb528da39397b6357ca696e112b7', '1', '2019-12-20 19:29:04', '0', '0', 'WXZNTHK023456789_1576841344.png'), ('136', 'image/png', '', 'https://czw-netmi.oss-cn-hangzhou.aliyuncs.com/__liemi__/image/png/FWZMNTHK01234689_1576841344.png', 'c956fc141fd105c1662960994b0a7175', 'c70a8ce6b7f4662896fa88ad5799f8338038882b', '1', '2019-12-20 19:29:04', '0', '0', 'FWZMNTHK01234689_1576841344.png'), ('137', 'image/png', '', 'https://czw-netmi.oss-cn-hangzhou.aliyuncs.com/__liemi__/image/png/ABFWZMNTH0234579_1576841345.png', '831e0abe35918f506495b7b1f0d44f75', 'c37f16613aa2286100cea7ba04c008cc552cda03', '1', '2019-12-20 19:29:05', '0', '0', 'ABFWZMNTH0234579_1576841345.png'), ('138', 'image/png', '', 'https://czw-netmi.oss-cn-hangzhou.aliyuncs.com/__liemi__/image/png/ABZMNTK012345678_1576841349.png', '10083a8993f879e273a7ae2e80d9875f', 'a523d4b1b724c8ff51010f6e5ec10e9517a6c4a3', '1', '2019-12-20 19:29:09', '0', '0', 'ABZMNTK012345678_1576841349.png'), ('139', 'image/png', '', 'https://czw-netmi.oss-cn-hangzhou.aliyuncs.com/__liemi__/image/png/ABFWXZMNHK012356_1576841629.png', '5d06a03983a1cddc1268e7c9715c8182', '42c3866bd96c60ff78f728318273528b56202e31', '1', '2019-12-20 19:33:49', '0', '0', 'ABFWXZMNHK012356_1576841629.png'), ('140', 'image/png', '', 'https://czw-netmi.oss-cn-hangzhou.aliyuncs.com/__liemi__/image/png/AFWXNTHK01236789_1576841954.png', 'd7c1b076ec4bed436e3c5d1cb3cb588d', 'e714311f040457c3824b20493c8a1ad519dd95f0', '1', '2019-12-20 19:39:15', '0', '0', 'AFWXNTHK01236789_1576841954.png'), ('141', 'image/png', '', 'https://czw-netmi.oss-cn-hangzhou.aliyuncs.com/__liemi__/image/png/ABWXZMNTH0124567_1576841958.png', '4914e0abcd2f6b2543bfee09eac4709d', 'cabe115847607f80ed3569091e124754b95c6605', '1', '2019-12-20 19:39:18', '0', '0', 'ABWXZMNTH0124567_1576841958.png'), ('142', 'image/png', '', 'https://czw-netmi.oss-cn-hangzhou.aliyuncs.com/__liemi__/image/png/AFWXMNTHK1235678_1576842123.png', '84da335e6197c3181f8c21d14203e0e6', '6c0a219e940579c4f5b519cc4df95debd3d4eae2', '1', '2019-12-20 19:42:03', '0', '0', 'AFWXMNTHK1235678_1576842123.png'), ('143', 'image/png', '', 'https://czw-netmi.oss-cn-hangzhou.aliyuncs.com/__liemi__/image/png/ABFXZMNHK0123469_1576858556.png', '70cd97d48a3f2e8541e9a856391a8b5b', '3f57b249861a8be8845636aecc1ba8a8cc91f888', '1', '2019-12-21 00:15:56', '0', '0', 'ABFXZMNHK0123469_1576858556.png'), ('144', 'image/png', '', 'https://czw-netmi.oss-cn-hangzhou.aliyuncs.com/__liemi__/image/png/AFWZMNTHK1456789_1576914710.png', '3408dd3a010f8834f0c544e33718932e', 'a87666a5f9d4b9c64ccc3cbfac756996c162c425', '1', '2019-12-21 15:51:50', '0', '0', 'AFWZMNTHK1456789_1576914710.png'), ('145', 'image/png', '', 'https://czw-netmi.oss-cn-hangzhou.aliyuncs.com/__liemi__/image/png/AFWZNTHK12456789_1576914740.png', '70d6bb745e23bc4f3a4539835a181ee2', '1d88f7044550c1ca5c23221f3df2baee5045da51', '1', '2019-12-21 15:52:20', '0', '0', 'AFWZNTHK12456789_1576914740.png'), ('146', 'image/png', '', 'https://czw-netmi.oss-cn-hangzhou.aliyuncs.com/__liemi__/image/png/BFWXMNTHK0123567_1576914902.png', '40a6930a2956008f36eb322f505665b4', 'c63020e326463e3d939c71053f8fc66e395554a3', '1', '2019-12-21 15:55:02', '0', '0', 'BFWXMNTHK0123567_1576914902.png'), ('147', 'image/gif', '', 'https://czw-netmi.oss-cn-hangzhou.aliyuncs.com/__liemi__/image/gif/ABFWXZNH12345678_1576915078.gif', 'a6b93a5bf76d923d3aac5bcc4d27de24', 'd4813216ba8235542a1f0d0e5d23cc24555fdf86', '1', '2019-12-21 15:58:00', '0', '0', 'ABFWXZNH12345678_1576915078.gif'), ('148', 'video/mp4', '', 'https://czw-netmi.oss-cn-hangzhou.aliyuncs.com/__liemi__/video/mp4/BFWXMNHK12345678_1576915046.mp4', 'c616b7ed831cf3644fa870d246642418', '359162223c230c45410e71cac8ed19e67a458e69', '1', '2019-12-21 16:06:52', '0', '0', 'BFWXMNHK12345678_1576915046.mp4'), ('149', 'video/mp4', '', 'https://czw-netmi.oss-cn-hangzhou.aliyuncs.com/__liemi__/video/mp4/AXZMNTH012346789_1576915292.mp4', 'c616b7ed831cf3644fa870d246642418', '359162223c230c45410e71cac8ed19e67a458e69', '1', '2019-12-21 16:11:06', '0', '0', 'AXZMNTH012346789_1576915292.mp4'), ('150', 'image/jpeg', '', 'https://czw-netmi.oss-cn-hangzhou.aliyuncs.com/__liemi__/image/jpeg/AFXZMNTHK0123568_1576916268.jpeg', '53aba95f8c010d0187c19021c5daa3d8', '5ca96f0d0b03e4b6f49e4a2523965e9e7bd607dc', '1', '2019-12-21 16:17:48', '0', '0', 'AFXZMNTHK0123568_1576916268.jpeg'), ('151', 'image/jpeg', '', 'https://czw-netmi.oss-cn-hangzhou.aliyuncs.com/__liemi__/image/jpeg/ABFWZMTH02356789_1576916440.jpeg', 'ae391ce09accef44e0b072433a8eaf81', '5f8c88cb27597bd257e9326e31a67403a99c8651', '1', '2019-12-21 16:20:40', '0', '0', 'ABFWZMTH02356789_1576916440.jpeg'), ('152', 'image/jpeg', '', 'https://czw-netmi.oss-cn-hangzhou.aliyuncs.com/__liemi__/image/jpeg/ABFWXZNTH0123579_1576917541.jpg', 'c5830b2c01852819ef319e5b7b66176a', '1a3e2c79cc34204798d407045d9732af28136087', '1', '2019-12-21 16:39:01', '0', '0', 'ABFWXZNTH0123579_1576917541.jpg'), ('153', 'image/jpeg', '', 'https://czw-netmi.oss-cn-hangzhou.aliyuncs.com/__liemi__/image/jpeg/AFWZMNTK01345679_1576917609.jpeg', 'e19f8cd7d609843fdebb81c981b8a5dd', 'c1181a4331ae92bffc5141484e4a5441a98c1352', '1', '2019-12-21 16:40:12', '0', '0', 'AFWZMNTK01345679_1576917609.jpeg'), ('154', 'image/jpeg', '', 'https://czw-netmi.oss-cn-hangzhou.aliyuncs.com/__liemi__/image/jpeg/FWXZMNT023456789_1576917635.jpeg', '9c3aa3160c0a6718fcb2262c971892f5', 'eefb478a4a2510afe34161ee25e803fa9447c288', '1', '2019-12-21 16:40:39', '0', '0', 'FWXZMNT023456789_1576917635.jpeg'), ('155', 'image/png', '', 'https://czw-netmi.oss-cn-hangzhou.aliyuncs.com/__liemi__/image/png/ABWXZNHK02345789_1576917907.png', 'cac9f5bd9d127cdc37bebface9f88bb9', '0ff587940c36a7301ad2a7a0c1fff182568f3e96', '1', '2019-12-21 16:45:07', '0', '0', 'ABWXZNHK02345789_1576917907.png'), ('156', 'application/vnd.openxmlformats-officedocument.wordprocessingml.document', '', 'https://czw-netmi.oss-cn-hangzhou.aliyuncs.com/__liemi__/application/vnd.openxmlformats-officedocument.wordprocessingml.document/AFWXZMNTHK023458_1576918369.docx', '24db94fe8ef31e9ba8c35c38d5b034a3', '94ac26ae9a61cba4fa6ce170e93b3c4c91f48f66', '1', '2019-12-21 16:52:49', '0', '0', 'AFWXZMNTHK023458_1576918369.docx'), ('157', 'image/png', '', 'https://czw-netmi.oss-cn-hangzhou.aliyuncs.com/__liemi__/image/png/ABFWXMTHK1456789_1576919946.png', '52313133aeb9eb38bd777e607fe32a53', 'ca3fb8dd84f4ba1a7b63ef55d3fd6f980b13fe44', '1', '2019-12-21 17:19:07', '0', '0', 'ABFWXMTHK1456789_1576919946.png'), ('158', 'image/jpeg', '', 'https://czw-netmi.oss-cn-hangzhou.aliyuncs.com/__liemi__/image/jpeg/BFWMNHK123456789_1576920268.jpeg', 'c7e64a154d644a2b33743c0589603750', '6577900de00e81315e155c892cd862c2a9fb0a31', '1', '2019-12-21 17:24:28', '0', '0', 'BFWMNHK123456789_1576920268.jpeg'), ('159', 'image/png', '', 'https://czw-netmi.oss-cn-hangzhou.aliyuncs.com/__liemi__/image/png/ABFWXZMTK0125789_1576922751.png', 'd2eb80cf3c9d4d368008e65f8e8c74cb', '0d688a0f438b4cf4ed65ec1cbcec535bdd492cd5', '1', '2019-12-21 18:06:01', '0', '0', 'ABFWXZMTK0125789_1576922751.png'), ('160', 'image/png', '', 'https://czw-netmi.oss-cn-hangzhou.aliyuncs.com/__liemi__/image/png/ABFXZMNTK0234789_1576922758.png', 'd2eb80cf3c9d4d368008e65f8e8c74cb', '0d688a0f438b4cf4ed65ec1cbcec535bdd492cd5', '1', '2019-12-21 18:06:07', '0', '0', 'ABFXZMNTK0234789_1576922758.png'), ('161', 'image/jpeg', '', 'https://czw-netmi.oss-cn-hangzhou.aliyuncs.com/__liemi__/image/jpeg/BFWXZMTHK0123689_1576922873.jpg', '97a4ce3b0b178a4363988b52c7c0adad', 'cf1127437367f6b21f452e4303c5948857fd36e1', '1', '2019-12-21 18:07:57', '0', '0', 'BFWXZMTHK0123689_1576922873.jpg'), ('162', 'application/msword', '', 'https://czw-netmi.oss-cn-hangzhou.aliyuncs.com/__liemi__/application/msword/ABWXMNTHK0234678_1576923038.doc', 'dc6ad0bb36180a019e0ff87955e0569f', '3baafa435b49dc4c04175b70db3ef1ae977d2177', '1', '2019-12-21 18:10:38', '0', '0', 'ABWXMNTHK0234678_1576923038.doc'), ('163', 'application/msword', '', 'https://czw-netmi.oss-cn-hangzhou.aliyuncs.com/__liemi__/application/msword/ABFWXMTHK0256789_1576923267.doc', 'e46ed09002ba84662ec00fc15978e8ac', 'b8f30374fd0e9888cf355379ff63a7473ccc3540', '1', '2019-12-21 18:14:27', '0', '0', 'ABFWXMTHK0256789_1576923267.doc'), ('164', 'image/png', '', 'https://czw-netmi.oss-cn-hangzhou.aliyuncs.com/__liemi__/image/png/ABFXZMNTK0456789_1576923311.png', '6324925f2aadea0c84011adab22f8aab', 'cb89fa4a33491f747cee1d7849e1ca99abf34968', '1', '2019-12-21 18:15:12', '0', '0', 'ABFXZMNTK0456789_1576923311.png'), ('165', 'video/mp4', '', 'https://czw-netmi.oss-cn-hangzhou.aliyuncs.com/__liemi__/video/mp4/ABXZMK0123456789_1576922823.mp4', 'a96a7b1cdd8c45412d60b5cdce500b1b', 'ce2a40535fb8a2fe7864868c89ac7fe17baed14c', '1', '2019-12-21 18:19:17', '0', '0', 'ABXZMK0123456789_1576922823.mp4'), ('166', 'image/jpeg', '', 'https://czw-netmi.oss-cn-hangzhou.aliyuncs.com/__liemi__/image/jpeg/BFZMNTHK01345678_1576923848.jpg', '36e8a50fb437ad30b3c89063d1f76c54', '31f16127e4be5b183a701198ebbacc74f50ab7cb', '1', '2019-12-21 18:24:08', '0', '0', 'BFZMNTHK01345678_1576923848.jpg'), ('167', 'image/png', '', 'https://czw-netmi.oss-cn-hangzhou.aliyuncs.com/__liemi__/image/png/ABFWXMTHK0234567_1576924825.png', 'c0e7dab33faceb6ae37d2412ba599e73', '0ce43653164123c73988dfc5dc1c2d4a6099b2dc', '1', '2019-12-21 18:40:25', '0', '0', 'ABFWXMTHK0234567_1576924825.png'), ('168', 'video/mp4', '', 'https://czw-netmi.oss-cn-hangzhou.aliyuncs.com/__liemi__/video/mp4/AFWXZMNTHK156789_1576924264.mp4', '8be07a17b66b2a0be7dd2d291d451616', 'fae1f79a757958611b22a27bec8314bb0048aac1', '1', '2019-12-21 18:44:22', '0', '0', 'AFWXZMNTHK156789_1576924264.mp4'), ('169', 'image/png', '', 'https://czw-netmi.oss-cn-hangzhou.aliyuncs.com/__liemi__/image/png/ABFWXZNTH0123589_1576929051.png', 'f092cac69a0575503485ebebc281d827', 'fdf5033c8d966e86210355e2495d681316fdd488', '1', '2019-12-21 19:50:51', '0', '0', 'ABFWXZNTH0123589_1576929051.png'), ('170', 'image/png', '', 'https://czw-netmi.oss-cn-hangzhou.aliyuncs.com/__liemi__/image/png/AFXZMNH123456789_1576929052.png', '721b9ea03d90f43dedd66e3ef3d60e88', 'b087194e1515fa39cf642c9f4a65ace651fa5bec', '1', '2019-12-21 19:50:52', '0', '0', 'AFXZMNH123456789_1576929052.png'), ('171', 'image/png', '', 'https://czw-netmi.oss-cn-hangzhou.aliyuncs.com/__liemi__/image/png/BWXZMNTH01236789_1576929052.png', 'abbb14579c62939fbe6396b846fc4a0a', '1963316032930f5d01a759f19b37bc2f14519e9e', '1', '2019-12-21 19:50:52', '0', '0', 'BWXZMNTH01236789_1576929052.png'), ('172', 'image/png', '', 'https://czw-netmi.oss-cn-hangzhou.aliyuncs.com/__liemi__/image/png/ABFWXZMNT0134568_1576929053.png', 'a971d7283c5e6a5d6efe5db525206848', '0a2c0f2d8952989c85a0e371387a761346eb4726', '1', '2019-12-21 19:50:53', '0', '0', 'ABFWXZMNT0134568_1576929053.png'), ('173', 'image/png', '', 'https://czw-netmi.oss-cn-hangzhou.aliyuncs.com/__liemi__/image/png/ABFWXMTHK0123458_1576929057.png', 'b19595058417552d25ad66df57f7b574', 'e26692d4bc0c061ea34a8fc84bf5308500de4825', '1', '2019-12-21 19:50:57', '0', '0', 'ABFWXMTHK0123458_1576929057.png'), ('174', 'image/png', '', 'https://czw-netmi.oss-cn-hangzhou.aliyuncs.com/__liemi__/image/png/AFWZMNTK13456789_1576929061.png', '61d1ad738219f328f0a527146020ec5a', '0791990d9bbba17161ad390fde75e3368917b33e', '1', '2019-12-21 19:51:01', '0', '0', 'AFWZMNTK13456789_1576929061.png'), ('175', 'image/png', '', 'https://czw-netmi.oss-cn-hangzhou.aliyuncs.com/__liemi__/image/png/ABWZMNTHK0234568_1576929353.png', 'c5b649cc4473e25a1c9c81a109aedfc0', 'f9757a27aeec2b54a35a42232b8ab1633787b567', '1', '2019-12-21 19:55:53', '0', '0', 'ABWZMNTHK0234568_1576929353.png'), ('176', 'image/png', '', 'https://czw-netmi.oss-cn-hangzhou.aliyuncs.com/__liemi__/image/png/BFWXZNTHK1236789_1576929354.png', '2fdcef4e3ca8d04da40f5be439bee57f', '9706b9f2dfdef6e203df6a548e2ab58b41e6fc28', '1', '2019-12-21 19:55:54', '0', '0', 'BFWXZNTHK1236789_1576929354.png'), ('177', 'image/png', '', 'https://czw-netmi.oss-cn-hangzhou.aliyuncs.com/__liemi__/image/png/AWZMNTHK12346789_1576929355.png', '4feb72a02fb86000607a71de10e30171', 'c8dd0f9d1637c9928e69bc84eeecf39a3bbc529a', '1', '2019-12-21 19:55:55', '0', '0', 'AWZMNTHK12346789_1576929355.png'), ('178', 'image/png', '', 'https://czw-netmi.oss-cn-hangzhou.aliyuncs.com/__liemi__/image/png/ABXZMNTHK0125678_1576929356.png', '46e76ac785b6eedd42eadec2ba20a726', 'e5c32b9249d75a294dd3340672f42bf94405d0f9', '1', '2019-12-21 19:55:56', '0', '0', 'ABXZMNTHK0125678_1576929356.png'), ('179', 'image/png', '', 'https://czw-netmi.oss-cn-hangzhou.aliyuncs.com/__liemi__/image/png/ABWXZTK012345689_1576977638.png', '2458eefb2f9380e41015c06ff0e1618e', 'b56cd3056bcaef7a5ad7c60838e719199b39032a', '1', '2019-12-22 09:20:38', '0', '0', 'ABWXZTK012345689_1576977638.png'), ('180', 'image/png', '', 'https://czw-netmi.oss-cn-hangzhou.aliyuncs.com/__liemi__/image/png/ABWZMNTHK0134567_1576977640.png', 'fe6573f78af2a64e1aef690b31f209d4', '858de17545536f6ee8b3d1a1a834e4f760a2d25b', '1', '2019-12-22 09:20:40', '0', '0', 'ABWZMNTHK0134567_1576977640.png'), ('181', 'image/png', '', 'https://czw-netmi.oss-cn-hangzhou.aliyuncs.com/__liemi__/image/png/AFWZMTHK23456789_1576977647.png', '316af4b68119457cc87ca64bea37aae5', '9716bdeb5e19616157092034145f94ea0920f6f3', '1', '2019-12-22 09:20:47', '0', '0', 'AFWZMTHK23456789_1576977647.png'), ('182', 'image/png', '', 'https://czw-netmi.oss-cn-hangzhou.aliyuncs.com/__liemi__/image/png/ABFZMNTHK1234589_1576977648.png', 'bdaaf3d27a4217dff53aa359ef6d87ce', '6a4e693b6f57acb33b9198c7eb324362d79418f3', '1', '2019-12-22 09:20:48', '0', '0', 'ABFZMNTHK1234589_1576977648.png'), ('183', 'image/png', '', 'https://czw-netmi.oss-cn-hangzhou.aliyuncs.com/__liemi__/image/png/AFWXZMNTK1346789_1576977650.png', 'e247ab897fee7423d45e796a97a20545', 'cdea914c9676d4d4fca693627c9b8b808e479cd8', '1', '2019-12-22 09:20:51', '0', '0', 'AFWXZMNTK1346789_1576977650.png'), ('184', 'image/png', '', 'https://czw-netmi.oss-cn-hangzhou.aliyuncs.com/__liemi__/image/png/FWXZMNTHK0234689_1576996652.png', 'b1c5f0884c6e8af265dc1a7764bfe554', '5fac7126ec90e7e5423525537a891106d901c5c2', '1', '2019-12-22 14:37:32', '0', '0', 'FWXZMNTHK0234689_1576996652.png'), ('185', 'image/png', '', 'https://czw-netmi.oss-cn-hangzhou.aliyuncs.com/__liemi__/image/png/ABWXZNTHK0124569_1576996735.png', '6e1b6aa5a94b316de05eefa09bd17296', 'bebee01a4a989164dd459b2f39899130c9d1797b', '1', '2019-12-22 14:38:55', '0', '0', 'ABWXZNTHK0124569_1576996735.png'), ('186', 'image/png', '', 'https://czw-netmi.oss-cn-hangzhou.aliyuncs.com/__liemi__/image/png/ABFWMNTHK0123469_1576996942.png', '0655c62ebe1f93b7193370e42b9ddaa1', 'c32422653497b017193cd075e85ee223d269ee2a', '1', '2019-12-22 14:42:22', '0', '0', 'ABFWMNTHK0123469_1576996942.png'), ('187', 'image/png', '', 'https://czw-netmi.oss-cn-hangzhou.aliyuncs.com/__liemi__/image/png/ABFWXMNK12345679_1577000239.png', '0bacf3ce6888e093d2f85646a5c1a5f9', 'ae8f3e10e932c17856f2dc464b777f7f07742d02', '1', '2019-12-22 15:37:19', '0', '0', 'ABFWXMNK12345679_1577000239.png'), ('188', 'image/png', '', 'https://czw-netmi.oss-cn-hangzhou.aliyuncs.com/__liemi__/image/png/BFWXZTHK01234679_1577000285.png', 'ef495ad192a620caf2bf288e5662eca0', '086fe5bd4dea9575b33dffede15f4207114fd1ec', '1', '2019-12-22 15:38:05', '0', '0', 'BFWXZTHK01234679_1577000285.png'), ('189', 'image/png', '', 'https://czw-netmi.oss-cn-hangzhou.aliyuncs.com/__liemi__/image/png/ABFWMNTHK0234679_1577000324.png', '0e7d306af90ad5c561f5de38fe1a0dbd', '4e147d4ddba9aca18d586840c8e3fed195169af9', '1', '2019-12-22 15:38:44', '0', '0', 'ABFWMNTHK0234679_1577000324.png'), ('190', 'image/png', '', 'https://czw-netmi.oss-cn-hangzhou.aliyuncs.com/__liemi__/image/png/ABWXZNT012345678_1577000668.png', '2077673d36aa92745575b61f6c0e335a', 'aa8d905bd7373712426c3b81e3cf8f1b4166f8f5', '1', '2019-12-22 15:44:28', '0', '0', 'ABWXZNT012345678_1577000668.png'), ('191', 'image/png', '', 'https://czw-netmi.oss-cn-hangzhou.aliyuncs.com/__liemi__/image/png/AFWXZMTH01245679_1577000846.png', '6e050eec676a5744a7e39a34ddd50543', '203f96ccb920adb144920dfe42e8ab4b2ebcdc34', '1', '2019-12-22 15:47:26', '0', '0', 'AFWXZMTH01245679_1577000846.png'), ('192', 'image/png', '', 'https://czw-netmi.oss-cn-hangzhou.aliyuncs.com/__liemi__/image/png/BWXZMNHK01245789_1577001124.png', '0662bfbf8569606aa5f5399dda41e4c6', '7efee417a00845be279dda2f7b5094396bd70a6c', '1', '2019-12-22 15:52:05', '0', '0', 'BWXZMNHK01245789_1577001124.png'), ('193', 'image/png', '', 'https://czw-netmi.oss-cn-hangzhou.aliyuncs.com/__liemi__/image/png/ABFWMNTK02345689_1577001246.png', '4dc70e3aa430bc9a0620387d603376b2', '78b833b97e0082c3700b25b82c251b6c168a3978', '1', '2019-12-22 15:54:06', '0', '0', 'ABFWMNTK02345689_1577001246.png'), ('194', 'image/png', '', 'https://czw-netmi.oss-cn-hangzhou.aliyuncs.com/__liemi__/image/png/ABFXMNTK02346789_1577001296.png', 'de59f25317181a860c52b3a856014bf1', 'a9ef920b822c5f7dbf5ac41b57247cb9a2a7a743', '1', '2019-12-22 15:54:57', '0', '0', 'ABFXMNTK02346789_1577001296.png'), ('195', 'image/png', '', 'https://czw-netmi.oss-cn-hangzhou.aliyuncs.com/__liemi__/image/png/ABFWXMTHK1356789_1577001385.png', 'f280858bbbcc8b4f9b8a7451dcc648f6', 'b69b585c39d061ccaca1e46d803eee26c7d69eed', '1', '2019-12-22 15:56:25', '0', '0', 'ABFWXMTHK1356789_1577001385.png'), ('196', 'image/png', '', 'https://czw-netmi.oss-cn-hangzhou.aliyuncs.com/__liemi__/image/png/ABFWXZMNTHK03689_1577001515.png', 'efbeec0e371a44949237d096e08de1ca', 'fc060620b8dee3a343537a397e7633d754e4223a', '1', '2019-12-22 15:58:35', '0', '0', 'ABFWXZMNTHK03689_1577001515.png'), ('197', 'image/png', '', 'https://czw-netmi.oss-cn-hangzhou.aliyuncs.com/__liemi__/image/png/ABXZMNTH01245679_1577001705.png', '3d553dbfa6ea26a56abde7f824fb6b4f', '028ff041cdc1693730a87025500ecdab28f81bef', '1', '2019-12-22 16:01:45', '0', '0', 'ABXZMNTH01245679_1577001705.png'), ('198', 'image/png', '', 'https://czw-netmi.oss-cn-hangzhou.aliyuncs.com/__liemi__/image/png/FXZMNTK012345689_1577001867.png', '5ae813c758139936f44893a7f461ad81', '1dcc2d8fd87966d3264afb4f6acf31328864235c', '1', '2019-12-22 16:04:27', '0', '0', 'FXZMNTK012345689_1577001867.png'), ('199', 'image/png', '', 'https://czw-netmi.oss-cn-hangzhou.aliyuncs.com/__liemi__/image/png/ABFWXMNTHK014578_1577001984.png', '1c7eae900d59682d83446b0e1cd63050', 'eb25b0b21947e42a9a51c40b8b0ad7dc7e873253', '1', '2019-12-22 16:06:24', '0', '0', 'ABFWXMNTHK014578_1577001984.png'), ('200', 'image/png', '', 'https://czw-netmi.oss-cn-hangzhou.aliyuncs.com/__liemi__/image/png/AFWXZMNHK0236789_1577002191.png', '5e37fb5c5609e53856580e9fb024a630', '1dec6834f07729c923fc3ce8004ee087346c5f72', '1', '2019-12-22 16:09:51', '0', '0', 'AFWXZMNHK0236789_1577002191.png'), ('201', 'image/png', '', 'https://czw-netmi.oss-cn-hangzhou.aliyuncs.com/__liemi__/image/png/ABFXZMNTH0234678_1577002844.png', 'f3d594f3c755046ba8e5d2b07c7a7f71', 'd8b8c3814bfe3c1492ed841b1c0ab625892dba3f', '1', '2019-12-22 16:20:44', '0', '0', 'ABFXZMNTH0234678_1577002844.png'), ('202', 'image/png', '', 'https://czw-netmi.oss-cn-hangzhou.aliyuncs.com/__liemi__/image/png/ABFWZMTHK1234678_1577004078.png', 'ee3e7c292c7b9bf41056642f09f7eb01', '553191971e27e8f254794a5ae6823388cda54a39', '1', '2019-12-22 16:41:18', '0', '0', 'ABFWZMTHK1234678_1577004078.png'), ('203', 'image/jpeg', '', 'https://czw-netmi.oss-cn-hangzhou.aliyuncs.com/__liemi__/image/jpeg/ABFWZMNHK0136789_1577004219.jpg', '43310e9f7d6fe1f95dd67be2d3d95e7d', 'be5744277514378b053b47e940844782d9585f9a', '1', '2019-12-22 16:43:39', '0', '0', 'ABFWZMNHK0136789_1577004219.jpg'), ('204', 'image/jpeg', '', 'https://czw-netmi.oss-cn-hangzhou.aliyuncs.com/__liemi__/image/jpeg/BZMNHK0123456789_1577004222.jpeg', '025ffd282cd806547d14361aecbb78c3', 'f8209ba42ca0c5da4d040e536e0af611461a7595', '1', '2019-12-22 16:43:42', '0', '0', 'BZMNHK0123456789_1577004222.jpeg'), ('205', 'image/jpeg', '', 'https://czw-netmi.oss-cn-hangzhou.aliyuncs.com/__liemi__/image/jpeg/AFWXNT0123456789_1577004361.jpg', 'f9c2166878395300434ba7d2e812eceb', 'd674b87dd515e6f03a2e006c5be0325605c69811', '1', '2019-12-22 16:46:01', '0', '0', 'AFWXNT0123456789_1577004361.jpg'), ('206', 'image/png', '', 'https://czw-netmi.oss-cn-hangzhou.aliyuncs.com/__liemi__/image/png/ABFWXZMTHK012357_1577004389.png', '582e4db24e2133fc38d550224db0e508', '741ecb870d7c01c6909dcc6c4e1e394ed8165908', '1', '2019-12-22 16:46:35', '0', '0', 'ABFWXZMTHK012357_1577004389.png'), ('207', 'image/png', '', 'https://czw-netmi.oss-cn-hangzhou.aliyuncs.com/__liemi__/image/png/WXMNTH0123456789_1577004645.png', 'd114265c300d1964db4e2e389f1d28c8', '00e927a97726e7c8b2eb56bf0bfad6874d663ef1', '1', '2019-12-22 16:50:51', '0', '0', 'WXMNTH0123456789_1577004645.png'), ('208', 'image/png', '', 'https://czw-netmi.oss-cn-hangzhou.aliyuncs.com/__liemi__/image/png/AFWXMTHK01234578_1577004714.png', 'e7bbff19dec589227bad676a65df4bfa', '7290d2ca478feabf921be01121dcee96b44a6785', '1', '2019-12-22 16:52:00', '0', '0', 'AFWXMTHK01234578_1577004714.png'), ('209', 'video/mp4', '', 'https://czw-netmi.oss-cn-hangzhou.aliyuncs.com/__liemi__/video/mp4/ABFWXZMTH1234567_1577004840.mp4', '53d2c0380efde365df2ea93d16c8f1b6', '4d8ea341ef3345237ad303b9658c9078cc7d6c11', '1', '2019-12-22 16:54:28', '0', '0', 'ABFWXZMTH1234567_1577004840.mp4'), ('210', 'image/png', '', 'https://czw-netmi.oss-cn-hangzhou.aliyuncs.com/__liemi__/image/png/ABFZMNTH01234569_1577005630.png', '4ad53ce310340aa19c9fce4ae57f08f6', 'f678bc0f4332087d6792d2ddd9c601bfe67e5661', '1', '2019-12-22 17:07:10', '0', '0', 'ABFZMNTH01234569_1577005630.png'), ('211', 'image/png', '', 'https://czw-netmi.oss-cn-hangzhou.aliyuncs.com/__liemi__/image/png/BFWZMNTK01234579_1577006112.png', '7f4f6f17ba7b30cd25961cf148c09df1', 'd4a497a6287b376fb31cd332c5e95fb89c4061c6', '1', '2019-12-22 17:15:12', '0', '0', 'BFWZMNTK01234579_1577006112.png'), ('212', 'image/png', '', 'https://czw-netmi.oss-cn-hangzhou.aliyuncs.com/__liemi__/image/png/AFWXZNTHK3456789_1577006394.png', 'b3863bb23aff9fc28bb7e540da2b24de', '27130c63f19569a5ba6f95d89824d309808b8a33', '1', '2019-12-22 17:19:54', '0', '0', 'AFWXZNTHK3456789_1577006394.png'), ('213', 'image/png', '', 'https://czw-netmi.oss-cn-hangzhou.aliyuncs.com/__liemi__/image/png/AFWXZMHK02345679_1577006831.png', 'da651a66ecd0f5229b725f67d8ad77a6', '58f4087e09c2a24c958063cdce311f1475315bf1', '1', '2019-12-22 17:27:11', '0', '0', 'AFWXZMHK02345679_1577006831.png'), ('214', 'image/png', '', 'https://czw-netmi.oss-cn-hangzhou.aliyuncs.com/__liemi__/image/png/ABFWXZMNK1234689_1577006914.png', '18c08c0115c81b81e990c4121fc54d36', '4a4eda44b2045074d25fac8c2f819f9c5289b8aa', '1', '2019-12-22 17:28:34', '0', '0', 'ABFWXZMNK1234689_1577006914.png'), ('215', 'image/png', '', 'https://czw-netmi.oss-cn-hangzhou.aliyuncs.com/__liemi__/image/png/ABFXMNK012345679_1577006923.png', '7a9a0ba93a8bec6eb339a2994768b8e8', 'ccc4a6a954111fce87e0b8e2a2ecb9dd62cee9aa', '1', '2019-12-22 17:28:43', '0', '0', 'ABFXMNK012345679_1577006923.png'), ('216', 'image/png', '', 'https://czw-netmi.oss-cn-hangzhou.aliyuncs.com/__liemi__/image/png/AXMNTHK023456789_1577006931.png', '9289041b28d838db8dbe6469fd0f59d3', 'c7b8d9a9a0913c23de2a73f89ebadac6131e30af', '1', '2019-12-22 17:28:51', '0', '0', 'AXMNTHK023456789_1577006931.png'), ('217', 'image/png', '', 'https://czw-netmi.oss-cn-hangzhou.aliyuncs.com/__liemi__/image/png/ABFWXZMNTH135678_1577006939.png', '459f004c7f266ba6e722322fb233b888', '0d3d0063ea207ac7271c3dba0edcd1b757dce1cc', '1', '2019-12-22 17:28:59', '0', '0', 'ABFWXZMNTH135678_1577006939.png'), ('218', 'image/png', '', 'https://czw-netmi.oss-cn-hangzhou.aliyuncs.com/__liemi__/image/png/ABWXZMTH12345689_1577006949.png', 'e4cb2a8c1371ad815c056c6b20b4c771', 'd4ff648a7f6a99964484088a6e866d10a8c21afb', '1', '2019-12-22 17:29:09', '0', '0', 'ABWXZMTH12345689_1577006949.png'), ('219', 'image/jpeg', '', 'https://czw-netmi.oss-cn-hangzhou.aliyuncs.com/__liemi__/image/jpeg/ABFXZMT012345678_1577007079.jpg', '5f00f605b35e7765afb97e969551fd54', 'b05ac9ddc592909521f335287dd6420d48f45144', '1', '2019-12-22 17:31:19', '0', '0', 'ABFXZMT012345678_1577007079.jpg'), ('220', 'image/png', '', 'https://czw-netmi.oss-cn-hangzhou.aliyuncs.com/__liemi__/image/png/ABFWZMNTK0123789_1577008677.png', '4654637a0718fcd1be58a2643ad50345', 'ad5d75e5be0dfe6e17b52bebed0af0204a53fb96', '1', '2019-12-22 17:57:57', '0', '0', 'ABFWZMNTK0123789_1577008677.png'), ('221', 'image/png', '', 'https://czw-netmi.oss-cn-hangzhou.aliyuncs.com/__liemi__/image/png/ABFWXMNHK0234578_1577008678.png', 'abcea7875aeb1d42c760b106aab7e603', '4887b713d63a295d3ce31c5586f4dc1888ef860a', '1', '2019-12-22 17:57:58', '0', '0', 'ABFWXMNHK0234578_1577008678.png'), ('222', 'image/png', '', 'https://czw-netmi.oss-cn-hangzhou.aliyuncs.com/__liemi__/image/png/AFWXMNT013456789_1577008679.png', '5ddd3c7421165b4f3c676c4c3a21915e', '8dabb0b0cb34e910b69445f379778736ae113069', '1', '2019-12-22 17:57:59', '0', '0', 'AFWXMNT013456789_1577008679.png'), ('223', 'image/jpeg', '', 'https://czw-netmi.oss-cn-hangzhou.aliyuncs.com/__liemi__/image/jpeg/BFZMNTHK01245679_1577008738.jpg', '43bde067ad195be488d6a32bb024b300', 'c4bc49371f9cd135406416a87b033e6ca75e8dab', '1', '2019-12-22 17:58:58', '0', '0', 'BFZMNTHK01245679_1577008738.jpg'), ('224', 'image/png', '', 'https://czw-netmi.oss-cn-hangzhou.aliyuncs.com/__liemi__/image/png/ABFWZNK013456789_1577010907.png', 'c8d10f67c216993f227e5e0570f5787b', '548634fc02eea38c7fb2b03a7ba00719fbb83d83', '1', '2019-12-22 18:35:07', '0', '0', 'ABFWZNK013456789_1577010907.png'), ('225', 'image/png', '', 'https://czw-netmi.oss-cn-hangzhou.aliyuncs.com/__liemi__/image/png/BFXZMNK012345678_1577011129.png', 'aeceef84362c5743f14d765882c7287f', '7ae26df1ef65e03f92680cb3cd9bcc6ed71148bc', '1', '2019-12-22 18:38:49', '0', '0', 'BFXZMNK012345678_1577011129.png'), ('226', 'image/png', '', 'https://czw-netmi.oss-cn-hangzhou.aliyuncs.com/__liemi__/image/png/BFWZMNTHK0245789_1577021949.png', 'ada61e2eb0c1ec1544bfb3eaa8b21d5c', '1158a8e5c2b11cd5a9e33b42e0647d19042e5025', '1', '2019-12-22 21:39:09', '0', '0', 'BFWZMNTHK0245789_1577021949.png'), ('227', 'image/png', '', 'https://czw-netmi.oss-cn-hangzhou.aliyuncs.com/__liemi__/image/png/ABFWZNTK23456789_1577021950.png', 'b12cd5c97392f0c4afd81fa4329f6c08', 'ae0802b33b93fd56e0d773367caa0f606898a6ce', '1', '2019-12-22 21:39:10', '0', '0', 'ABFWZNTK23456789_1577021950.png'), ('228', 'image/png', '', 'https://czw-netmi.oss-cn-hangzhou.aliyuncs.com/__liemi__/image/png/ABFWXZMNHK016789_1577021951.png', '0478719bdba2686ac414689d3bcd8910', '2d93c622b59b681994b99de86d6701059e22ee13', '1', '2019-12-22 21:39:11', '0', '0', 'ABFWXZMNHK016789_1577021951.png'), ('229', 'image/jpeg', '', 'https://czw-netmi.oss-cn-hangzhou.aliyuncs.com/__liemi__/image/jpeg/ABFXZMTHK0126789_1577022521.jpeg', 'df531d261f4c4d3f0e9a0ee9438f9cd4', 'b1f2676966c24ac7691a9f4a5401c2eb30e0d5e9', '1', '2019-12-22 21:48:41', '0', '0', 'ABFXZMTHK0126789_1577022521.jpeg'), ('230', 'image/jpeg', '', 'https://czw-netmi.oss-cn-hangzhou.aliyuncs.com/__liemi__/image/jpeg/ABFWXMNTH1456789_1577026582.jfif', 'ca6808ace491e4e2f6c72e05a28db38d', 'cd5b78554d12bdfebc1404d05f9419a7861c3b2a', '1', '2019-12-22 22:56:22', '0', '0', 'ABFWXMNTH1456789_1577026582.jfif'), ('231', 'image/png', '', 'https://czw-netmi.oss-cn-hangzhou.aliyuncs.com/__liemi__/image/png/AFWXMNHK01234679_1577068188.png', 'b8e776c970cf6aaf7d484f4d624763e2', 'a9d338fd0c8db25e11558c7677b3873c49981514', '1', '2019-12-23 10:29:48', '0', '0', 'AFWXMNHK01234679_1577068188.png'), ('232', 'image/png', '', 'https://czw-netmi.oss-cn-hangzhou.aliyuncs.com/__liemi__/image/png/AFWXZNTH01234589_1577068198.png', '127e95686f3e97f7b948f1853b247f78', '60db26d0e535442172b7cc6fcb34fd5a9b91f5b9', '1', '2019-12-23 10:29:58', '0', '0', 'AFWXZNTH01234589_1577068198.png'), ('233', 'application/vnd.openxmlformats-officedocument.spreadsheetml.sheet', '', 'https://czw-netmi.oss-cn-hangzhou.aliyuncs.com/__liemi__/application/vnd.openxmlformats-officedocument.spreadsheetml.sheet/ABFWZMTHK0136789_1577068448.xlsx', '0c145ba78a3852ebded66105aba908a5', '7fe9f3a149f114465427f4d325913ce80bf2ea1f', '1', '2019-12-23 10:34:08', '0', '0', 'ABFWZMTHK0136789_1577068448.xlsx'), ('234', 'image/png', '', 'https://czw-netmi.oss-cn-hangzhou.aliyuncs.com/__liemi__/image/png/BWXZMHK013456789_1577068927.png', 'f36f5147c8657cf8742bdd6214ded5c5', '744e8d3aea59bb2d13dc644204f98ed70b26eec4', '1', '2019-12-23 10:42:07', '0', '0', 'BWXZMHK013456789_1577068927.png'), ('235', 'image/png', '', 'https://czw-netmi.oss-cn-hangzhou.aliyuncs.com/__liemi__/image/png/ABWXMNHK12345679_1577068934.png', '0aa95b60c46e61b78d0c098b513e6f1e', 'cb61b08a8b804ce48743b4d9c57cd875339d303b', '1', '2019-12-23 10:42:14', '0', '0', 'ABWXMNHK12345679_1577068934.png'), ('236', 'image/png', '', 'https://czw-netmi.oss-cn-hangzhou.aliyuncs.com/__liemi__/image/png/ABFWXZMNTH024579_1577069109.png', '1e1aae9db858ddad054528d266232421', '65f3d5920649ba55fdae0de7fb719e40d969f3c4', '1', '2019-12-23 10:45:10', '0', '0', 'ABFWXZMNTH024579_1577069109.png'), ('237', 'image/png', '', 'https://czw-netmi.oss-cn-hangzhou.aliyuncs.com/__liemi__/image/png/AWXZMTHK02345679_1577069241.png', 'eec6ad7f1e6c0301b55b0a0c97fcdd0f', '5764ef5de182bd3d9972fa24d6301463186825ec', '1', '2019-12-23 10:47:21', '0', '0', 'AWXZMTHK02345679_1577069241.png'), ('238', 'application/zip', '', 'https://czw-netmi.oss-cn-hangzhou.aliyuncs.com/__liemi__/application/zip/ABWXMNTK02356789_1577069894.zip', '4d7869220498332e50ac027fd4853259', 'c854b74ea8133f7be021dc8ef9b1b4c0667cf437', '1', '2019-12-23 10:58:22', '0', '0', 'ABWXMNTK02356789_1577069894.zip'), ('239', 'image/png', '', 'https://czw-netmi.oss-cn-hangzhou.aliyuncs.com/__liemi__/image/png/ABFWMNTK01235689_1577079328.png', '17729b4de62d1c7fc6e6ba2bcc7dda2a', 'd552832822ad5229793f81f8d9be91a8ba78c2f5', '1', '2019-12-23 13:35:28', '0', '0', 'ABFWMNTK01235689_1577079328.png'), ('240', 'image/png', '', 'https://czw-netmi.oss-cn-hangzhou.aliyuncs.com/__liemi__/image/png/ABFZMNTH01235689_1577082991.png', '4431a5fee37f4b3b8c88be632aee2e97', '4c6aa7d49b4242d8387b3c358fca6756cd321aa2', '1', '2019-12-23 14:36:31', '0', '0', 'ABFZMNTH01235689_1577082991.png'), ('241', 'image/png', '', 'https://czw-netmi.oss-cn-hangzhou.aliyuncs.com/__liemi__/image/png/AWZMNTHK01235689_1577083316.png', '3e08881ff6219f5fde5b3a88f370e6f0', '8ec40efd1c93b2f34f854e8e7aac83914efac3e3', '1', '2019-12-23 14:41:56', '0', '0', 'AWZMNTHK01235689_1577083316.png'), ('242', 'image/jpeg', '', 'https://czw-netmi.oss-cn-hangzhou.aliyuncs.com/__liemi__/image/jpeg/ABFWXZMN12456789_1577083382.jpeg', '1c1975f482d9d89eee2f417066292218', '9ee2edbeb8f78696ed6fcbde154025b7233553d0', '1', '2019-12-23 14:43:02', '0', '0', 'ABFWXZMN12456789_1577083382.jpeg'), ('243', 'image/png', '', 'https://czw-netmi.oss-cn-hangzhou.aliyuncs.com/__liemi__/image/png/ABWXZNK012346789_1577083868.png', '90b07fb45c4954185438b3470a9aff0f', 'e40aabd2a4213e5e9cbf5fc3cc273e580fa5252c', '1', '2019-12-23 14:51:08', '0', '0', 'ABWXZNK012346789_1577083868.png'), ('244', 'image/png', '', 'https://czw-netmi.oss-cn-hangzhou.aliyuncs.com/__liemi__/image/png/AFWZMNK123456789_1577083908.png', '6a2113c8ed33238e23461fb89576d6d8', '976680cf405bcf3fa03b06b99b95ba18c086877c', '1', '2019-12-23 14:51:49', '0', '0', 'AFWZMNK123456789_1577083908.png'), ('245', 'image/png', '', 'https://czw-netmi.oss-cn-hangzhou.aliyuncs.com/__liemi__/image/png/BFWXZMTH01245789_1577083913.png', '7f4874b4089038dd64fc684392e9c1be', '718c271954556102356f18d1d17d26d9bfeb09b5', '1', '2019-12-23 14:51:53', '0', '0', 'BFWXZMTH01245789_1577083913.png'), ('246', 'image/png', '', 'https://czw-netmi.oss-cn-hangzhou.aliyuncs.com/__liemi__/image/png/ABWXZMNTH0234679_1577083947.png', 'bdc21be324ab033676163ec0ac3b0ce6', '220dce9e52a6736ccee84493f4a4c82f48c51314', '1', '2019-12-23 14:52:27', '0', '0', 'ABWXZMNTH0234679_1577083947.png'), ('247', 'image/png', '', 'https://czw-netmi.oss-cn-hangzhou.aliyuncs.com/__liemi__/image/png/ABFWZMNTK0245679_1577083958.png', '680b5ce49b651aaba801e74e80c90e3d', '284ca961fc2d3508e3a6433176e3f159cfb6d4fc', '1', '2019-12-23 14:52:38', '0', '0', 'ABFWZMNTK0245679_1577083958.png'), ('248', 'image/png', '', 'https://czw-netmi.oss-cn-hangzhou.aliyuncs.com/__liemi__/image/png/BFWXNTHK12456789_1577084126.png', '4630720b2aab39ef691825f2a9b0e03e', '5375291918d38f7e3201b8ea9f8e9c62fa7235ee', '1', '2019-12-23 14:55:26', '0', '0', 'BFWXNTHK12456789_1577084126.png'), ('249', 'image/png', '', 'https://czw-netmi.oss-cn-hangzhou.aliyuncs.com/__liemi__/image/png/AWZNTHK023456789_1577084128.png', 'dc81abd150473c70747d5bd969d0e489', 'd880348f2ec0c37ba41cdea96a7c251d24df4616', '1', '2019-12-23 14:55:28', '0', '0', 'AWZNTHK023456789_1577084128.png'), ('250', 'image/png', '', 'https://czw-netmi.oss-cn-hangzhou.aliyuncs.com/__liemi__/image/png/ABFWXNTHK0234578_1577084163.png', '4b6883bb7bde377e57d87c10c6eef1d4', '420b9d85a4e5035adb97f16b0ad955ebc303bcba', '1', '2019-12-23 14:56:03', '0', '0', 'ABFWXNTHK0234578_1577084163.png'), ('251', 'image/png', '', 'https://czw-netmi.oss-cn-hangzhou.aliyuncs.com/__liemi__/image/png/ABFWXZNTH2356789_1577084514.png', 'b5eac90a66f6f0610038708fc1593019', '0562e0d7b6af29204bcb3b1b36fa0c72a5316207', '1', '2019-12-23 15:01:54', '0', '0', 'ABFWXZNTH2356789_1577084514.png'), ('252', 'image/png', '', 'https://czw-netmi.oss-cn-hangzhou.aliyuncs.com/__liemi__/image/png/ABFWZNHK23456789_1577084690.png', '2ecc2261d4dba62be5ee13cb219c83bc', 'e1167fc4e91b8e912c2ff6fc38719da03487d281', '1', '2019-12-23 15:04:50', '0', '0', 'ABFWZNHK23456789_1577084690.png'), ('253', 'image/png', '', 'https://czw-netmi.oss-cn-hangzhou.aliyuncs.com/__liemi__/image/png/AFWXZMNK02346789_1577084707.png', '1d225993551b94373120593d2ee8fd02', 'ada6971d0a98e0c0c9578377d1332d44aeec69fb', '1', '2019-12-23 15:05:07', '0', '0', 'AFWXZMNK02346789_1577084707.png'), ('254', 'image/jpeg', '', 'https://czw-netmi.oss-cn-hangzhou.aliyuncs.com/__liemi__/image/jpeg/AWXZMNTHK0234569_1577085211.jpg', '40fafea1d7ab999c9d31007a7ffa9691', '451ccf192769236f38491fbdddddcf280af60a82', '1', '2019-12-23 15:13:31', '0', '0', 'AWXZMNTHK0234569_1577085211.jpg'), ('255', 'image/jpeg', '', 'https://czw-netmi.oss-cn-hangzhou.aliyuncs.com/__liemi__/image/jpeg/BWXZMTHK01345789_1577085223.jpg', '8a289f9e06ef403461857c1b0006c1dd', 'fce4d65d2f3419d78cd9689b4d4a044b0d3ac3f0', '1', '2019-12-23 15:13:43', '0', '0', 'BWXZMTHK01345789_1577085223.jpg'), ('256', 'image/jpeg', '', 'https://czw-netmi.oss-cn-hangzhou.aliyuncs.com/__liemi__/image/jpeg/ABXZNHK012345789_1577086044.jpeg', '63c566d3f2bb0fcdd300645b5f8b146e', '12762892cad5526d3f2d4ad3ccc8818404d7b935', '1', '2019-12-23 15:27:24', '0', '0', 'ABXZNHK012345789_1577086044.jpeg'), ('257', 'image/png', '', 'https://czw-netmi.oss-cn-hangzhou.aliyuncs.com/__liemi__/image/png/BFWXZMNTK0236789_1577086587.png', 'e6cddfd423a12bf1297a6f48794672e8', 'a6c19260ede5690e7112bb13103541fb3727da5d', '1', '2019-12-23 15:36:27', '0', '0', 'BFWXZMNTK0236789_1577086587.png'), ('258', 'image/png', '', 'https://czw-netmi.oss-cn-hangzhou.aliyuncs.com/__liemi__/image/png/ABFWXZMNHK035678_1577086638.png', 'd53f78bbfdf930f29c00a712d8944e63', '994aa8b4808774033619d3d213f7bc9a86c28c7c', '1', '2019-12-23 15:37:18', '0', '0', 'ABFWXZMNHK035678_1577086638.png'), ('259', 'image/png', '', 'https://czw-netmi.oss-cn-hangzhou.aliyuncs.com/__liemi__/image/png/AFWXZMTHK0123569_1577086651.png', '761a37524931d6636cda48a37a743c28', 'f088dc8fcc2b5915449596f18d316cbd63459412', '1', '2019-12-23 15:37:31', '0', '0', 'AFWXZMTHK0123569_1577086651.png'), ('260', 'image/png', '', 'https://czw-netmi.oss-cn-hangzhou.aliyuncs.com/__liemi__/image/png/ABXMTHK012345689_1577087082.png', '9ddecb7fba4174e782d57632908cc2a6', '581eafa18a941a0d5826c8b1ec91da681f023771', '1', '2019-12-23 15:44:42', '0', '0', 'ABXMTHK012345689_1577087082.png'), ('261', 'image/png', '', 'https://czw-netmi.oss-cn-hangzhou.aliyuncs.com/__liemi__/image/png/ABFWXMNTHK012569_1577087423.png', 'e2e7788faf1f2755386e4b792ef9956e', 'ab526283fe9af19b019ed3427175257b51a86f09', '1', '2019-12-23 15:50:23', '0', '0', 'ABFWXMNTHK012569_1577087423.png'), ('262', 'image/png', '', 'https://czw-netmi.oss-cn-hangzhou.aliyuncs.com/__liemi__/image/png/AXZMNTHK02345789_1577087429.png', '380afcefe23bc2c66f2b9a13af2d3974', '2ad05afe14abeada23f8d122e6559875c7f909b1', '1', '2019-12-23 15:50:29', '0', '0', 'AXZMNTHK02345789_1577087429.png'), ('263', 'image/png', '', 'https://czw-netmi.oss-cn-hangzhou.aliyuncs.com/__liemi__/image/png/AWZMNTHK01234569_1577087433.png', 'f17d1b2b513a19162130d86524e44d06', 'f2b8b237c638e6a4000bb5229099e906e6928970', '1', '2019-12-23 15:50:33', '0', '0', 'AWZMNTHK01234569_1577087433.png'), ('264', 'image/png', '', 'https://czw-netmi.oss-cn-hangzhou.aliyuncs.com/__liemi__/image/png/BFWXMNTH01234569_1577089387.png', 'be4231ac64dcd6a5cdef4457cc6cfa4c', '60c35ed677bef6904890392072c0bbe9ec26a2f2', '1', '2019-12-23 16:23:07', '0', '0', 'BFWXMNTH01234569_1577089387.png'), ('265', 'image/png', '', 'https://czw-netmi.oss-cn-hangzhou.aliyuncs.com/__liemi__/image/png/ABWXMNT013456789_1577089412.png', '5f18666966c67713e8871e25166f2078', '224fed318eb75dbabe7c2b68b5bb5015fc73701d', '1', '2019-12-23 16:23:33', '0', '0', 'ABWXMNT013456789_1577089412.png'), ('266', 'image/png', '', 'https://czw-netmi.oss-cn-hangzhou.aliyuncs.com/__liemi__/image/png/BFWXZMNHK0234567_1577090387.png', 'a0ecce39a42607733c3b5aadcf478e76', '1d78f60f1672f02c039e67e24515ae86e33fab6b', '1', '2019-12-23 16:39:47', '0', '0', 'BFWXZMNHK0234567_1577090387.png'), ('267', 'image/png', '', 'https://czw-netmi.oss-cn-hangzhou.aliyuncs.com/__liemi__/image/png/ABFXZNTK01245679_1577090388.png', '3b0bc2db086a35cf7f7707a73c2121a4', 'eade8f92fc88972069401633ce083e00d538e928', '1', '2019-12-23 16:39:49', '0', '0', 'ABFXZNTK01245679_1577090388.png'), ('268', 'image/png', '', 'https://czw-netmi.oss-cn-hangzhou.aliyuncs.com/__liemi__/image/png/ABXZNTK013456789_1577091078.png', 'b90b24663cc17db095e7f9ba5ea0237f', 'f26270f224ada499833d56c2bbf63a1861b99e4d', '1', '2019-12-23 16:51:18', '0', '0', 'ABXZNTK013456789_1577091078.png'), ('269', 'image/png', '', 'https://czw-netmi.oss-cn-hangzhou.aliyuncs.com/__liemi__/image/png/ABFXZMNT01245689_1577091079.png', '81fdcaf34217dc8456f1b5ad21146494', '963240eb9cd20b85df25871e97adce35cc54f930', '1', '2019-12-23 16:51:19', '0', '0', 'ABFXZMNT01245689_1577091079.png'), ('270', 'image/png', '', 'https://czw-netmi.oss-cn-hangzhou.aliyuncs.com/__liemi__/image/png/AFWXNTHK01234589_1577091084.png', '41a4257a54e4837916e473f6d25c37a9', '392a25b6818e41ea9322f5f5ce385d7a863105f8', '1', '2019-12-23 16:51:24', '0', '0', 'AFWXNTHK01234589_1577091084.png'), ('271', 'image/png', '', 'https://czw-netmi.oss-cn-hangzhou.aliyuncs.com/__liemi__/image/png/ABFWXZMNHK123457_1577091807.png', '2821f119f8eaeaf9f8ad7e279cb1f381', '2d8597bb6140c2db6430558b783b6fbde44ee806', '1', '2019-12-23 17:03:27', '0', '0', 'ABFWXZMNHK123457_1577091807.png'), ('272', 'image/png', '', 'https://czw-netmi.oss-cn-hangzhou.aliyuncs.com/__liemi__/image/png/ABXZNTHK02346789_1577091809.png', '9e3714d0540b3beff1d6dc59b8b077e5', '7c40f072cd9d2a3ad2509f2710c91fa8aec3e925', '1', '2019-12-23 17:03:29', '0', '0', 'ABXZNTHK02346789_1577091809.png'), ('273', 'image/png', '', 'https://czw-netmi.oss-cn-hangzhou.aliyuncs.com/__liemi__/image/png/AWXZMNTHK1235678_1577091996.png', '6535833f7c3187431995f278e680acc5', '5ff1019bb70fc6080982abd25d7b4411d680d925', '1', '2019-12-23 17:06:36', '0', '0', 'AWXZMNTHK1235678_1577091996.png'), ('274', 'image/png', '', 'https://czw-netmi.oss-cn-hangzhou.aliyuncs.com/__liemi__/image/png/BFWXMNTH12345678_1577092711.png', '57462e40835c837c1b133f03a86b1526', 'dd4eea24a84e9e55cca3b294c8dab8721b4ce345', '1', '2019-12-23 17:18:31', '0', '0', 'BFWXMNTH12345678_1577092711.png'), ('275', 'image/png', '', 'https://czw-netmi.oss-cn-hangzhou.aliyuncs.com/__liemi__/image/png/ABFWXZMNTH123689_1577092721.png', '4ef054ae9aa85474aa346e1962586b6d', 'a17315cbb8a500a5511c84f3783a89da6c20f004', '1', '2019-12-23 17:18:41', '0', '0', 'ABFWXZMNTH123689_1577092721.png'), ('276', 'image/png', '', 'https://czw-netmi.oss-cn-hangzhou.aliyuncs.com/__liemi__/image/png/ABWZMNHK01345678_1577092744.png', 'a0acfd10ab2520ecda36b525619eb083', '34de2acdf8fc469c3058eb3c49f133f8c04294de', '1', '2019-12-23 17:19:05', '0', '0', 'ABWZMNHK01345678_1577092744.png'), ('277', 'image/png', '', 'https://czw-netmi.oss-cn-hangzhou.aliyuncs.com/__liemi__/image/png/AFXZMNTHK1345678_1577092745.png', '443d1504bb07cfbb093645b2ded367a2', 'fa769c97582c3bfe6819b5bdd4af32aa7b266246', '1', '2019-12-23 17:19:05', '0', '0', 'AFXZMNTHK1345678_1577092745.png'), ('278', 'image/png', '', 'https://czw-netmi.oss-cn-hangzhou.aliyuncs.com/__liemi__/image/png/BFWXZNTHK1234678_1577092749.png', '1d7f74440d20badf1773b8bab2323fe8', 'd2fba89baa2fd3edd90228e2768372039c610b11', '1', '2019-12-23 17:19:09', '0', '0', 'BFWXZNTHK1234678_1577092749.png'), ('279', 'image/png', '', 'https://czw-netmi.oss-cn-hangzhou.aliyuncs.com/__liemi__/image/png/AFWXZMNTK0145789_1577092751.png', '8ca378169fb1e499a623deb83101a561', '7d752a4cec347d60739cab0520aaa5e4ca532de9', '1', '2019-12-23 17:19:11', '0', '0', 'AFWXZMNTK0145789_1577092751.png'), ('280', 'image/png', '', 'https://czw-netmi.oss-cn-hangzhou.aliyuncs.com/__liemi__/image/png/ABFZMNTK12345689_1577092995.png', 'cf7784e44fa4627524e1a2a2b2618988', '7f9350d3b890f0fdfa8a4db793d7d55d46ac5b5e', '1', '2019-12-23 17:23:15', '0', '0', 'ABFZMNTK12345689_1577092995.png'), ('281', 'image/jpeg', '', 'https://czw-netmi.oss-cn-hangzhou.aliyuncs.com/__liemi__/image/jpeg/ABFWXZNTH0346789_1577093028.jpg', '777245f52fb17ba6ac87f2b086f01468', '06a57c759187e8455584ff9d31c7d8b32998e6b4', '1', '2019-12-23 17:23:48', '0', '0', 'ABFWXZNTH0346789_1577093028.jpg'), ('282', 'image/jpeg', '', 'https://czw-netmi.oss-cn-hangzhou.aliyuncs.com/__liemi__/image/jpeg/BFXZMNHK12345678_1577093032.jpg', 'e47db1ad8fa8d6be8fc5cac7e0c27019', '0075cd792c289b42cb3b5697614aa1dacaa80c73', '1', '2019-12-23 17:23:52', '0', '0', 'BFXZMNHK12345678_1577093032.jpg'), ('283', 'image/png', '', 'https://czw-netmi.oss-cn-hangzhou.aliyuncs.com/__liemi__/image/png/ABWXZMTHK1234568_1577095606.png', '7949ab89c79a7a0af83350c4c0f1d797', '2bb9c573ee7bb134ac4055d02e9b6432811bc2d0', '1', '2019-12-23 18:06:46', '0', '0', 'ABWXZMTHK1234568_1577095606.png'), ('284', 'image/png', '', 'https://czw-netmi.oss-cn-hangzhou.aliyuncs.com/__liemi__/image/png/BFWXZMNK02345678_1577100715.png', '9466af77406f17984112fefed866a765', '064b81cceaeb53866ed86c30468057ffb4a7d09f', '1', '2019-12-23 19:31:55', '0', '0', 'BFWXZMNK02345678_1577100715.png'), ('285', 'image/png', '', 'https://czw-netmi.oss-cn-hangzhou.aliyuncs.com/__liemi__/image/png/ABFWMNTH01235789_1577101522.png', '8e0f1e418c39858b0f8cf33b8980f565', 'c765c5d34d5373da317baf75031b3fd6506638ea', '1', '2019-12-23 19:45:22', '0', '0', 'ABFWMNTH01235789_1577101522.png'), ('286', 'image/png', '', 'https://czw-netmi.oss-cn-hangzhou.aliyuncs.com/__liemi__/image/png/ABFWXMNTHK234578_1577101545.png', '8b44b7e50d29e4826480834f3c502111', 'b4626379f1d275ea313c61a7d045adf34fba5096', '1', '2019-12-23 19:45:45', '0', '0', 'ABFWXMNTHK234578_1577101545.png'), ('287', 'image/png', '', 'https://czw-netmi.oss-cn-hangzhou.aliyuncs.com/__liemi__/image/png/BWXTHK0123456789_1577101558.png', '130ff6319d0c6de8165434ea19073c5b', 'f2df40e2802e4dc61c69b9477f4fb84c395acec5', '1', '2019-12-23 19:45:58', '0', '0', 'BWXTHK0123456789_1577101558.png'), ('288', 'image/jpeg', '', 'https://czw-netmi.oss-cn-hangzhou.aliyuncs.com/__liemi__/image/jpeg/ABWXZMHK01245789_1577102317.jpg', 'd9e68b8adfff92d3c9c9f6da50848653', 'f7ce07240722d3758e35fadfe7a99438fd7ad5ee', '1', '2019-12-23 19:58:37', '0', '0', 'ABWXZMHK01245789_1577102317.jpg'), ('289', 'image/jpeg', '', 'https://czw-netmi.oss-cn-hangzhou.aliyuncs.com/__liemi__/image/jpeg/ABFWXZMTH0134569_1577102330.jpg', '4f9da364960a1e539682cbf5c972ee74', '37da3dccda270a0462666d28022d2a3af60fc841', '1', '2019-12-23 19:58:50', '0', '0', 'ABFWXZMTH0134569_1577102330.jpg'), ('290', 'image/png', '', 'https://czw-netmi.oss-cn-hangzhou.aliyuncs.com/__liemi__/image/png/ABFWXZMNT0134589_1577102544.png', 'a469f7cf54ad0a275204f333d40e4d77', '49a8ed94c238dc68f17a940b4035aec9c9d8aa16', '1', '2019-12-23 20:02:25', '0', '0', 'ABFWXZMNT0134589_1577102544.png'), ('291', 'image/jpeg', '', 'https://czw-netmi.oss-cn-hangzhou.aliyuncs.com/__liemi__/image/jpeg/BFWXZNK013456789_1577102588.jpg', 'f78387ced1a3684a920a8a249714feb1', '41562bdcd3eb71d12389e73262bd668155c2c48f', '1', '2019-12-23 20:03:08', '0', '0', 'BFWXZNK013456789_1577102588.jpg'), ('292', 'image/png', '', 'https://czw-netmi.oss-cn-hangzhou.aliyuncs.com/__liemi__/image/png/ABWXZMTHK0123479_1577102964.png', '3f88375f4405c0cd06711b40fd4cee14', '1fd147ce68a970029ba95779d072cdcdd03832e3', '1', '2019-12-23 20:09:24', '0', '0', 'ABWXZMTHK0123479_1577102964.png'), ('293', 'image/png', '', 'https://czw-netmi.oss-cn-hangzhou.aliyuncs.com/__liemi__/image/png/BWXZMNHK12345689_1577102964.png', 'e188eba43bb27abe970872a34835f6c0', 'ddd14c5a6ad54c3fd6c9064b065557a690be999c', '1', '2019-12-23 20:09:24', '0', '0', 'BWXZMNHK12345689_1577102964.png'), ('294', 'image/png', '', 'https://czw-netmi.oss-cn-hangzhou.aliyuncs.com/__liemi__/image/png/ABWXZMTK01236789_1577102965.png', 'cd20622809fb62641a9a914e65040b3a', 'f99ba3f188320766fca0f0051ce57d49aad87eb3', '1', '2019-12-23 20:09:25', '0', '0', 'ABWXZMTK01236789_1577102965.png'), ('295', 'image/png', '', 'https://czw-netmi.oss-cn-hangzhou.aliyuncs.com/__liemi__/image/png/ABFXZNHK02345678_1577102966.png', 'f18da9b4e39f2d06dfa35712cb91ab12', '8419695b839e0dee242fde6ce77d73f67de455b7', '1', '2019-12-23 20:09:26', '0', '0', 'ABFXZNHK02345678_1577102966.png'), ('296', 'image/png', '', 'https://czw-netmi.oss-cn-hangzhou.aliyuncs.com/__liemi__/image/png/BFWXMNHK03456789_1577102967.png', '38444929c053566c7296b90540d9d533', '0483e48bdf1e6747b2be3ac721dafaf7f7ccbdf2', '1', '2019-12-23 20:09:27', '0', '0', 'BFWXMNHK03456789_1577102967.png'), ('297', 'image/png', '', 'https://czw-netmi.oss-cn-hangzhou.aliyuncs.com/__liemi__/image/png/ABFWZMTK03456789_1577102981.png', 'b5227f528d082b5dacc52b2509c111d4', 'be85d4162555f5f51b07c9ff6e05421643f9db93', '1', '2019-12-23 20:09:41', '0', '0', 'ABFWZMTK03456789_1577102981.png'), ('298', 'image/png', '', 'https://czw-netmi.oss-cn-hangzhou.aliyuncs.com/__liemi__/image/png/ABFWZMNK01234579_1577105666.png', 'b8c7d6bce3c2b983d88920a111809812', '5a43aac90b9e9b25d8fab2e4f222701929b0fb89', '1', '2019-12-23 20:54:26', '0', '0', 'ABFWZMNK01234579_1577105666.png'), ('299', 'image/png', '', 'https://czw-netmi.oss-cn-hangzhou.aliyuncs.com/__liemi__/image/png/AFWMNTHK01234568_1577105667.png', 'b477295428beaf4835a164c101bdd4b3', '777799a40ac6e430baaeb1fa3bbac54d05ec9e7e', '1', '2019-12-23 20:54:27', '0', '0', 'AFWMNTHK01234568_1577105667.png'), ('300', 'image/jpeg', '', 'https://czw-netmi.oss-cn-hangzhou.aliyuncs.com/__liemi__/image/jpeg/BFWMNTHK01234678_1577106195.jpg', '92620d87cef621971b9836d5dbe8d39d', '414631866c15b487079442b95163950fa05ac109', '1', '2019-12-23 21:03:15', '0', '0', 'BFWMNTHK01234678_1577106195.jpg');
INSERT INTO `material` VALUES ('301', 'image/png', '', 'https://czw-netmi.oss-cn-hangzhou.aliyuncs.com/__liemi__/image/png/ABFXZMHK01245679_1577107682.png', '0a46de32da372a5893365fe969446005', 'bb15deefdc9431bb3a11a3a7550a4bf45c23c1c3', '1', '2019-12-23 21:28:02', '0', '0', 'ABFXZMHK01245679_1577107682.png'), ('302', 'image/png', '', 'https://czw-netmi.oss-cn-hangzhou.aliyuncs.com/__liemi__/image/png/ABWXMNH012356789_1577107704.png', '6747170597acf458a6101f1fc9829687', '4a727651bbd453642e1e5eef095453e4bd9b637d', '1', '2019-12-23 21:28:24', '0', '0', 'ABWXMNH012356789_1577107704.png'), ('303', 'image/png', '', 'https://czw-netmi.oss-cn-hangzhou.aliyuncs.com/__liemi__/image/png/AFWXZMTHK0246789_1577107909.png', '64ca8313b1a279e6474596dd1058c729', '6134d951e019d48f938a4bea8dbface65449ff7f', '1', '2019-12-23 21:31:49', '0', '0', 'AFWXZMTHK0246789_1577107909.png'), ('304', 'image/jpeg', '', 'https://czw-netmi.oss-cn-hangzhou.aliyuncs.com/__liemi__/image/jpeg/BWXZMNTHK0123458_1577128716.jpg', '73dc00ed724cfb3c24e63063d346e479', '70ede9577bddff54791c8b971d943f300560e009', '1', '2019-12-24 03:18:37', '0', '0', 'BWXZMNTHK0123458_1577128716.jpg'), ('305', 'application/vnd.openxmlformats-officedocument.spreadsheetml.sheet', '', 'https://czw-netmi.oss-cn-hangzhou.aliyuncs.com/__liemi__/application/vnd.openxmlformats-officedocument.spreadsheetml.sheet/ABFWXZMTHK012346_1577157666.xlsx', '60074ee8fa55d9b247389aa4b7c6e501', '4872c88f493b481e85313b5d40e054644553c085', '1', '2019-12-24 11:21:06', '0', '0', 'ABFWXZMTHK012346_1577157666.xlsx'), ('306', 'application/vnd.ms-powerpoint', '', 'https://czw-netmi.oss-cn-hangzhou.aliyuncs.com/__liemi__/application/vnd.ms-powerpoint/ABFWZMNTHK024678_1577158248.ppt', '549d91a5a28572f85e01e9047ea69f48', '7effd3bd998234b272c9c48a3b7b709671405667', '1', '2019-12-24 11:30:48', '0', '0', 'ABFWZMNTHK024678_1577158248.ppt'), ('307', 'image/png', '', 'https://czw-netmi.oss-cn-hangzhou.aliyuncs.com/__liemi__/image/png/ABFXZMHK12356789_1577162872.png', 'f5d9a27e594d89d6575cc9cf5d328e30', 'f553118662068baeda9a7a1911433c547fa1572e', '1', '2019-12-24 12:47:52', '0', '0', 'ABFXZMHK12356789_1577162872.png'), ('308', 'image/png', '', 'https://czw-netmi.oss-cn-hangzhou.aliyuncs.com/__liemi__/image/png/ABFWXNTHK1235789_1577164530.png', '64dbcb914436b35f415dead240806b76', 'ea0b4f342f9f71a93cb6aa5ef7411d75658103f0', '1', '2019-12-24 13:15:30', '0', '0', 'ABFWXNTHK1235789_1577164530.png'), ('309', 'image/png', '', 'https://czw-netmi.oss-cn-hangzhou.aliyuncs.com/__liemi__/image/png/AFXZMNK012346789_1577166018.png', '3103c8e8a6f4b472f215285fe338de73', '94da5b089236dbaa32a2741df704a4d397e40142', '1', '2019-12-24 13:40:19', '0', '0', 'AFXZMNK012346789_1577166018.png'), ('310', 'image/jpeg', '', 'https://czw-netmi.oss-cn-hangzhou.aliyuncs.com/__liemi__/image/jpeg/BWXZMNTHK0245679_1577168862.jpg', '02d1fba45db27db5a3ac591ed487cfd5', 'ad666eff1d604ea5728e0cfac5a93f812660d009', '1', '2019-12-24 14:27:42', '0', '0', 'BWXZMNTHK0245679_1577168862.jpg'), ('311', 'image/png', '', 'https://czw-netmi.oss-cn-hangzhou.aliyuncs.com/__liemi__/image/png/ABFWZNTHK0234578_1577170990.png', 'bd690263e7748562b4dc1e76359ab268', 'd1bde3ee8a16d7e6df3451bbc110973481657356', '1', '2019-12-24 15:03:10', '0', '0', 'ABFWZNTHK0234578_1577170990.png'), ('312', 'image/png', '', 'https://czw-netmi.oss-cn-hangzhou.aliyuncs.com/__liemi__/image/png/AFWXZMTHK0234578_1577171022.png', 'a3cd4621a846f967fd10ef8432132ba3', 'af47cf7faa515378763d5ffada2b5668eabf392d', '1', '2019-12-24 15:03:42', '0', '0', 'AFWXZMTHK0234578_1577171022.png'), ('313', 'image/png', '', 'https://czw-netmi.oss-cn-hangzhou.aliyuncs.com/__liemi__/image/png/ABFXZMNH01234689_1577174672.png', 'f7d2c20515b34c791e314c6e7ccef5ed', '00d4aa080bc2dfcecef2bebf615a18b9fa3cff31', '1', '2019-12-24 16:04:32', '0', '0', 'ABFXZMNH01234689_1577174672.png'), ('314', 'image/png', '', 'https://czw-netmi.oss-cn-hangzhou.aliyuncs.com/__liemi__/image/png/BFWXZNTHK1236789_1577174677.png', '918c81446b4f14b2f9d5540e2b0470d8', '05a1837f1a142f7f8ddc16b11cacea75d29b83b6', '1', '2019-12-24 16:04:37', '0', '0', 'BFWXZNTHK1236789_1577174677.png'), ('315', 'application/vnd.openxmlformats-officedocument.spreadsheetml.sheet', '', 'https://czw-netmi.oss-cn-hangzhou.aliyuncs.com/__liemi__/application/vnd.openxmlformats-officedocument.spreadsheetml.sheet/ABWXMNTK01356789_1577174691.xlsx', 'b27ff009f2931d94491112a37d687787', '7de083242dba71a2b6ef35d699c1c52d24722835', '1', '2019-12-24 16:04:51', '0', '0', 'ABWXMNTK01356789_1577174691.xlsx'), ('316', 'image/png', '', 'https://czw-netmi.oss-cn-hangzhou.aliyuncs.com/__liemi__/image/png/BXZMNTK012356789_1577183952.png', '1947ab955a8a727aca879a759c42ce60', '150702d17174b5a88f58adefbfaa859ba746a8c1', '1', '2019-12-24 18:39:12', '0', '0', 'BXZMNTK012356789_1577183952.png'), ('317', 'image/png', '', 'https://czw-netmi.oss-cn-hangzhou.aliyuncs.com/__liemi__/image/png/ABFXZMT012345678_1577186294.png', 'd05b681c6a0e7bce02f0a398ed98f5d5', 'cdc02f34ba503a7aa1c3a5e829b1a9f278bcc2df', '1', '2019-12-24 19:18:14', '0', '0', 'ABFXZMT012345678_1577186294.png'), ('318', 'image/png', '', 'https://czw-netmi.oss-cn-hangzhou.aliyuncs.com/__liemi__/image/png/ABWXZMNTHK056789_1577186330.png', 'ac238dce3bc392025b18e45849f15eb5', 'be920d9d128c3d8d5299f32e47b561496e0e3ecd', '1', '2019-12-24 19:18:50', '0', '0', 'ABWXZMNTHK056789_1577186330.png'), ('319', 'image/png', '', 'https://czw-netmi.oss-cn-hangzhou.aliyuncs.com/__liemi__/image/png/FWZMNTHK02345689_1577186403.png', '35214a81a96d7b21e5e0bc005eaeb923', 'e9e60ecfd8e8140f712339c12824c4a33c0ef16b', '1', '2019-12-24 19:20:03', '0', '0', 'FWZMNTHK02345689_1577186403.png'), ('320', 'image/png', '', 'https://czw-netmi.oss-cn-hangzhou.aliyuncs.com/__liemi__/image/png/ABFXZMTHK0145789_1577189173.png', '061611e587a4f436434a12bb77c9fa69', '8658140463dd6be6761e2275f9c4e99373b507ef', '1', '2019-12-24 20:06:13', '0', '0', 'ABFXZMTHK0145789_1577189173.png'), ('321', 'image/png', '', 'https://czw-netmi.oss-cn-hangzhou.aliyuncs.com/__liemi__/image/png/ABFXZMNTH1234568_1577189257.png', '686f367b59e990a6efc02b99ca14b473', '48e6bf2eb46d55a6d1ecc41e637e4b39a599f172', '1', '2019-12-24 20:07:37', '0', '0', 'ABFXZMNTH1234568_1577189257.png'), ('322', 'image/png', '', 'https://czw-netmi.oss-cn-hangzhou.aliyuncs.com/__liemi__/image/png/ABFWXZNTHK026789_1577189257.png', '667e96d6deae18d0fd2bf09699aa6ebf', '13dded807d8af6ec8dbf79a8089169b3dbf75996', '1', '2019-12-24 20:07:37', '0', '0', 'ABFWXZNTHK026789_1577189257.png'), ('323', 'image/png', '', 'https://czw-netmi.oss-cn-hangzhou.aliyuncs.com/__liemi__/image/png/ABXZMNTHK1345689_1577189268.png', '3cdb39c9c5e4e584900cad7a637ee442', 'e9ab770ad12ee93a6b98764900e5619e0125038e', '1', '2019-12-24 20:07:48', '0', '0', 'ABXZMNTHK1345689_1577189268.png'), ('324', 'image/png', '', 'https://czw-netmi.oss-cn-hangzhou.aliyuncs.com/__liemi__/image/png/ABWXZMTH01345789_1577189268.png', '349badd2b9c53ce58d9d425949544a9e', 'ad5eab85224e0a3c617a40a099c0cee4727c9291', '1', '2019-12-24 20:07:48', '0', '0', 'ABWXZMTH01345789_1577189268.png'), ('325', 'image/png', '', 'https://czw-netmi.oss-cn-hangzhou.aliyuncs.com/__liemi__/image/png/ABFWXMNK01234568_1577236077.png', 'd0b3c6284c787d4eef366770ccd70730', '26aba4007df19f566493ef514602199305a646cc', '1', '2019-12-25 09:07:58', '0', '0', 'ABFWXMNK01234568_1577236077.png'), ('326', 'image/png', '', 'https://czw-netmi.oss-cn-hangzhou.aliyuncs.com/__liemi__/image/png/FWXZMHK013456789_1577236088.png', '2881fb5a42acf4d4728dcf7ac7310fc1', '8b45d2df3ee86b6e3f5ca11dbc68bdf9b0a8dd5f', '1', '2019-12-25 09:08:08', '0', '0', 'FWXZMHK013456789_1577236088.png'), ('327', 'image/png', '', 'https://czw-netmi.oss-cn-hangzhou.aliyuncs.com/__liemi__/image/png/BFWXZMNTHK036789_1577237836.png', '6714b33ab7d09b8fc3d0960cbebcae22', 'a542c7b22cf448ad6899171c331ae4bdb8876cba', '1', '2019-12-25 09:37:17', '0', '0', 'BFWXZMNTHK036789_1577237836.png'), ('328', 'image/png', '', 'https://czw-netmi.oss-cn-hangzhou.aliyuncs.com/__liemi__/image/png/ABFWXZMH12345789_1577237863.png', '91a7e1943a915b679f5cfbb2f9b75b29', '2116a4e170fd8a72dc7afe2364a8a3d8d96b8ee3', '1', '2019-12-25 09:37:43', '0', '0', 'ABFWXZMH12345789_1577237863.png'), ('329', 'image/png', '', 'https://czw-netmi.oss-cn-hangzhou.aliyuncs.com/__liemi__/image/png/ABWZMNTH02345689_1577237877.png', 'b3178ce14879e33ee9f0a6ca4921f84c', '37e01152b44bc32b5afbafda0dc4aa8070ef8274', '1', '2019-12-25 09:37:57', '0', '0', 'ABWZMNTH02345689_1577237877.png'), ('330', 'image/png', '', 'https://czw-netmi.oss-cn-hangzhou.aliyuncs.com/__liemi__/image/png/ABFWXMNTK0135689_1577237879.png', '943830a227b627bc80457d9b0e5fd504', 'ae47cb8ccb42c3a839b8c624b8ff7fc9fd079ad6', '1', '2019-12-25 09:37:59', '0', '0', 'ABFWXMNTK0135689_1577237879.png'), ('331', 'image/png', '', 'https://czw-netmi.oss-cn-hangzhou.aliyuncs.com/__liemi__/image/png/AFWXZMTH23456789_1577237879.png', '3ed7ad87598cc307bc30d27c1d35f07f', 'ecc55f3c97526d859128ec947fb30a65daaa27f8', '1', '2019-12-25 09:37:59', '0', '0', 'AFWXZMTH23456789_1577237879.png'), ('332', 'image/jpeg', '', 'https://czw-netmi.oss-cn-hangzhou.aliyuncs.com/__liemi__/image/jpeg/ABFXZTHK01345679_1577237944.jpg', '14e99230cfb9fc010587ff3b531e352d', 'e36d2db4be5a36914f5cc1439515dba02bc156e9', '1', '2019-12-25 09:39:04', '0', '0', 'ABFXZTHK01345679_1577237944.jpg'), ('333', 'image/png', '', 'https://czw-netmi.oss-cn-hangzhou.aliyuncs.com/__liemi__/image/png/AWXMNTK012345678_1577242680.png', 'ff12357d9fa14b556db5846d74fbf01b', '61bc107da6d4d723301dd2ed527c5428babb2a8b', '1', '2019-12-25 10:58:00', '0', '0', 'AWXMNTK012345678_1577242680.png'), ('334', 'image/png', '', 'https://czw-netmi.oss-cn-hangzhou.aliyuncs.com/__liemi__/image/png/BWXZMNTH01234568_1577243875.png', '673c614950450e55469bafb8c1c54421', 'b0a2eb1e20eb29e7e20b90f9136d7c79bab6707c', '1', '2019-12-25 11:17:55', '0', '0', 'BWXZMNTH01234568_1577243875.png'), ('335', 'image/jpeg', '', 'https://czw-netmi.oss-cn-hangzhou.aliyuncs.com/__liemi__/image/jpeg/BFXZMNTH01234679_1577257630.jpg', '75324104d92932072a47fb943d5b411c', 'f1009722c43bc6e61fd7d3fb5758e7ac4666145f', '1', '2019-12-25 15:07:10', '0', '0', 'BFXZMNTH01234679_1577257630.jpg'), ('336', 'image/png', '', 'https://czw-netmi.oss-cn-hangzhou.aliyuncs.com/__liemi__/image/png/AFWXZMNTK1256789_1577257633.png', '25af62568c3e612eac02e66bd067c898', '877048a1cd47171e40f723e46345e443781a3da3', '1', '2019-12-25 15:07:13', '0', '0', 'AFWXZMNTK1256789_1577257633.png'), ('337', 'image/png', '', 'https://czw-netmi.oss-cn-hangzhou.aliyuncs.com/__liemi__/image/png/BFWXZMNH02356789_1577271805.png', 'f31d407ee040030ef79c745755aaf11c', 'cf960360fa48efbe4877d84ca048350265c05aa6', '1', '2019-12-25 19:03:25', '0', '0', 'BFWXZMNH02356789_1577271805.png'), ('338', 'image/png', '', 'https://czw-netmi.oss-cn-hangzhou.aliyuncs.com/__liemi__/image/png/AFZMNTHK01345689_1577275251.png', '73d43b151c8ef2a0cc710697b97c9021', 'cb1c3529c94f1d200ecf3620e2b41e12e58ac549', '1', '2019-12-25 20:00:51', '0', '0', 'AFZMNTHK01345689_1577275251.png'), ('339', 'image/png', '', 'https://czw-netmi.oss-cn-hangzhou.aliyuncs.com/__liemi__/image/png/FWXZMNTHK0134789_1577275405.png', 'b8abbcec5d7f7837c59cec666f34f82b', '4cff8bf1f7ece8c851b4f054bd92b9102140bcc0', '1', '2019-12-25 20:03:25', '0', '0', 'FWXZMNTHK0134789_1577275405.png'), ('340', 'image/png', '', 'https://czw-netmi.oss-cn-hangzhou.aliyuncs.com/__liemi__/image/png/ABWXZMNK12345789_1577275451.png', '344918de0e13e7a7456d78144c7c8c51', '235b38da52a8ad1348161d0592995ed39efb131a', '1', '2019-12-25 20:04:11', '0', '0', 'ABWXZMNK12345789_1577275451.png'), ('341', 'image/png', '', 'https://czw-netmi.oss-cn-hangzhou.aliyuncs.com/__liemi__/image/png/ABFXMTHK01234569_1577277930.png', '80ba98ac3219ee1bfad8a33ceed5c83a', 'aa451c67c83d822343d629944687d2724df4a3c7', '1', '2019-12-25 20:45:30', '0', '0', 'ABFXMTHK01234569_1577277930.png'), ('342', 'image/png', '', 'https://czw-netmi.oss-cn-hangzhou.aliyuncs.com/__liemi__/image/png/AFWXZMTH02346789_1577280287.png', '564bf300e3cbb4ea4a7bd49a18fa4a5d', '944f7450f1c4e0f4406e9ee36c3aa196ac129935', '1', '2019-12-25 21:24:47', '0', '0', 'AFWXZMTH02346789_1577280287.png'), ('343', 'image/png', '', 'https://czw-netmi.oss-cn-hangzhou.aliyuncs.com/__liemi__/image/png/ABFWXZMNHK024567_1577280322.png', 'b7c388aa7fe71a18b84584b9e91a13e4', '617aa43e616f23f809924d7278ac688b1229f466', '1', '2019-12-25 21:25:22', '0', '0', 'ABFWXZMNHK024567_1577280322.png'), ('344', 'image/png', '', 'https://czw-netmi.oss-cn-hangzhou.aliyuncs.com/__liemi__/image/png/AFWZMNTHK0123469_1577280338.png', '2f15606477dfeed18a6edf7fecc93b76', 'b2683c006c3accd075497d0c53ae799d554a29ab', '1', '2019-12-25 21:25:38', '0', '0', 'AFWZMNTHK0123469_1577280338.png'), ('345', 'image/png', '', 'https://czw-netmi.oss-cn-hangzhou.aliyuncs.com/__liemi__/image/png/ABFXZNTH01245679_1577329951.png', '1ddfe31ee8de8f988ef1b090af02fc5f', 'fc53e89c6ce52981076bcfb882074c841b5aac66', '1', '2019-12-26 11:12:31', '0', '0', 'ABFXZNTH01245679_1577329951.png'), ('346', 'image/png', '', 'https://czw-netmi.oss-cn-hangzhou.aliyuncs.com/__liemi__/image/png/AFWZMTHK23456789_1577332443.png', 'bf85c2c4659db1035e39c12ba472425b', '63fcfa9790c34b320bf07c8f593caec2bc115f17', '1', '2019-12-26 11:54:04', '0', '0', 'AFWZMTHK23456789_1577332443.png'), ('347', 'image/png', '', 'https://czw-netmi.oss-cn-hangzhou.aliyuncs.com/__liemi__/image/png/ABFWZMNTHK246789_1577334120.png', '61daf2c59888234a82f4fe757a71dcc1', '07c46f75f7c003a5fc08ccbb72e9795f4448ad94', '1', '2019-12-26 12:22:00', '0', '0', 'ABFWZMNTHK246789_1577334120.png'), ('348', 'image/png', '', 'https://czw-netmi.oss-cn-hangzhou.aliyuncs.com/__liemi__/image/png/ABFWXZMNTK034567_1577335783.png', '492c46e2306bf70c09bb1bb119f17759', 'a9d720289d7a1ef7686e52970cf87c125bbcb28c', '1', '2019-12-26 12:49:43', '0', '0', 'ABFWXZMNTK034567_1577335783.png'), ('349', 'image/png', '', 'https://czw-netmi.oss-cn-hangzhou.aliyuncs.com/__liemi__/image/png/ABWXZMTK01235689_1577353440.png', '82365ba5602ddf5af01b20ccd952f3a5', '0f7c33ee945c0dcee0cbac14842e1c65d053fbd8', '1', '2019-12-26 17:44:00', '0', '0', 'ABWXZMTK01235689_1577353440.png'), ('350', 'image/png', '', 'https://czw-netmi.oss-cn-hangzhou.aliyuncs.com/__liemi__/image/png/AFWZMNTH01234567_1577429665.png', '4d139fdc4825ee296e936ba51e8d425e', 'ac858b51108cc1bc3c7e97f323db0546e9874baf', '1', '2019-12-27 14:54:25', '0', '0', 'AFWZMNTH01234567_1577429665.png'), ('351', 'image/png', '', 'https://czw-netmi.oss-cn-hangzhou.aliyuncs.com/__liemi__/image/png/ABFXZTHK01345789_1577459550.png', '28617fced22d530e9be086205afa4e03', 'df44db9f3d22420418dc7f48068c0f96dd95932c', '1', '2019-12-27 23:12:30', '0', '0', 'ABFXZTHK01345789_1577459550.png'), ('352', 'image/png', '', 'https://czw-netmi.oss-cn-hangzhou.aliyuncs.com/__liemi__/image/png/ABFWXZMNT1234678_1577532684.png', '2317673301d7e3d0a08eab6ff3b1c666', 'c54ac2ef4140c406ebb6495dfb15c7ec0037d534', '1', '2019-12-28 19:31:24', '0', '0', 'ABFWXZMNT1234678_1577532684.png'), ('353', 'image/png', '', 'https://czw-netmi.oss-cn-hangzhou.aliyuncs.com/__liemi__/image/png/BFWXZMNTK1346789_1577535131.png', 'c30a83d8660cc6271492abec4ac6e305', '4686b81e45505c9c47cc109ef8e044ac04193cd7', '1', '2019-12-28 20:12:11', '0', '0', 'BFWXZMNTK1346789_1577535131.png'), ('354', 'image/png', '', 'https://czw-netmi.oss-cn-hangzhou.aliyuncs.com/__liemi__/image/png/ABWXZMTHK0234689_1577535163.png', '9ec472bfc08e11bda287911375ecced3', '291bf1a2b39b3d7f5edd58d741d790607af921bb', '1', '2019-12-28 20:12:43', '0', '0', 'ABWXZMTHK0234689_1577535163.png'), ('355', 'image/png', '', 'https://czw-netmi.oss-cn-hangzhou.aliyuncs.com/__liemi__/image/png/AFWXZNTHK0134789_1577535166.png', 'c2c7f2eb00150ba264ebf90b596dd5ac', 'b55b93ac62616458438929dab7f63b4c71be2f89', '1', '2019-12-28 20:12:46', '0', '0', 'AFWXZNTHK0134789_1577535166.png'), ('356', 'image/png', '', 'https://czw-netmi.oss-cn-hangzhou.aliyuncs.com/__liemi__/image/png/AFWXZMNHK0235679_1577535175.png', '3f8a115b0eda5c53fbff2c9dfcc6e2c0', '0894056a6b6f57e898a4267fc34befba09c5fdca', '1', '2019-12-28 20:12:55', '0', '0', 'AFWXZMNHK0235679_1577535175.png'), ('357', 'image/png', '', 'https://czw-netmi.oss-cn-hangzhou.aliyuncs.com/__liemi__/image/png/ABFWXZMNTHK16789_1577535175.png', '90bc2b21c861558be7692a6a2eb372eb', '39378d79e7d670ee8085040d0eb33c578c3c5298', '1', '2019-12-28 20:12:56', '0', '0', 'ABFWXZMNTHK16789_1577535175.png'), ('358', 'image/png', '', 'https://czw-netmi.oss-cn-hangzhou.aliyuncs.com/__liemi__/image/png/AFWXZMT023456789_1577537750.png', '9238f62c04ca264c31d922f657d30517', '1bf18e9e42af6ad9f0acad96330b642074d84b76', '1', '2019-12-28 20:55:51', '0', '0', 'AFWXZMT023456789_1577537750.png'), ('359', 'image/png', '', 'https://czw-netmi.oss-cn-hangzhou.aliyuncs.com/__liemi__/image/png/ABFWXMNTK0146789_1577537761.png', '5743cd17cd3d22217b5620ab363cab7e', '3a09459e78fbe37424ed44df6de716b3060e09d4', '1', '2019-12-28 20:56:01', '0', '0', 'ABFWXMNTK0146789_1577537761.png'), ('360', 'image/png', '', 'https://czw-netmi.oss-cn-hangzhou.aliyuncs.com/__liemi__/image/png/BFWXMNTHK0134579_1577608058.png', '29fad24e205ced92fc91f34049931b6a', '8f56ff647421e54521706f0d24983d2c60f68c6f', '1', '2019-12-29 16:27:38', '0', '0', 'BFWXMNTHK0134579_1577608058.png'), ('361', 'image/png', '', 'https://czw-netmi.oss-cn-hangzhou.aliyuncs.com/__liemi__/image/png/BFXZMTHK01346789_1577689532.png', 'a84f10ede7e9db71c5d7f10768894701', '20d2a814c1fca473993edf535563f6ea744db02c', '1', '2019-12-30 15:05:32', '0', '0', 'BFXZMTHK01346789_1577689532.png'), ('362', 'image/png', '', 'https://czw-netmi.oss-cn-hangzhou.aliyuncs.com/__liemi__/image/png/ABFXMNT012345689_1577689619.png', 'a4aaff564f98f4e0c8093781827106fe', '7d393f286614ba172d521504e701b624cd4b446a', '1', '2019-12-30 15:06:59', '0', '0', 'ABFXMNT012345689_1577689619.png'), ('363', 'image/png', '', 'https://czw-netmi.oss-cn-hangzhou.aliyuncs.com/__liemi__/image/png/ABFWXZMNHK034569_1577689708.png', 'e885ab4c70de3ae8f1ad084205defc89', '8b2edd7ffe6be58681f45f3552a9d0bb69f3432e', '1', '2019-12-30 15:08:28', '0', '0', 'ABFWXZMNHK034569_1577689708.png'), ('364', 'image/png', '', 'https://czw-netmi.oss-cn-hangzhou.aliyuncs.com/__liemi__/image/png/AFXZMTHK12345689_1577689739.png', '10edfabf9f736318fd8828372984675e', '53aa5b9284d870dcac967ddf1f69de386f49c3c0', '1', '2019-12-30 15:08:59', '0', '0', 'AFXZMTHK12345689_1577689739.png'), ('365', 'image/png', '', 'https://czw-netmi.oss-cn-hangzhou.aliyuncs.com/__liemi__/image/png/ABWXMNTHK1235679_1577689744.png', '9f8302ec8e07ff23371ecf853d584fc4', '8b41f7fd8b50e67da033998c00ab4dafe87c320b', '1', '2019-12-30 15:09:04', '0', '0', 'ABWXMNTHK1235679_1577689744.png'), ('366', 'image/png', '', 'https://czw-netmi.oss-cn-hangzhou.aliyuncs.com/__liemi__/image/png/ABFXZNT012345679_1577689771.png', '3b61b87310835f42b1c323957a15c0ed', '4d3ed06bd1ee9fe51e6147ada629f7f4b1bdbbde', '1', '2019-12-30 15:09:31', '0', '0', 'ABFXZNT012345679_1577689771.png'), ('367', 'image/png', '', 'https://czw-netmi.oss-cn-hangzhou.aliyuncs.com/__liemi__/image/png/AFWXZMNHK0456789_1577689791.png', 'c3535e32f646950ee38c49a7997561bd', '933b329f8db6237d76012a71b4507f29b6bd24c4', '1', '2019-12-30 15:09:51', '0', '0', 'AFWXZMNHK0456789_1577689791.png'), ('368', 'image/jpeg', '', 'https://czw-netmi.oss-cn-hangzhou.aliyuncs.com/__liemi__/image/jpeg/ABFWXMHK23456789_1577689920.jpg', '4ca84be15bde9bc3a72325b6707498ee', 'c8796516e65ab79ef62631e8fcabf5e2d9022142', '1', '2019-12-30 15:12:00', '0', '0', 'ABFWXMHK23456789_1577689920.jpg'), ('369', 'image/jpeg', '', 'https://czw-netmi.oss-cn-hangzhou.aliyuncs.com/__liemi__/image/jpeg/AFXNTK0123456789_1577689925.jpg', '6d1102dcc588e6f67cd9d9f4195b97f7', '7b8aaf5db042540f0957072436373f5778d26c29', '1', '2019-12-30 15:12:05', '0', '0', 'AFXNTK0123456789_1577689925.jpg'), ('370', 'image/png', '', 'https://czw-netmi.oss-cn-hangzhou.aliyuncs.com/__liemi__/image/png/ABWXZTHK02345678_1577691254.png', 'ace219448e0bfb1cbbd4fc7a29b1130e', 'd9a39d5fd00ed7a49909d9b10091700f34a355e0', '1', '2019-12-30 15:34:14', '0', '0', 'ABWXZTHK02345678_1577691254.png'), ('371', 'image/png', '', 'https://czw-netmi.oss-cn-hangzhou.aliyuncs.com/__liemi__/image/png/BFWXNTHK01234689_1577691263.png', 'a04abb53df04277aa9d015701dec5ebc', '255a3db35664bf4fb9675aafb0758122f5e7f5ff', '1', '2019-12-30 15:34:23', '0', '0', 'BFWXNTHK01234689_1577691263.png'), ('372', 'image/png', '', 'https://czw-netmi.oss-cn-hangzhou.aliyuncs.com/__liemi__/image/png/BFWZNTHK01235678_1577695423.png', '8374065ad7cc2000c24791b0f2e2dd59', 'd29f45bcf6dd446ae1ab2a35705e85d21ff2c446', '1', '2019-12-30 16:43:43', '0', '0', 'BFWZNTHK01235678_1577695423.png'), ('373', 'image/jpeg', '', 'https://czw-netmi.oss-cn-hangzhou.aliyuncs.com/__liemi__/image/jpeg/BWZMNTHK01234789_1577695567.jpg', '2bd82a4f2c13e6464451eb06de3396ed', '9e9a9b82ac824ee16c12212effa038d17a3ebad9', '1', '2019-12-30 16:46:07', '0', '0', 'BWZMNTHK01234789_1577695567.jpg'), ('374', 'image/png', '', 'https://czw-netmi.oss-cn-hangzhou.aliyuncs.com/__liemi__/image/png/AFWXZHK123456789_1577696388.png', '67c984d8d5d771e9760020d3f34d6c24', '2498a8465008512365b8097b9eb7e70e561ac6c3', '1', '2019-12-30 16:59:48', '0', '0', 'AFWXZHK123456789_1577696388.png'), ('375', 'image/png', '', 'https://czw-netmi.oss-cn-hangzhou.aliyuncs.com/__liemi__/image/png/ABFWXTHK01245789_1577696438.png', 'b92a3e342c88803ff450a04ac99896cf', '35eb410afb7d55da9c6bbd5556588d972f6e8f11', '1', '2019-12-30 17:00:38', '0', '0', 'ABFWXTHK01245789_1577696438.png'), ('376', 'image/png', '', 'https://czw-netmi.oss-cn-hangzhou.aliyuncs.com/__liemi__/image/png/ABFWXZMNHK123679_1577696494.png', 'a94ba7b2f8aad4211bb357ac568bcf47', '671e05871d5f4668141f41216b43f6844a357c6e', '1', '2019-12-30 17:01:34', '0', '0', 'ABFWXZMNHK123679_1577696494.png'), ('377', 'image/png', '', 'https://czw-netmi.oss-cn-hangzhou.aliyuncs.com/__liemi__/image/png/ABFWZMNTHK256789_1577696863.png', '6d9c8af04bdccede389a563f3be4007a', 'f5f549dba415ba8ff1c55e98ebc111dfec903109', '1', '2019-12-30 17:07:43', '0', '0', 'ABFWZMNTHK256789_1577696863.png'), ('378', 'image/jpeg', '', 'https://czw-netmi.oss-cn-hangzhou.aliyuncs.com/__liemi__/image/jpeg/ABFWXNTK02456789_1577696913.jpg', 'e706bccbfeddfb517ae9ccab5f288f24', '9ea72e8ce8cfcf2a8c87f380e347796a6110004c', '1', '2019-12-30 17:08:33', '0', '0', 'ABFWXNTK02456789_1577696913.jpg'), ('379', 'image/jpeg', '', 'https://czw-netmi.oss-cn-hangzhou.aliyuncs.com/__liemi__/image/jpeg/ABFWXZMNT1346789_1577696922.jpg', 'e4e9e6eb6e60ddb2a207eaf665bfc6c5', '61bb8cd476551d6ddf52d488b64aa2509917e490', '1', '2019-12-30 17:08:42', '0', '0', 'ABFWXZMNT1346789_1577696922.jpg'), ('380', 'image/png', '', 'https://czw-netmi.oss-cn-hangzhou.aliyuncs.com/__liemi__/image/png/AWXNTHK012345679_1577697263.png', 'b93e9bad7635bccb64a1a3d288937b49', '9c6f94b3ce2b6f184795b6f21c0049555375b5ea', '1', '2019-12-30 17:14:23', '0', '0', 'AWXNTHK012345679_1577697263.png'), ('381', 'image/jpeg', '', 'https://czw-netmi.oss-cn-hangzhou.aliyuncs.com/__liemi__/image/jpeg/ABWXZMTHK0123679_1577697917.jpeg', '2a8e3a4efa9a5080f3392dea7b18bb20', 'cac1f8bb7fbd53da8bfbc729cea71f73dd92f3bb', '1', '2019-12-30 17:25:17', '0', '0', 'ABWXZMTHK0123679_1577697917.jpeg'), ('382', 'image/jpeg', '', 'https://czw-netmi.oss-cn-hangzhou.aliyuncs.com/__liemi__/image/jpeg/AXZMTH0123456789_1577697935.jpeg', 'c730d0b6652dd230a25da71fb4ba91cd', '256c801593c9e138d6ef1bfd9d5bf3c679507270', '1', '2019-12-30 17:25:35', '0', '0', 'AXZMTH0123456789_1577697935.jpeg'), ('383', 'image/jpeg', '', 'https://czw-netmi.oss-cn-hangzhou.aliyuncs.com/__liemi__/image/jpeg/ABFWZNTH01345789_1577698008.jpeg', '0c0db4f93a59b1462f3578b4e2ade6d2', '67727d40b944fbfda992eee77a28788971803bcc', '1', '2019-12-30 17:26:48', '0', '0', 'ABFWZNTH01345789_1577698008.jpeg'), ('384', 'image/jpeg', '', 'https://czw-netmi.oss-cn-hangzhou.aliyuncs.com/__liemi__/image/jpeg/ABFXZMTHK0124589_1577703922.jpg', 'cccb9e898d70404bc3a9affaf25f7b42', '276e25f6b629c4cbd9d617a44601a5858472d086', '1', '2019-12-30 19:05:22', '0', '0', 'ABFXZMTHK0124589_1577703922.jpg'), ('385', 'image/png', '', 'https://czw-netmi.oss-cn-hangzhou.aliyuncs.com/__liemi__/image/png/AFWXZMNK01234679_1577945595.png', 'c50f11a3b18cf5893d6e6cee8ac2e367', 'df395913628e03d537bb17fee0fffc72e2c4d39b', '1', '2020-01-02 14:13:15', '0', '0', 'AFWXZMNK01234679_1577945595.png'), ('386', 'image/png', '', 'https://czw-netmi.oss-cn-hangzhou.aliyuncs.com/__liemi__/image/png/AFWXZNTHK2345678_1577945689.png', 'a4c5e5a0b428f822d8994df445ea52c5', '2e81f0f352806b19847da091c40379207fd9364a', '1', '2020-01-02 14:14:49', '0', '0', 'AFWXZNTHK2345678_1577945689.png'), ('387', 'image/png', '', 'https://czw-netmi.oss-cn-hangzhou.aliyuncs.com/__liemi__/image/png/ABFWZNTH02345789_1577945737.png', '15cc8a4d1f8fbb67bcdacb06187ecb58', 'd24056ee34ee206691a3926eac86160e7de0bcc6', '1', '2020-01-02 14:15:37', '0', '0', 'ABFWZNTH02345789_1577945737.png'), ('388', 'image/png', '', 'https://czw-netmi.oss-cn-hangzhou.aliyuncs.com/__liemi__/image/png/ABFWXZMTHK012469_1577945800.png', 'ce5ba262a41c474b69b449882fc0c28d', 'e1e77d1e3a95ac8d0e2ac6c27b02ab661b97d180', '1', '2020-01-02 14:16:40', '0', '0', 'ABFWXZMTHK012469_1577945800.png'), ('389', 'image/png', '', 'https://czw-netmi.oss-cn-hangzhou.aliyuncs.com/__liemi__/image/png/ABFWXZMHK0134679_1577945908.png', 'bcd787035ee5e1188b15baa78c43a874', '8ca151e41e82f041acfbe2394611dfd63aa51c71', '1', '2020-01-02 14:18:29', '0', '0', 'ABFWXZMHK0134679_1577945908.png'), ('390', 'image/png', '', 'https://czw-netmi.oss-cn-hangzhou.aliyuncs.com/__liemi__/image/png/ABXZNTHK01256789_1577946129.png', 'd5df61647621e5ef2b3035e2a0c71f5f', '371c3a48e757cac41f7a09364c75c3efe48d5281', '1', '2020-01-02 14:22:09', '0', '0', 'ABXZNTHK01256789_1577946129.png'), ('391', 'image/jpeg', '', 'https://czw-netmi.oss-cn-hangzhou.aliyuncs.com/__liemi__/image/jpeg/ABFXMNTHK0456789_1578020293.jpeg', '3e912233a06b821e77f89a77c0eb5699', 'e5a1d85ef6ac32f36884dd458b6e0c610a275555', '1', '2020-01-03 10:58:13', '0', '0', 'ABFXMNTHK0456789_1578020293.jpeg'), ('392', 'video/mp4', '', 'https://czw-netmi.oss-cn-hangzhou.aliyuncs.com/__liemi__/video/mp4/ABFWZMNTH0234589_1578293053.mp4', 'e49c554d96ae2a06f2c6150b6410fabf', '06a2c46d75a0e8e586581c9f89e69440d0229e0b', '1', '2020-01-06 14:44:13', '0', '0', 'ABFWZMNTH0234589_1578293053.mp4'), ('393', 'image/gif', '', 'https://czw-netmi.oss-cn-hangzhou.aliyuncs.com/__liemi__/image/gif/ABFWZMNT01235689_1578365616.gif', 'cb8e7a7a01b5b095b4e8caf89969e3ee', '8f5d05bfbf70b3a8dbf1d4b20871b4fa8c156f72', '1', '2020-01-07 10:53:36', '0', '0', 'ABFWZMNT01235689_1578365616.gif'), ('394', 'image/jpeg', '', 'https://czw-netmi.oss-cn-hangzhou.aliyuncs.com/__liemi__/image/jpeg/ABFWXMNTHK135679_1578553586.jpeg', 'ccd568296970f6a73a0f490797eb542f', '81eff04f5d81a8804fd8d1b66eb554b9fff45884', '1', '2020-01-09 15:06:26', '0', '0', 'ABFWXMNTHK135679_1578553586.jpeg'), ('395', 'image/png', '', 'https://czw-netmi.oss-cn-hangzhou.aliyuncs.com/__liemi__/image/png/ABFXMNHK01345689_1578553921.png', 'a0d80868fe37cc5b24f9a05ee50a994f', 'd47f212890b1031d01f75f2ec7a35308546b90b3', '1', '2020-01-09 15:12:02', '0', '0', 'ABFXMNHK01345689_1578553921.png'), ('396', 'image/gif', '', 'https://czw-netmi.oss-cn-hangzhou.aliyuncs.com/__liemi__/image/gif/BFWXMNTHK0234567_1578553929.gif', '8f3ea2779346d10b8fabe7227cba27a5', 'be49344b0985b3b12def70be374df7da9a7c9c10', '1', '2020-01-09 15:12:09', '0', '0', 'BFWXMNTHK0234567_1578553929.gif'), ('397', 'image/png', '', 'https://czw-netmi.oss-cn-hangzhou.aliyuncs.com/__liemi__/image/png/BFWXZMNTK0345689_1578554040.png', '772a245ad70418f8c7d43ee4ecdad007', '3a783e421927374db95de6892d94f925fdaffa57', '1', '2020-01-09 15:14:00', '0', '0', 'BFWXZMNTK0345689_1578554040.png'), ('398', 'image/jpeg', '', 'https://czw-netmi.oss-cn-hangzhou.aliyuncs.com/__liemi__/image/jpeg/ABFWXZNK01235789_1578555718.jpg', 'a74f8d9ade1ba5e48c028d28509094ff', 'e75e71c10bab86516559aefd0808db5e0eb9823c', '1', '2020-01-09 15:41:58', '0', '0', 'ABFWXZNK01235789_1578555718.jpg'), ('399', 'image/jpeg', '', 'https://czw-netmi.oss-cn-hangzhou.aliyuncs.com/__liemi__/image/jpeg/ABFXZMTHK1234569_1578561404.jpg', 'ea04b0c0e67ea221fb2907748ded3cf8', 'cb645592fd460b5d4d5f98a0b741d8c2f85e7e43', '1', '2020-01-09 17:16:44', '0', '0', 'ABFXZMTHK1234569_1578561404.jpg'), ('400', 'image/jpeg', '', 'https://czw-netmi.oss-cn-hangzhou.aliyuncs.com/__liemi__/image/jpeg/BWXZMTHK01346789_1578561433.jpg', '9128a4bb047ad98b5b46e02399117cd4', '03eb606f4a7261c66f6e5d3c0980e6aaf833bc02', '1', '2020-01-09 17:17:13', '0', '0', 'BWXZMTHK01346789_1578561433.jpg'), ('401', 'image/jpeg', '', 'https://czw-netmi.oss-cn-hangzhou.aliyuncs.com/__liemi__/image/jpeg/ABFWZMNTHK123489_1578561479.jpg', '514c2cd9a9d4edab37ad1cbcaeb38833', '09e242a162dd1a41213e3605989c8c14bd1023e5', '1', '2020-01-09 17:17:59', '0', '0', 'ABFWZMNTHK123489_1578561479.jpg'), ('402', 'image/jpeg', '', 'https://czw-netmi.oss-cn-hangzhou.aliyuncs.com/__liemi__/image/jpeg/ABFWXZMHK1245689_1578562739.jpg', '38da08c421ddbc5fdb77001501568ee7', '58f986b65002ccb99f61b840b460cb4a9ef7c034', '1', '2020-01-09 17:38:59', '0', '0', 'ABFWXZMHK1245689_1578562739.jpg'), ('403', 'image/jpeg', '', 'https://czw-netmi.oss-cn-hangzhou.aliyuncs.com/__liemi__/image/jpeg/AXZNTH0123456789_1578562764.jpg', '61b46497116f2636f2442989dfe71c7f', '47a76b7b262b42306de5cd9798123d655d0ab8e4', '1', '2020-01-09 17:39:24', '0', '0', 'AXZNTH0123456789_1578562764.jpg'), ('404', 'image/png', '', 'https://czw-netmi.oss-cn-hangzhou.aliyuncs.com/__liemi__/image/png/ABFWXZMTHK236789_1578564455.png', 'bb3942d927d48b92fc38820ec2533921', '64c56d44b9a1469229c1878be3efbc0c9486553c', '1', '2020-01-09 18:07:35', '0', '0', 'ABFWXZMTHK236789_1578564455.png'), ('405', 'image/jpeg', '', 'https://czw-netmi.oss-cn-hangzhou.aliyuncs.com/__liemi__/image/jpeg/BFWXZMNTHK124789_1578564752.jpg', '1dea26cc4b76a998d00df0d9488e7156', '9270781f4c2c0f52ef96068ddc668b108730a9e9', '1', '2020-01-09 18:12:32', '0', '0', 'BFWXZMNTHK124789_1578564752.jpg'), ('406', 'video/mp4', '', 'https://czw-netmi.oss-cn-hangzhou.aliyuncs.com/__liemi__/video/mp4/ABFWXZMHK0134568_1578566016.mp4', 'e53b502c265b009b231bdc620b2575b0', '968877d438ebca72894eceed4597873ae12581c1', '1', '2020-01-09 18:33:37', '0', '0', 'ABFWXZMHK0134568_1578566016.mp4'), ('407', 'image/jpeg', '', 'https://czw-netmi.oss-cn-hangzhou.aliyuncs.com/__liemi__/image/jpeg/FWXZMNHK12346789_1578566789.jpg', 'c0f5bf4b85af19b8092c524c9aee7c71', 'e188abeb7c60b95f88199287d9fc49d30b219aab', '1', '2020-01-09 18:46:29', '0', '0', 'FWXZMNHK12346789_1578566789.jpg'), ('408', 'image/jpeg', '', 'https://czw-netmi.oss-cn-hangzhou.aliyuncs.com/__liemi__/image/jpeg/BXMNTHK123456789_1578566794.jpg', '0bc21b4b05ba23faee53e921f6a994c6', '98d43d70e6e1862f08374e9a49587d82ddea6f97', '1', '2020-01-09 18:46:34', '0', '0', 'BXMNTHK123456789_1578566794.jpg'), ('409', 'image/png', '', 'https://czw-netmi.oss-cn-hangzhou.aliyuncs.com/__liemi__/image/png/ABFWXZNHK0136789_1578567050.png', '759af3677fd7a7adb87dac8e8a23625e', '5d682ee2954b9ba0d6b504755c6b144a00732a9d', '1', '2020-01-09 18:50:50', '0', '0', 'ABFWXZNHK0136789_1578567050.png'), ('410', 'image/png', '', 'https://czw-netmi.oss-cn-hangzhou.aliyuncs.com/__liemi__/image/png/AFZMNTHK01246789_1578567066.png', '9049358a8f52b4c9c149b18cbff3c7aa', 'd9b3019e52b74b30f59417220ff1c78670eacd3e', '1', '2020-01-09 18:51:06', '0', '0', 'AFZMNTHK01246789_1578567066.png'), ('411', 'image/jpeg', '', 'https://czw-netmi.oss-cn-hangzhou.aliyuncs.com/__liemi__/image/jpeg/BWXZMTHK12345679_1578567079.jpg', 'b19a4f73cd67523e1855b7c975df9305', '321deabfdeed9e12012fffb701db49c9a10352ec', '1', '2020-01-09 18:51:19', '0', '0', 'BWXZMTHK12345679_1578567079.jpg'), ('412', 'image/png', '', 'https://czw-netmi.oss-cn-hangzhou.aliyuncs.com/__liemi__/image/png/BFXZNTHK01234569_1578567087.png', '0eaaf87a7e24676935cf5dd8e8288c6e', 'aebc96bc3a63312a00237fa7ff71874d303e1e0f', '1', '2020-01-09 18:51:28', '0', '0', 'BFXZNTHK01234569_1578567087.png'), ('413', 'image/png', '', 'https://czw-netmi.oss-cn-hangzhou.aliyuncs.com/__liemi__/image/png/AFXZNTHK01234568_1578567097.png', '4dacb19fa02681f8daa117e92f7dca96', 'fb46ef6068c14e7b680c16f93001db61c00a1792', '1', '2020-01-09 18:51:37', '0', '0', 'AFXZNTHK01234568_1578567097.png'), ('414', 'image/png', '', 'https://czw-netmi.oss-cn-hangzhou.aliyuncs.com/__liemi__/image/png/BWXZNTH012456789_1578567106.png', 'c8d0906c31bef2cf55e76003812c3731', 'a508a9b61c7f2243103fe95ad1c9a86237615136', '1', '2020-01-09 18:51:46', '0', '0', 'BWXZNTH012456789_1578567106.png'), ('415', 'image/png', '', 'https://czw-netmi.oss-cn-hangzhou.aliyuncs.com/__liemi__/image/png/BWZMNTHK02345789_1578567114.png', '8236fca49476ea5ef1fabe18bd9ae688', 'acbf27190fd502fb892b21f2616f023fb4b83b4b', '1', '2020-01-09 18:51:54', '0', '0', 'BWZMNTHK02345789_1578567114.png'), ('416', 'image/png', '', 'https://czw-netmi.oss-cn-hangzhou.aliyuncs.com/__liemi__/image/png/AWXNTHK123456789_1578567123.png', '34d74dc6ffd67f653e8ae5e42de8fa42', '6599706607904dfa35d45bd075a27d7243b61a6c', '1', '2020-01-09 18:52:03', '0', '0', 'AWXNTHK123456789_1578567123.png'), ('417', 'image/png', '', 'https://czw-netmi.oss-cn-hangzhou.aliyuncs.com/__liemi__/image/png/ABWZNTHK01234569_1578637026.png', 'c4c036aacc69b8e82be44cee3a88f167', 'f7f3aade59476564f7283a6ef1d93d842b5aa006', '1', '2020-01-10 14:17:06', '0', '0', 'ABWZNTHK01234569_1578637026.png'), ('418', 'image/png', '', 'https://czw-netmi.oss-cn-hangzhou.aliyuncs.com/__liemi__/image/png/BWXZMNTHK0124789_1578637330.png', '85e550bcab2d2350acc292b409f53e8c', 'd0864e5f609ae59f5284b6947de3f49b33d03eaa', '1', '2020-01-10 14:22:10', '0', '0', 'BWXZMNTHK0124789_1578637330.png'), ('419', 'image/png', '', 'https://czw-netmi.oss-cn-hangzhou.aliyuncs.com/__liemi__/image/png/AFWXMNTHK0124789_1578637545.png', '39d59a8ed1ab23a7c790a10ab0d551ad', '11096218fe60b5698a978ade009fd5c2e5b07331', '1', '2020-01-10 14:25:45', '0', '0', 'AFWXMNTHK0124789_1578637545.png'), ('420', 'image/png', '', 'https://czw-netmi.oss-cn-hangzhou.aliyuncs.com/__liemi__/image/png/ABFXZMNTHK034579_1578637688.png', '1d383a11b91f0026cedcd36ca69da6e1', 'a0b0cc09b2e0ed67a2ed0c1740827949577252ea', '1', '2020-01-10 14:28:08', '0', '0', 'ABFXZMNTHK034579_1578637688.png'), ('421', 'image/png', '', 'https://czw-netmi.oss-cn-hangzhou.aliyuncs.com/__liemi__/image/png/ABFWMNTHK1245678_1578638005.png', '6686d73c14195f42a59de62e09e4e208', 'b5b6ec3b5af3c711bb26a87576d9f9bca8d57c43', '1', '2020-01-10 14:33:25', '0', '0', 'ABFWMNTHK1245678_1578638005.png'), ('422', 'image/png', '', 'https://czw-netmi.oss-cn-hangzhou.aliyuncs.com/__liemi__/image/png/BFWXMNTHK0124689_1578638008.png', '4057afebdf59004e0c7ea142640fe22a', '8cbf172e9f46d5d77ba960fcc1654d6cc88a29e0', '1', '2020-01-10 14:33:28', '0', '0', 'BFWXMNTHK0124689_1578638008.png'), ('423', 'image/png', '', 'https://czw-netmi.oss-cn-hangzhou.aliyuncs.com/__liemi__/image/png/FXZMNTK012456789_1578638570.png', '64dc7e734f6741332d67504dfd0eb0f5', 'f46d2aedffaaedc1d5085e91b2f65dfe86a60663', '1', '2020-01-10 14:42:50', '0', '0', 'FXZMNTK012456789_1578638570.png'), ('424', 'image/png', '', 'https://czw-netmi.oss-cn-hangzhou.aliyuncs.com/__liemi__/image/png/WZMNTH0123456789_1578638572.png', 'a5880f901f1f30d177a8b8493450598a', '5a0e3eb4c0c8ef8d8555a357a8f3c747abfe73b0', '1', '2020-01-10 14:42:52', '0', '0', 'WZMNTH0123456789_1578638572.png'), ('425', 'image/png', '', 'https://czw-netmi.oss-cn-hangzhou.aliyuncs.com/__liemi__/image/png/ABFWXMNTK2346789_1578639468.png', '33585d761048e24abfae8c0b6199661a', '25b427fd22b1ca1b3dc298f38a96258d812499da', '1', '2020-01-10 14:57:48', '0', '0', 'ABFWXMNTK2346789_1578639468.png'), ('426', 'image/png', '', 'https://czw-netmi.oss-cn-hangzhou.aliyuncs.com/__liemi__/image/png/ABFXZMNTHK023579_1578639699.png', 'a51f0b0f4aa652fa287faec48be71251', '298e1b85754f4713b76847a267a702960bdd9d2c', '1', '2020-01-10 15:01:39', '0', '0', 'ABFXZMNTHK023579_1578639699.png'), ('427', 'video/mp4', '', 'https://czw-netmi.oss-cn-hangzhou.aliyuncs.com/__liemi__/video/mp4/AFWXZMNTHK123679_1578640144.mp4', '0edcd9a43e021de7d4d43aaee1c527e5', 'c0940fc170c856151a3bcb38432786bc353c93ce', '1', '2020-01-10 15:09:38', '0', '0', 'AFWXZMNTHK123679_1578640144.mp4'), ('428', 'image/jpeg', '', 'https://czw-netmi.oss-cn-hangzhou.aliyuncs.com/__liemi__/image/jpeg/BFWXZMNTH0123568_1578640427.jpg', '30d74f5a52df3e008985d19f33abf99d', '67e3730159a5525252c76ca7ab7e82d196c546a7', '1', '2020-01-10 15:13:47', '0', '0', 'BFWXZMNTH0123568_1578640427.jpg'), ('429', 'image/jpeg', '', 'https://czw-netmi.oss-cn-hangzhou.aliyuncs.com/__liemi__/image/jpeg/ABFWXZMHK2345678_1578640440.jpg', 'c215403f5efda6882660b33da4169d4c', '39b4e8bc04595da9cb8961db0076eeb3bc7bfd3b', '1', '2020-01-10 15:14:00', '0', '0', 'ABFWXZMHK2345678_1578640440.jpg'), ('430', 'image/png', '', 'https://czw-netmi.oss-cn-hangzhou.aliyuncs.com/__liemi__/image/png/ABFWXZMNH0135679_1578641300.png', 'c887460edbb5542d39d4ecb02c114052', 'fe6dd48f7a2fc7334df91b0103b3b683f4fcd206', '1', '2020-01-10 15:28:20', '0', '0', 'ABFWXZMNH0135679_1578641300.png'), ('431', 'image/png', '', 'https://czw-netmi.oss-cn-hangzhou.aliyuncs.com/__liemi__/image/png/ABFWXZMTK0135678_1578641374.png', '4be7d4f5a6f7462b2a661c2695cdf0c3', '8c13ff5fc983b9559da2c3de824faa47aec39152', '1', '2020-01-10 15:29:34', '0', '0', 'ABFWXZMTK0135678_1578641374.png'), ('432', 'image/png', '', 'https://czw-netmi.oss-cn-hangzhou.aliyuncs.com/__liemi__/image/png/BFWZMNTK01245689_1578647179.png', 'c2ae90a33d185c7a60c49f33e1bff12e', 'f8b93bf4d1e1c9a64924ce6623ec6d2a09c1f5f0', '1', '2020-01-10 17:06:19', '0', '0', 'BFWZMNTK01245689_1578647179.png'), ('433', 'image/png', '', 'https://czw-netmi.oss-cn-hangzhou.aliyuncs.com/__liemi__/image/png/ABWXZMNT03456789_1578647375.png', '2df9c8ab8314770eed1e9f8192798706', 'e0c8c1a6404f61e064238de3e3a37c88b78a21a6', '1', '2020-01-10 17:09:35', '0', '0', 'ABWXZMNT03456789_1578647375.png'), ('434', 'image/png', '', 'https://czw-netmi.oss-cn-hangzhou.aliyuncs.com/__liemi__/image/png/ABFXZMNTH1245689_1578648032.png', '99df90e3a07531051a947cbd793c0aea', '060f803a0b28f6dfbb193ed0d71ca157448b8a8e', '1', '2020-01-10 17:20:32', '0', '0', 'ABFXZMNTH1245689_1578648032.png'), ('435', 'image/png', '', 'https://czw-netmi.oss-cn-hangzhou.aliyuncs.com/__liemi__/image/png/ABWXZNTHK0123789_1578648042.png', 'f8039627ac98f1f004c08124b974e132', '6a8ae5a88f8d5be90b652358499936cdeb2c253d', '1', '2020-01-10 17:20:42', '0', '0', 'ABWXZNTHK0123789_1578648042.png'), ('436', 'image/png', '', 'https://czw-netmi.oss-cn-hangzhou.aliyuncs.com/__liemi__/image/png/ABFXMNTHK0235679_1578648052.png', 'f7eef03f5a4dda9a950f9684fb6e74f8', '290f41e9a87250585552596feab6a80d897ece2b', '1', '2020-01-10 17:20:52', '0', '0', 'ABFXMNTHK0235679_1578648052.png'), ('437', 'image/png', '', 'https://czw-netmi.oss-cn-hangzhou.aliyuncs.com/__liemi__/image/png/FWXMNHK012345679_1578648064.png', '17c81623752a241f95fe8453278927ee', '9325b9748f106f289c88443fe46abd3e78a8a599', '1', '2020-01-10 17:21:04', '0', '0', 'FWXMNHK012345679_1578648064.png'), ('438', 'image/png', '', 'https://czw-netmi.oss-cn-hangzhou.aliyuncs.com/__liemi__/image/png/ABFWXZMNHK012478_1578648098.png', 'ab792cd836069db81da5558d85513e9f', 'a9882b59fd0cbe6714d29d43cccaa7aa7808367c', '1', '2020-01-10 17:21:38', '0', '0', 'ABFWXZMNHK012478_1578648098.png'), ('439', 'image/png', '', 'https://czw-netmi.oss-cn-hangzhou.aliyuncs.com/__liemi__/image/png/ABFWXZNTHK123479_1578648138.png', '00e4f61db3ac3526f71766eeb227a786', '911a34afae3c39065b1cefa4c252be3585602136', '1', '2020-01-10 17:22:18', '0', '0', 'ABFWXZNTHK123479_1578648138.png'), ('440', 'image/png', '', 'https://czw-netmi.oss-cn-hangzhou.aliyuncs.com/__liemi__/image/png/ABFWXZMNK2356789_1578648157.png', '21ffc9f6c2ed8285d918e52b21b65360', 'ec02023e68d35a6e21e64c715f42a94de40947e5', '1', '2020-01-10 17:22:38', '0', '0', 'ABFWXZMNK2356789_1578648157.png'), ('441', 'image/png', '', 'https://czw-netmi.oss-cn-hangzhou.aliyuncs.com/__liemi__/image/png/ABFWXMNTHK023567_1578648288.png', '48d2a15c900d897785e7d2ed3e676854', '1b5d6da6c48b78f5a20821c60f75204142cb0e86', '1', '2020-01-10 17:24:49', '0', '0', 'ABFWXMNTHK023567_1578648288.png'), ('442', 'image/png', '', 'https://czw-netmi.oss-cn-hangzhou.aliyuncs.com/__liemi__/image/png/BFWXMNTHK0123489_1578648297.png', 'a3a91e298d2d57b8031e9e82a8b8bc9b', 'a5566f9a17432def25aa00a25752918ea8505f2e', '1', '2020-01-10 17:24:57', '0', '0', 'BFWXMNTHK0123489_1578648297.png'), ('443', 'image/png', '', 'https://czw-netmi.oss-cn-hangzhou.aliyuncs.com/__liemi__/image/png/ABWXZNTK01345678_1578648351.png', '1cce4a47cbecb990c8ecc92e7354d683', '9636c11c97156288d48a4881e5eaf6e5c563209f', '1', '2020-01-10 17:25:51', '0', '0', 'ABWXZNTK01345678_1578648351.png'), ('444', 'image/jpeg', '', 'https://czw-netmi.oss-cn-hangzhou.aliyuncs.com/__liemi__/image/jpeg/ABXZMNHK01245678_1578650398.jpg', '002d4092fdc161992e1fab8dc294af4a', 'f7f49998c5f56c1f9fc5a95ff7d1c13c416af7f9', '1', '2020-01-10 17:59:58', '0', '0', 'ABXZMNHK01245678_1578650398.jpg'), ('445', 'image/png', '', 'https://czw-netmi.oss-cn-hangzhou.aliyuncs.com/__liemi__/image/png/ABWXZMNTH0234589_1578651896.png', '49bdcdf4e23654e139a51cae6f926a21', 'f752f4f2841d6c88423e0f4e66d420fde4fc074b', '1', '2020-01-10 18:24:56', '0', '0', 'ABWXZMNTH0234589_1578651896.png'), ('446', 'image/png', '', 'https://czw-netmi.oss-cn-hangzhou.aliyuncs.com/__liemi__/image/png/ABFWXZMNTHK01468_1578901986.png', 'd8e635a206dfcca0c7d6078db4a11174', '0ec2c006feeee7941ab6248ae859f2be93af26cc', '1', '2020-01-13 15:53:06', '0', '0', 'ABFWXZMNTHK01468_1578901986.png'), ('447', 'image/png', '', 'https://czw-netmi.oss-cn-hangzhou.aliyuncs.com/__liemi__/image/png/BWZMNHK012345679_1578906889.png', '77bcf5c32baa969eb3e72c1ba5804bcb', '69794bba4e15186d44843d2523a4d6ba33623ef0', '1', '2020-01-13 17:14:49', '0', '0', 'BWZMNHK012345679_1578906889.png'), ('448', 'image/png', '', 'https://czw-netmi.oss-cn-hangzhou.aliyuncs.com/__liemi__/image/png/ABFWZNTH01345678_1578907043.png', '0a1755ff10a49fe5704e3c078f539539', '0bd5d5db41a6f5e3150245c120736a4602905cf0', '1', '2020-01-13 17:17:23', '0', '0', 'ABFWZNTH01345678_1578907043.png'), ('449', 'image/png', '', 'https://czw-netmi.oss-cn-hangzhou.aliyuncs.com/__liemi__/image/png/ABFWXZMTH0235789_1578907282.png', 'a350fe48eff5783086482a0ea3a193d7', '4fe497e7bc6f1b442cdceca67bee9bbd65d6a8ed', '1', '2020-01-13 17:21:22', '0', '0', 'ABFWXZMTH0235789_1578907282.png'), ('450', 'image/png', '', 'https://czw-netmi.oss-cn-hangzhou.aliyuncs.com/__liemi__/image/png/AFWXZMTH01246789_1578907383.png', 'b6fd204f30b97aed3e15ade4580d8a09', 'bf9394a6bc197278289a99fe3b75838698c083d0', '1', '2020-01-13 17:23:03', '0', '0', 'AFWXZMTH01246789_1578907383.png'), ('451', 'image/png', '', 'https://czw-netmi.oss-cn-hangzhou.aliyuncs.com/__liemi__/image/png/AFWXZNHK01245678_1578907456.png', '9d3fe1d2120e886b847a3cfeadbc654f', '259e2d19ba6d4a2330bebd94759a7b1d5f9d73a9', '1', '2020-01-13 17:24:16', '0', '0', 'AFWXZNHK01245678_1578907456.png'), ('452', 'image/png', '', 'https://czw-netmi.oss-cn-hangzhou.aliyuncs.com/__liemi__/image/png/BWXZMNTHK0124678_1578907525.png', '88595234a32d579323c050e494a1b661', '9cc4b3f515db99bbe7fcf733bb02e139fef5b4f3', '1', '2020-01-13 17:25:25', '0', '0', 'BWXZMNTHK0124678_1578907525.png'), ('453', 'image/png', '', 'https://czw-netmi.oss-cn-hangzhou.aliyuncs.com/__liemi__/image/png/ABFWXNTHK0134689_1578907923.png', 'ad739217853239891b2e7945c51d6895', '8705cc8955b0d430610a9a1ca6f1c57f61a49a7a', '1', '2020-01-13 17:32:03', '0', '0', 'ABFWXNTHK0134689_1578907923.png'), ('454', 'image/png', '', 'https://czw-netmi.oss-cn-hangzhou.aliyuncs.com/__liemi__/image/png/ABFWXZMNTHK01347_1578908343.png', '6868b7e930439512eb939834f06c6cad', '792faf97508911aae33abcc4155d815dde3c6e98', '1', '2020-01-13 17:39:03', '0', '0', 'ABFWXZMNTHK01347_1578908343.png'), ('455', 'image/png', '', 'https://czw-netmi.oss-cn-hangzhou.aliyuncs.com/__liemi__/image/png/AFWXZMTK12345679_1578909680.png', '729a67525db8be80c67082f9aa5f002f', '0539458185d18dcc05574644d508995292afa2b5', '1', '2020-01-13 18:01:20', '0', '0', 'AFWXZMTK12345679_1578909680.png'), ('456', 'image/jpeg', '', 'https://czw-netmi.oss-cn-hangzhou.aliyuncs.com/__liemi__/image/jpeg/BFWXZNTHK2456789_1578910010.jpg', '2afda7e89c550032267d00ed69f68fa8', '604b4ffe6309923f0bdb65cafb2cc0632b71bdd3', '1', '2020-01-13 18:06:50', '0', '0', 'BFWXZNTHK2456789_1578910010.jpg'), ('457', 'image/jpeg', '', 'https://czw-netmi.oss-cn-hangzhou.aliyuncs.com/__liemi__/image/jpeg/ABWXMNTHK1234579_1578910059.jpeg', 'bb72962d490867cbe950e455e53118d3', '9e8b669b6c603142e261a4a31894ceb912afef2e', '1', '2020-01-13 18:07:39', '0', '0', 'ABWXMNTHK1234579_1578910059.jpeg');
COMMIT;

-- ----------------------------
--  Table structure for `menu`
-- ----------------------------
CREATE TABLE `menu` (
  `id` int(11) NOT NULL AUTO_INCREMENT,
  `name` varchar(128) NOT NULL,
  `parent` int(11) DEFAULT NULL,
  `route` varchar(255) DEFAULT NULL,
  `order` int(11) DEFAULT NULL,
  `data` blob,
  PRIMARY KEY (`id`) USING BTREE,
  KEY `parent` (`parent`) USING BTREE,
  CONSTRAINT `menu_ibfk_1` FOREIGN KEY (`parent`) REFERENCES `menu` (`id`) ON DELETE SET NULL ON UPDATE CASCADE
) ENGINE=InnoDB AUTO_INCREMENT=267 DEFAULT CHARSET=utf8 ROW_FORMAT=DYNAMIC;

-- ----------------------------
--  Records of `menu`
-- ----------------------------
BEGIN;
INSERT INTO `menu` VALUES ('1', '用户中心', null, '/user/list', '2', 0x7b2269636f6e223a202266612066612d75736572227d), ('2', '权限控制', null, '/admin/default/index', '5', 0x7b2269636f6e223a202266612066612d6b6579227d), ('3', '路由列表', '2', '/admin/route/index', '2', null), ('4', '菜单管理', '2', '/admin/menu/index', '7', null), ('5', '权限管理', '2', '/admin/permission/index', '3', null), ('6', '角色管理', '2', '/admin/role/index', '4', null), ('7', '分配权限', '2', '/admin/assignment/index', '5', null), ('9', '规则管理', '2', '/admin/rule/index', '6', null), ('10', '新增用户', '11', '/user/create', '2', null), ('11', '后台用户管理', '1', '/user/list', '8', null), ('12', '用户列表', '11', '/user/list', '1', null), ('15', '系统参数', '2', '/base/lookup/index', '100', null), ('16', '内容管理', null, '/notice/default/index', '1', 0x7b2269636f6e223a202266612066612d6c697374227d), ('186', '解冻列表', null, '/member/user/freezing-user', null, null), ('187', '后台解冻列表', '11', '/user/freezing-user', null, null), ('226', '后台操作日志查看', '229', '/logbackend/log-backend/index', null, null), ('227', '客户角色管理', '5', '/authset/auth-item/index', '1', null), ('228', '导航权限管理', '5', '/authset/auth-set/index', '10001', null), ('229', '后台操作日志查看', null, '/logbackend/log-backend/index', null, 0x7b2269636f6e223a202266612066612d63616c656e646172227d), ('258', '集团荣誉管理', '16', '/content/honor/index', '5', null), ('259', '集团联盟管理', '16', '/content/league/index', '4', null), ('260', '业务领域管理', '16', '/content/field/index', '3', null), ('261', '文章管理', '16', '/content/article/index', '7', null), ('262', '新闻管理', '16', '/content/news/index', '6', null), ('263', '公司信息管理', '16', '/content/company-data/index', '8', null), ('264', '人员招聘管理', '16', '/content/recruit/index', '9', null), ('265', 'banner管理', '16', '/banner/banner/index', '1', null), ('266', '官网视频', '16', '/base/lookup/video-params', '2', null);
COMMIT;

-- ----------------------------
--  Table structure for `migration`
-- ----------------------------
CREATE TABLE `migration` (
  `version` varchar(180) NOT NULL,
  `apply_time` int(11) DEFAULT NULL,
  PRIMARY KEY (`version`) USING BTREE
) ENGINE=InnoDB DEFAULT CHARSET=gbk ROW_FORMAT=DYNAMIC;

-- ----------------------------
--  Table structure for `news`
-- ----------------------------
CREATE TABLE `news` (
  `id` bigint(20) unsigned NOT NULL AUTO_INCREMENT,
  `type` tinyint(4) NOT NULL COMMENT '类型1: 行业新闻、2:集团新闻',
  `img_url` varchar(125) DEFAULT NULL COMMENT '图片',
  `title` varchar(125) DEFAULT NULL COMMENT '标题',
  `author` varchar(125) DEFAULT NULL COMMENT '作者',
  `outline` text COMMENT '富文本列表展示内容',
  `content` longtext COMMENT '富文本内容',
  `status` tinyint(4) DEFAULT '0' COMMENT '0:待提交 1:一审中 2:二审中  3:三审中 4:审核通过5:审核失败',
  `create_time` timestamp NULL DEFAULT NULL,
  `update_time` timestamp NULL DEFAULT NULL COMMENT '修改时间',
  PRIMARY KEY (`id`)
) ENGINE=InnoDB AUTO_INCREMENT=17 DEFAULT CHARSET=utf8mb4 COMMENT='新闻表';

-- ----------------------------
--  Records of `news`
-- ----------------------------
BEGIN;
INSERT INTO `news` VALUES ('1', '2', 'https://czw-netmi.oss-cn-hangzhou.aliyuncs.com/__liemi__/image/png/ABFXZMNTHK023579_1578639699.png', '特朗普为何一夜之间“收手”？', '哈哈', '深度解读中东局势：特朗普为何一夜之间“收手”？', '<p style=\"color: rgb(77, 79, 83); font-family: &quot;Hiragino Sans GB&quot;, &quot;Microsoft Yahei&quot;, 微软雅黑, SimSun, 宋体, Arial; font-size: 18px; font-variant-numeric: normal; font-variant-east-asian: normal; letter-spacing: 1px; margin-bottom: 18px; margin-top: 0px; padding: 0px; white-space: normal; text-indent: 2em;\">“围观群众”纷纷议论，特朗普为何忽然“收手”？“第三次世界大战”还会开打么？</p><p><span style=\"background-color: rgb(255, 255, 255); color: rgb(77, 79, 83); font-family: &quot;Hiragino Sans GB&quot;, &quot;Microsoft Yahei&quot;, 微软雅黑, SimSun, 宋体, Arial; font-size: 18px; font-variant-numeric: normal; font-variant-east-asian: normal; letter-spacing: 1px; line-height: 32px; white-space: normal;\"></span></p><p style=\"color: rgb(77, 79, 83); font-family: &quot;Hiragino Sans GB&quot;, &quot;Microsoft Yahei&quot;, 微软雅黑, SimSun, 宋体, Arial; font-size: 18px; font-variant-numeric: normal; font-variant-east-asian: normal; letter-spacing: 1px; margin-bottom: 18px; margin-top: 0px; padding: 0px; white-space: normal; text-indent: 2em;\">北京时间9日下午，中国前驻伊朗大使华黎明接受中新网记者专访，对特朗普态度的转变，以及风云变幻的中东局势做出深度解读。</p><p style=\"color: rgb(77, 79, 83); font-family: &quot;Hiragino Sans GB&quot;, &quot;Microsoft Yahei&quot;, 微软雅黑, SimSun, 宋体, Arial; font-size: 18px; font-variant-numeric: normal; font-variant-east-asian: normal; letter-spacing: 1px; margin-bottom: 18px; margin-top: 0px; padding: 0px; white-space: normal; text-indent: 2em;\">华黎明认为，导致特朗普态度前后不一的原因主要有三方面：</p><p><span style=\"background-color: rgb(255, 255, 255); color: rgb(77, 79, 83); font-family: &quot;Hiragino Sans GB&quot;, &quot;Microsoft Yahei&quot;, 微软雅黑, SimSun, 宋体, Arial; font-size: 18px; font-variant-numeric: normal; font-variant-east-asian: normal; letter-spacing: 1px; line-height: 32px; white-space: normal;\"></span></p><p style=\"color: rgb(77, 79, 83); font-family: &quot;Hiragino Sans GB&quot;, &quot;Microsoft Yahei&quot;, 微软雅黑, SimSun, 宋体, Arial; font-size: 18px; font-variant-numeric: normal; font-variant-east-asian: normal; font-weight: 800; letter-spacing: 1px; margin-bottom: 18px; margin-top: 0px; padding: 0px; white-space: normal; text-align: center;\" cms-style=\"font-L strong-Bold\">　　第一，苏莱曼尼被杀后，伊朗国内反应剧烈，超出预期；</p><p style=\"text-align: center;\"><span style=\"background-color: rgb(255, 255, 255); color: rgb(77, 79, 83); font-family: &quot;Hiragino Sans GB&quot;, &quot;Microsoft Yahei&quot;, 微软雅黑, SimSun, 宋体, Arial; font-size: 18px; font-variant-numeric: normal; font-variant-east-asian: normal; letter-spacing: 1px; line-height: 32px; white-space: normal;\"></span></p><p style=\"color: rgb(77, 79, 83); font-family: &quot;Hiragino Sans GB&quot;, &quot;Microsoft Yahei&quot;, 微软雅黑, SimSun, 宋体, Arial; font-size: 18px; font-variant-numeric: normal; font-variant-east-asian: normal; font-weight: 800; letter-spacing: 1px; margin-bottom: 18px; margin-top: 0px; padding: 0px; white-space: normal; text-align: center;\" cms-style=\"font-L strong-Bold\">　　第二，油价大涨美股下跌，美国国内不满，或影响大选；</p><p style=\"text-align: center;\"><span style=\"background-color: rgb(255, 255, 255); color: rgb(77, 79, 83); font-family: &quot;Hiragino Sans GB&quot;, &quot;Microsoft Yahei&quot;, 微软雅黑, SimSun, 宋体, Arial; font-size: 18px; font-variant-numeric: normal; font-variant-east-asian: normal; letter-spacing: 1px; line-height: 32px; white-space: normal;\"></span></p><p style=\"color: rgb(77, 79, 83); font-family: &quot;Hiragino Sans GB&quot;, &quot;Microsoft Yahei&quot;, 微软雅黑, SimSun, 宋体, Arial; font-size: 18px; font-variant-numeric: normal; font-variant-east-asian: normal; font-weight: 800; letter-spacing: 1px; margin-bottom: 18px; margin-top: 0px; padding: 0px; white-space: normal; text-align: center;\" cms-style=\"font-L strong-Bold\">　　第三，舆论不占理，盟国不支持。</p><p><br/></p>', '4', '2020-01-06 11:52:15', '2020-01-10 16:18:49'), ('2', '1', 'https://czw-netmi.oss-cn-hangzhou.aliyuncs.com/__liemi__/image/jpeg/BFWXZMNTHK124789_1578564752.jpg', '中美下周签署第一阶段经贸协议', '张怀水 ', '中美下周签署第一阶段经贸协议', '<p style=\"color: rgb(77, 79, 83); font-size: 18px; font-variant-numeric: normal; font-variant-east-asian: normal; letter-spacing: 1px; margin-bottom: 30px; margin-top: 0px; padding: 0px; white-space: normal;\" cms-style=\"font-L\">1月9日，我国商务部召开2020年第一次例行新闻发布会。针对“中美签署第一阶段经贸协议”“美国发布限制人工智能软件出口条例”“进口贸易促进创新示范区培育”“中央储备肉投放”等热点问题，商务部新闻发言人高峰逐一进行了回应。</p><p><span style=\"background-color: rgb(255, 255, 255); color: rgb(77, 79, 83); font-family: &quot;Microsoft Yahei&quot;, 微软雅黑, &quot;STHeiti Light&quot;, 华文细黑, SimSun, 宋体, Arial, sans-serif; font-size: 18px; font-variant-numeric: normal; font-variant-east-asian: normal; letter-spacing: 1px; line-height: 32px; white-space: normal;\"></span></p><p style=\"color: rgb(77, 79, 83); font-size: 18px; font-variant-numeric: normal; font-variant-east-asian: normal; letter-spacing: 1px; margin-bottom: 30px; margin-top: 0px; padding: 0px; white-space: normal;\" cms-style=\"font-L\">　　<span style=\"font-weight: 700;\">双方正就具体安排密切沟通</span></p><p><span style=\"background-color: rgb(255, 255, 255); color: rgb(77, 79, 83); font-family: &quot;Microsoft Yahei&quot;, 微软雅黑, &quot;STHeiti Light&quot;, 华文细黑, SimSun, 宋体, Arial, sans-serif; font-size: 18px; font-variant-numeric: normal; font-variant-east-asian: normal; letter-spacing: 1px; line-height: 32px; white-space: normal;\"></span></p><p style=\"color: rgb(77, 79, 83); font-size: 18px; font-variant-numeric: normal; font-variant-east-asian: normal; letter-spacing: 1px; margin-bottom: 30px; margin-top: 0px; padding: 0px; white-space: normal;\" cms-style=\"font-L\">　　据新华社2019年12月13日报道，经过中美两国经贸团队的共同努力，双方在平等和相互尊重原则的基础上，已就中美第一阶段经贸协议文本达成一致。协议文本包括序言、知识产权、技术转让、食品和<span id=\"stock_sz000061\"><a class=\"keyword\" href=\"http://finance.sina.com.cn/realstock/company/sz000061/nc.shtml\" target=\"_blank\" style=\"color: rgb(55, 83, 162); outline-style: none; outline-width: 0px; text-decoration-line: none; -webkit-tap-highlight-color: transparent;\" data-sudaclick=\"content_marketkeywords_p\">农产品</a></span><span id=\"quote_sz000061\">(<span style=\"color:green\">5.650</span>, <span style=\"color:green\">-0.03</span>, <span style=\"color:green\">-0.53%</span>)</span>、金融服务、汇率和透明度、扩大贸易、双边评估和争端解决、最终条款九个章节。同时，双方达成一致，美方将履行分阶段取消对华产品加征关税的相关承诺，实现加征关税由升到降的转变。</p><p><span style=\"background-color: rgb(255, 255, 255); color: rgb(77, 79, 83); font-family: &quot;Microsoft Yahei&quot;, 微软雅黑, &quot;STHeiti Light&quot;, 华文细黑, SimSun, 宋体, Arial, sans-serif; font-size: 18px; font-variant-numeric: normal; font-variant-east-asian: normal; letter-spacing: 1px; line-height: 32px; white-space: normal;\"></span></p><p style=\"color: rgb(77, 79, 83); font-size: 18px; font-variant-numeric: normal; font-variant-east-asian: normal; letter-spacing: 1px; margin-bottom: 30px; margin-top: 0px; padding: 0px; white-space: normal;\" cms-style=\"font-L\">　　在中美两国第一阶段经贸协议文本达成一致后，社会各界对中美何时签署协议一直保持高度关注。在1月9日的发布会上，高峰表示，应美方邀请，中共中央政治局委员、国务院副总理、中美全面经济对话中方牵头人刘鹤将于1月13日至15日率团访问华盛顿，与美方签署第一阶段经贸协议。双方团队正在就协议签署的具体安排密切沟通。</p><p><span style=\"background-color: rgb(255, 255, 255); color: rgb(77, 79, 83); font-family: &quot;Microsoft Yahei&quot;, 微软雅黑, &quot;STHeiti Light&quot;, 华文细黑, SimSun, 宋体, Arial, sans-serif; font-size: 18px; font-variant-numeric: normal; font-variant-east-asian: normal; letter-spacing: 1px; line-height: 32px; white-space: normal;\"></span></p><p style=\"color: rgb(77, 79, 83); font-size: 18px; font-variant-numeric: normal; font-variant-east-asian: normal; letter-spacing: 1px; margin-bottom: 30px; margin-top: 0px; padding: 0px; white-space: normal;\" cms-style=\"font-L\">　　针对现场记者“中美第一阶段谈判成果不涉及增加粮食进口配额，中国增加来自美国的粮食进口后，是否会减少来自其他国家的进口”的提问，高峰指出，中国将继续按照世贸组织规则和入世承诺，完善小麦、玉米和大米关税配额管理办法，将在市场化条件下充分使用配额。这与扩大美国农产品进口并不矛盾。</p><p><span style=\"background-color: rgb(255, 255, 255); color: rgb(77, 79, 83); font-family: &quot;Microsoft Yahei&quot;, 微软雅黑, &quot;STHeiti Light&quot;, 华文细黑, SimSun, 宋体, Arial, sans-serif; font-size: 18px; font-variant-numeric: normal; font-variant-east-asian: normal; letter-spacing: 1px; line-height: 32px; white-space: normal;\"></span></p><p style=\"color: rgb(77, 79, 83); font-size: 18px; font-variant-numeric: normal; font-variant-east-asian: normal; letter-spacing: 1px; margin-bottom: 30px; margin-top: 0px; padding: 0px; white-space: normal;\" cms-style=\"font-L\">　　此外，有记者称，“近日美国政府发布了一份旨在限制人工智能软件出口的条例，应用于相关领域的软件都将受到出口管制。”对此，高峰表示，中国人深知封闭会带来什么。在经济全球化深度发展的今天，限制和干扰正常的国际合作，不仅会损害有关企业，包括美国企业的利益，还会引起市场对美国贸易投资环境、创新环境的担忧，影响国际产业链的稳定。希望美方纠正泛化国家安全、滥用出口管制措施的错误做法，为各国企业开展正常的贸易与合作创造有利条件。</p><p><span style=\"background-color: rgb(255, 255, 255); color: rgb(77, 79, 83); font-family: &quot;Microsoft Yahei&quot;, 微软雅黑, &quot;STHeiti Light&quot;, 华文细黑, SimSun, 宋体, Arial, sans-serif; font-size: 18px; font-variant-numeric: normal; font-variant-east-asian: normal; letter-spacing: 1px; line-height: 32px; white-space: normal;\"></span></p><p style=\"color: rgb(77, 79, 83); font-size: 18px; font-variant-numeric: normal; font-variant-east-asian: normal; letter-spacing: 1px; margin-bottom: 30px; margin-top: 0px; padding: 0px; white-space: normal;\" cms-style=\"font-L\">　　<span style=\"font-weight: 700;\">贸促示范区将考虑区域协调</span></p><p><span style=\"background-color: rgb(255, 255, 255); color: rgb(77, 79, 83); font-family: &quot;Microsoft Yahei&quot;, 微软雅黑, &quot;STHeiti Light&quot;, 华文细黑, SimSun, 宋体, Arial, sans-serif; font-size: 18px; font-variant-numeric: normal; font-variant-east-asian: normal; letter-spacing: 1px; line-height: 32px; white-space: normal;\"></span></p><p style=\"color: rgb(77, 79, 83); font-size: 18px; font-variant-numeric: normal; font-variant-east-asian: normal; letter-spacing: 1px; margin-bottom: 30px; margin-top: 0px; padding: 0px; white-space: normal;\" cms-style=\"font-L\">　　《每日经济新闻》记者在发布会上提问：“为进一步提高贸易便利化水平，商务部曾透露将培育一批进口贸易促进创新示范区。我们注意到，目前全国有4个进口贸易示范区，都分布在沿海地区。请问未来是否会有所扩大，扩大到多少？另外，新一批的示范区是否会落地中西部地区？”</p><p><span style=\"background-color: rgb(255, 255, 255); color: rgb(77, 79, 83); font-family: &quot;Microsoft Yahei&quot;, 微软雅黑, &quot;STHeiti Light&quot;, 华文细黑, SimSun, 宋体, Arial, sans-serif; font-size: 18px; font-variant-numeric: normal; font-variant-east-asian: normal; letter-spacing: 1px; line-height: 32px; white-space: normal;\"></span></p><p style=\"color: rgb(77, 79, 83); font-size: 18px; font-variant-numeric: normal; font-variant-east-asian: normal; letter-spacing: 1px; margin-bottom: 30px; margin-top: 0px; padding: 0px; white-space: normal;\" cms-style=\"font-L\">　　对此，高峰表示，目前，商务部正在对已有的4个进口贸易促进创新示范区的相关工作和运行情况进行评估、总结。从目前情况看，示范区对于培育进口综合服务平台、供应链平台、交易平台、展示平台等方面，发挥了积极的促进作用，积累了有益的经验。</p><p><span style=\"background-color: rgb(255, 255, 255); color: rgb(77, 79, 83); font-family: &quot;Microsoft Yahei&quot;, 微软雅黑, &quot;STHeiti Light&quot;, 华文细黑, SimSun, 宋体, Arial, sans-serif; font-size: 18px; font-variant-numeric: normal; font-variant-east-asian: normal; letter-spacing: 1px; line-height: 32px; white-space: normal;\"></span></p><p style=\"color: rgb(77, 79, 83); font-size: 18px; font-variant-numeric: normal; font-variant-east-asian: normal; letter-spacing: 1px; margin-bottom: 30px; margin-top: 0px; padding: 0px; white-space: normal;\" cms-style=\"font-L\">　　“我们将在前期工作的基础上，继续深入推进示范区的工作。新的示范区建设将统筹已有的示范区，充分考虑东、中、西部区域布局协调发展，充分结合地方特点和优势，充分整合政策资源，积极、稳妥、有序地推进。”高峰说。</p><p><span style=\"background-color: rgb(255, 255, 255); color: rgb(77, 79, 83); font-family: &quot;Microsoft Yahei&quot;, 微软雅黑, &quot;STHeiti Light&quot;, 华文细黑, SimSun, 宋体, Arial, sans-serif; font-size: 18px; font-variant-numeric: normal; font-variant-east-asian: normal; letter-spacing: 1px; line-height: 32px; white-space: normal;\"></span></p><p style=\"color: rgb(77, 79, 83); font-size: 18px; font-variant-numeric: normal; font-variant-east-asian: normal; letter-spacing: 1px; margin-bottom: 30px; margin-top: 0px; padding: 0px; white-space: normal;\" cms-style=\"font-L\">　　商务部研究院国际市场研究所副所长白明此前向《每日经济新闻》记者表示，中国已明确释放扩大进口的政策信号，进口贸易平台将是中国主动扩大进口的重要依托。当前，4个国家进口贸易促进创新示范区主要集中在华东地区。华南地区的广东、海南，西部地区的重庆、成都、西安的交通运输水平和科技承接能力也比较强，新一批示范区有可能会向这些城市倾斜。</p><p><span style=\"background-color: rgb(255, 255, 255); color: rgb(77, 79, 83); font-family: &quot;Microsoft Yahei&quot;, 微软雅黑, &quot;STHeiti Light&quot;, 华文细黑, SimSun, 宋体, Arial, sans-serif; font-size: 18px; font-variant-numeric: normal; font-variant-east-asian: normal; letter-spacing: 1px; line-height: 32px; white-space: normal;\"></span></p><p style=\"color: rgb(77, 79, 83); font-size: 18px; font-variant-numeric: normal; font-variant-east-asian: normal; letter-spacing: 1px; margin-bottom: 30px; margin-top: 0px; padding: 0px; white-space: normal;\" cms-style=\"font-L\">　　此外，针对中央储备肉投放这一热点话题，高峰表示，随着春节临近，肉类消费逐渐进入旺季。为切实增加节日期间肉类市场供应，商务部9日会同相关部门开展了第六批投放中央储备冻猪肉2万吨的工作。同时，各地加大地方储备肉投放力度，初步了解，目前有20个地方已经或正在投放地方储备猪肉9万多吨，春节前还有一些地区将陆续安排投放地方储备肉。</p><p><br/></p>', '4', '2020-01-07 13:55:40', null), ('13', '1', 'https://czw-netmi.oss-cn-hangzhou.aliyuncs.com/__liemi__/image/jpeg/BFWXZMNTH0123568_1578640427.jpg', '歼16相控阵雷达性能如何：天线阵元比歼10C多几百个', '军武次位面', '歼16相控阵雷达性能如何：天线阵元比歼10C多几百个', '<p style=\"text-indent: 2em; text-align: left;\"><span style=\"background-color: rgb(255, 255, 255); color: rgb(77, 79, 83); font-family: &quot;Hiragino Sans GB&quot;, &quot;Microsoft Yahei&quot;, 微软雅黑, SimSun, 宋体, Arial; font-size: 18px; font-variant-numeric: normal; font-variant-east-asian: normal; letter-spacing: 1px; white-space: normal;\">歼-16是中国沈阳飞机设计研究所和沈阳飞机工业公司在歼11B战斗机的基础上发展而来的新型第四代改进型多用途双座双发重型战斗机，其与歼-11B的关系，和俄罗斯苏-27SM系列战斗机和苏30MKK的关系相类似。歼-16于2011年10月17日已在沈阳首飞，目前已经批量生产并装备中国空军航空兵部队。</span></p><p style=\"text-indent: 2em; text-align: center;\"><img src=\"https://czw-netmi.oss-cn-hangzhou.aliyuncs.com/__liemi__/image/jpeg/ABFWXZMHK2345678_1578640440.jpg\" title=\"ABFWXZMHK2345678_1578640440.jpg\" _src=\"https://czw-netmi.oss-cn-hangzhou.aliyuncs.com/__liemi__/image/jpeg/ABFWXZMHK2345678_1578640440.jpg\" alt=\"飞机.jpg\" style=\"text-align: center; text-indent: 2em;\"/></p><p style=\"color: rgb(77, 79, 83); font-family: &quot;Hiragino Sans GB&quot;, &quot;Microsoft Yahei&quot;, 微软雅黑, SimSun, 宋体, Arial; font-size: 18px; font-variant-numeric: normal; font-variant-east-asian: normal; letter-spacing: 1px; margin-bottom: 18px; margin-top: 0px; padding: 0px; white-space: normal; text-indent: 2em;\">研制发展歼-16战斗机，是基于中国空军战略转型和升级的追切需求。上世纪90年代引进苏27是中国空军现代化的重要一步，歼-11战斗机的国产化经历了引进散件打通生产线、整机国产化、改进提高、系列化改型发展等几个阶段。在前三个阶段，601所和沈飞公司先后研制生产了歼-11、歼11B和歼-11BS飞机，不仅基本掌握了苏-27飞机的生产技术，还使用国产雷达、航电系统和武器系统对苏-27存在的问题进行了有针对性地提高，性能接近国外第三代改进型战机的水平，有效地提升了空军武器装备的水平。</p><p><span style=\"background-color: rgb(255, 255, 255); color: rgb(77, 79, 83); font-family: &quot;Hiragino Sans GB&quot;, &quot;Microsoft Yahei&quot;, 微软雅黑, SimSun, 宋体, Arial; font-size: 18px; font-variant-numeric: normal; font-variant-east-asian: normal; letter-spacing: 1px; line-height: 32px; white-space: normal;\"></span></p><p style=\"color: rgb(77, 79, 83); font-family: &quot;Hiragino Sans GB&quot;, &quot;Microsoft Yahei&quot;, 微软雅黑, SimSun, 宋体, Arial; font-size: 18px; font-variant-numeric: normal; font-variant-east-asian: normal; letter-spacing: 1px; margin-bottom: 18px; margin-top: 0px; padding: 0px; white-space: normal;\">　　但是到21世纪初，即使是改进后的歼-11B/BS飞机也并不能满足空军跨越式发展的迫切需求，离建设一支“攻防兼备、空天一体”的空军建设总目标还有非常大的差距。上述飞机的短板主要表现在：</p><p><span style=\"background-color: rgb(255, 255, 255); color: rgb(77, 79, 83); font-family: &quot;Hiragino Sans GB&quot;, &quot;Microsoft Yahei&quot;, 微软雅黑, SimSun, 宋体, Arial; font-size: 18px; font-variant-numeric: normal; font-variant-east-asian: normal; letter-spacing: 1px; line-height: 32px; white-space: normal;\"></span></p><p style=\"color: rgb(77, 79, 83); font-family: &quot;Hiragino Sans GB&quot;, &quot;Microsoft Yahei&quot;, 微软雅黑, SimSun, 宋体, Arial; font-size: 18px; font-variant-numeric: normal; font-variant-east-asian: normal; letter-spacing: 1px; margin-bottom: 18px; margin-top: 0px; padding: 0px; white-space: normal;\">　　战机功能过于单一，与攻防兼备的要求不相适应。歼11和歼-11B飞机基本是在苏-27SK飞机基础上进行了国产化和适当的改进，但是战机的定位和早期型的苏27是一致的，还是一种用于国土防空和争夺战区制空权的空中优势战斗机。通俗地讲，就是防御性有余而进攻性不足。</p><p style=\"text-indent: 2em;\"><span style=\"background-color: rgb(255, 255, 255); color: rgb(77, 79, 83); font-family: &quot;Hiragino Sans GB&quot;, &quot;Microsoft Yahei&quot;, 微软雅黑, SimSun, 宋体, Arial; font-size: 18px; font-variant-numeric: normal; font-variant-east-asian: normal; letter-spacing: 1px; white-space: normal;\"><br/></span></p>', '4', '2020-01-07 13:58:06', null), ('16', '2', 'https://czw-netmi.oss-cn-hangzhou.aliyuncs.com/__liemi__/image/png/ABFXZMNTHK034579_1578637688.png', '中共中央国务院隆重举行国家科学技术奖励大会 习近平出席并为最高奖获得者颁奖中共中央国务院隆重举行国家科学技术奖励大会 习近平出席并为最高奖获得者颁奖', '胡越', '中共中央国务院隆重举行国家科学技术奖励大会 习近平出席大会并为最高奖获得者等颁奖', '<p style=\"text-align: center;\"><br/></p><p style=\"text-align: center;\"><img src=\"https://czw-netmi.oss-cn-hangzhou.aliyuncs.com/__liemi__/image/jpeg/AXZNTH0123456789_1578562764.jpg\" title=\"AXZNTH0123456789_1578562764.jpg\" _src=\"https://czw-netmi.oss-cn-hangzhou.aliyuncs.com/__liemi__/image/jpeg/AXZNTH0123456789_1578562764.jpg\" alt=\"AXZNTH0123456789_1578562764.jpg\"/></p><p style=\"color: rgb(77, 79, 83); font-family: &quot;Hiragino Sans GB&quot;, &quot;Microsoft Yahei&quot;, 微软雅黑, SimSun, 宋体, Arial; font-size: 18px; font-variant-numeric: normal; font-variant-east-asian: normal; letter-spacing: 1px; margin-bottom: 18px; margin-top: 0px; padding: 0px; white-space: normal;\"><span style=\"font-weight: 700;\">&nbsp; &nbsp; &nbsp; 中共中央国务院隆重举行国家科学技术奖励大会</span></p><p><span style=\"background-color: rgb(255, 255, 255); color: rgb(77, 79, 83); font-family: &quot;Hiragino Sans GB&quot;, &quot;Microsoft Yahei&quot;, 微软雅黑, SimSun, 宋体, Arial; font-size: 18px; font-variant-numeric: normal; font-variant-east-asian: normal; letter-spacing: 1px; line-height: 32px; white-space: normal;\"></span></p><p style=\"color: rgb(77, 79, 83); font-family: &quot;Hiragino Sans GB&quot;, &quot;Microsoft Yahei&quot;, 微软雅黑, SimSun, 宋体, Arial; font-size: 18px; font-variant-numeric: normal; font-variant-east-asian: normal; letter-spacing: 1px; margin-bottom: 18px; margin-top: 0px; padding: 0px; white-space: normal;\"><span style=\"font-weight: 700;\">　　习近平出席大会并为最高奖获得者等颁奖</span></p><p><span style=\"background-color: rgb(255, 255, 255); color: rgb(77, 79, 83); font-family: &quot;Hiragino Sans GB&quot;, &quot;Microsoft Yahei&quot;, 微软雅黑, SimSun, 宋体, Arial; font-size: 18px; font-variant-numeric: normal; font-variant-east-asian: normal; letter-spacing: 1px; line-height: 32px; white-space: normal;\"></span></p><p style=\"color: rgb(77, 79, 83); font-family: &quot;Hiragino Sans GB&quot;, &quot;Microsoft Yahei&quot;, 微软雅黑, SimSun, 宋体, Arial; font-size: 18px; font-variant-numeric: normal; font-variant-east-asian: normal; letter-spacing: 1px; margin-bottom: 18px; margin-top: 0px; padding: 0px; white-space: normal;\"><span style=\"font-weight: 700;\">　　李克强讲话 王沪宁出席 韩正主持</span></p><p><span style=\"background-color: rgb(255, 255, 255); color: rgb(77, 79, 83); font-family: &quot;Hiragino Sans GB&quot;, &quot;Microsoft Yahei&quot;, 微软雅黑, SimSun, 宋体, Arial; font-size: 18px; font-variant-numeric: normal; font-variant-east-asian: normal; letter-spacing: 1px; line-height: 32px; white-space: normal;\"></span></p><p style=\"color: rgb(77, 79, 83); font-family: &quot;Hiragino Sans GB&quot;, &quot;Microsoft Yahei&quot;, 微软雅黑, SimSun, 宋体, Arial; font-size: 18px; font-variant-numeric: normal; font-variant-east-asian: normal; letter-spacing: 1px; margin-bottom: 18px; margin-top: 0px; padding: 0px; white-space: normal;\">　　新华社北京1月10日电&nbsp; 中共中央、国务院10日上午在北京隆重举行国家科学技术奖励大会。习近平、李克强、王沪宁、韩正等党和国家领导人出席大会并为获奖代表颁奖。李克强代表党中央、国务院在大会上讲话。韩正主持大会。</p><p><span style=\"background-color: rgb(255, 255, 255); color: rgb(77, 79, 83); font-family: &quot;Hiragino Sans GB&quot;, &quot;Microsoft Yahei&quot;, 微软雅黑, SimSun, 宋体, Arial; font-size: 18px; font-variant-numeric: normal; font-variant-east-asian: normal; letter-spacing: 1px; line-height: 32px; white-space: normal;\"></span></p><p style=\"color: rgb(77, 79, 83); font-family: &quot;Hiragino Sans GB&quot;, &quot;Microsoft Yahei&quot;, 微软雅黑, SimSun, 宋体, Arial; font-size: 18px; font-variant-numeric: normal; font-variant-east-asian: normal; letter-spacing: 1px; margin-bottom: 18px; margin-top: 0px; padding: 0px; white-space: normal;\">　　上午10时30分，大会在雄壮的国歌声中开始。在热烈的掌声中，中共中央总书记、国家主席、中央军委主席习近平首先向获得2019年度国家最高科学技术奖的原中国船舶重工集团公司第七一九研究所黄旭华院士和中国科学院大气物理研究所曾庆存院士颁发奖章、证书，同他们热情握手表示祝贺，并请他们到主席台就座。随后，习近平等党和国家领导人同两位最高奖获得者一道，为获得国家自然科学奖、国家技术发明奖、国家科学技术进步奖和中华人民共和国国际科学技术合作奖的代表颁发证书。</p><p><span style=\"background-color: rgb(255, 255, 255); color: rgb(77, 79, 83); font-family: &quot;Hiragino Sans GB&quot;, &quot;Microsoft Yahei&quot;, 微软雅黑, SimSun, 宋体, Arial; font-size: 18px; font-variant-numeric: normal; font-variant-east-asian: normal; letter-spacing: 1px; line-height: 32px; white-space: normal;\"></span></p><p style=\"color: rgb(77, 79, 83); font-family: &quot;Hiragino Sans GB&quot;, &quot;Microsoft Yahei&quot;, 微软雅黑, SimSun, 宋体, Arial; font-size: 18px; font-variant-numeric: normal; font-variant-east-asian: normal; letter-spacing: 1px; margin-bottom: 18px; margin-top: 0px; padding: 0px; white-space: normal;\">　　中共中央政治局常委、国务院总理李克强在讲话中代表党中央、国务院，向全体获奖人员表示热烈祝贺，向全国广大科技工作者致以崇高敬意，向参与和支持中国科技事业的外国专家表示衷心感谢。</p><p><span style=\"background-color: rgb(255, 255, 255); color: rgb(77, 79, 83); font-family: &quot;Hiragino Sans GB&quot;, &quot;Microsoft Yahei&quot;, 微软雅黑, SimSun, 宋体, Arial; font-size: 18px; font-variant-numeric: normal; font-variant-east-asian: normal; letter-spacing: 1px; line-height: 32px; white-space: normal;\"></span></p><p style=\"color: rgb(77, 79, 83); font-family: &quot;Hiragino Sans GB&quot;, &quot;Microsoft Yahei&quot;, 微软雅黑, SimSun, 宋体, Arial; font-size: 18px; font-variant-numeric: normal; font-variant-east-asian: normal; letter-spacing: 1px; margin-bottom: 18px; margin-top: 0px; padding: 0px; white-space: normal;\">　　李克强说，新中国成立70年来，我国科技发展波澜壮阔、成就辉煌。去年，我国科技事业再创佳绩，涌现出一批具有国际领先水平的成果，大众创业万众创新迈向深入，新动能持续快速成长。今年我们将全面建成小康社会、实现第一个百年奋斗目标。要坚持以习近平新时代中国特色社会主义思想为指导，按照党中央、国务院决策部署，深入实施创新驱动发展战略，加快促进科技与经济深度融合，为保持经济运行在合理区间、推动高质量发展提供强大动力。</p><p><span style=\"background-color: rgb(255, 255, 255); color: rgb(77, 79, 83); font-family: &quot;Hiragino Sans GB&quot;, &quot;Microsoft Yahei&quot;, 微软雅黑, SimSun, 宋体, Arial; font-size: 18px; font-variant-numeric: normal; font-variant-east-asian: normal; letter-spacing: 1px; line-height: 32px; white-space: normal;\"></span></p><p style=\"color: rgb(77, 79, 83); font-family: &quot;Hiragino Sans GB&quot;, &quot;Microsoft Yahei&quot;, 微软雅黑, SimSun, 宋体, Arial; font-size: 18px; font-variant-numeric: normal; font-variant-east-asian: normal; letter-spacing: 1px; margin-bottom: 18px; margin-top: 0px; padding: 0px; white-space: normal;\">　　李克强说，要筑牢基础研究这一科技创新的根基。加大财政稳定支持，引导企业等社会力量增加投入，完善经费保障、成果评价和人才激励机制，尊重规律、宽容失败，支持科研人员心无旁骛、潜心钻研，创造更多“从0到1”的原创成果，让“板凳甘坐十年冷”的专注得到更多褒奖。要紧扣经济发展和民生急需把准科技创新的着力点。加速产业升级的关键核心技术攻关和成果转化，催生更多新产业新业态。加大重大疾病防控、环境治理等研发力度，让技术贴近群众、创新造福人民。</p><p><span style=\"background-color: rgb(255, 255, 255); color: rgb(77, 79, 83); font-family: &quot;Hiragino Sans GB&quot;, &quot;Microsoft Yahei&quot;, 微软雅黑, SimSun, 宋体, Arial; font-size: 18px; font-variant-numeric: normal; font-variant-east-asian: normal; letter-spacing: 1px; line-height: 32px; white-space: normal;\"></span></p><p style=\"color: rgb(77, 79, 83); font-family: &quot;Hiragino Sans GB&quot;, &quot;Microsoft Yahei&quot;, 微软雅黑, SimSun, 宋体, Arial; font-size: 18px; font-variant-numeric: normal; font-variant-east-asian: normal; letter-spacing: 1px; margin-bottom: 18px; margin-top: 0px; padding: 0px; white-space: normal;\">　　李克强说，要优化科技创新生态。发挥企业技术创新主体作用，落实研发费用加计扣除等减税降费政策，尊重和保护知识产权，提高企业创新的能力和意愿。持续推动大众创业万众创新，促进大中小企业、高校院所、普通创客融通创新和产学研用一体化发展，提升创新整体效能。</p><p><span style=\"background-color: rgb(255, 255, 255); color: rgb(77, 79, 83); font-family: &quot;Hiragino Sans GB&quot;, &quot;Microsoft Yahei&quot;, 微软雅黑, SimSun, 宋体, Arial; font-size: 18px; font-variant-numeric: normal; font-variant-east-asian: normal; letter-spacing: 1px; line-height: 32px; white-space: normal;\"></span></p><p style=\"color: rgb(77, 79, 83); font-family: &quot;Hiragino Sans GB&quot;, &quot;Microsoft Yahei&quot;, 微软雅黑, SimSun, 宋体, Arial; font-size: 18px; font-variant-numeric: normal; font-variant-east-asian: normal; letter-spacing: 1px; margin-bottom: 18px; margin-top: 0px; padding: 0px; white-space: normal;\">　　李克强说，要增强科技创新内生动力。深化“放管服”改革，拓展科研管理“绿色通道”和项目经费使用“包干制”试点。完善科技成果和人才评价办法，人才不论年龄资历、背景出身，都应一视同仁、凭本事说话，让金子都能发光。大力弘扬科学家精神，加强科研诚信建设。注重为青年人才挑大梁创造更多机会。拓展国际创新合作，为各国科技人员来华交流、企业来华发展提供便利。</p><p><span style=\"background-color: rgb(255, 255, 255); color: rgb(77, 79, 83); font-family: &quot;Hiragino Sans GB&quot;, &quot;Microsoft Yahei&quot;, 微软雅黑, SimSun, 宋体, Arial; font-size: 18px; font-variant-numeric: normal; font-variant-east-asian: normal; letter-spacing: 1px; line-height: 32px; white-space: normal;\"></span></p><p style=\"color: rgb(77, 79, 83); font-family: &quot;Hiragino Sans GB&quot;, &quot;Microsoft Yahei&quot;, 微软雅黑, SimSun, 宋体, Arial; font-size: 18px; font-variant-numeric: normal; font-variant-east-asian: normal; letter-spacing: 1px; margin-bottom: 18px; margin-top: 0px; padding: 0px; white-space: normal;\">　　中共中央政治局常委、国务院副总理韩正在主持大会时说，创新精神是中华民族最鲜明的禀赋，是任何时代都不可或缺的精神特质。广大科技工作者要以获奖者为榜样，坚定创新信心和决心，把个人理想自觉融入国家发展伟业。要更加紧密地团结在以习近平同志为核心的党中央周围，高举习近平新时代中国特色社会主义思想伟大旗帜，坚定不移走中国特色自主创新道路，为实现“两个一百年”奋斗目标、实现中华民族伟大复兴的中国梦而努力奋斗。</p><p><span style=\"background-color: rgb(255, 255, 255); color: rgb(77, 79, 83); font-family: &quot;Hiragino Sans GB&quot;, &quot;Microsoft Yahei&quot;, 微软雅黑, SimSun, 宋体, Arial; font-size: 18px; font-variant-numeric: normal; font-variant-east-asian: normal; letter-spacing: 1px; line-height: 32px; white-space: normal;\"></span></p><p style=\"color: rgb(77, 79, 83); font-family: &quot;Hiragino Sans GB&quot;, &quot;Microsoft Yahei&quot;, 微软雅黑, SimSun, 宋体, Arial; font-size: 18px; font-variant-numeric: normal; font-variant-east-asian: normal; letter-spacing: 1px; margin-bottom: 18px; margin-top: 0px; padding: 0px; white-space: normal;\">　　中共中央政治局委员、国务院副总理刘鹤在会上宣读了《国务院关于2019年度国家科学技术奖励的决定》。</p><p><span style=\"background-color: rgb(255, 255, 255); color: rgb(77, 79, 83); font-family: &quot;Hiragino Sans GB&quot;, &quot;Microsoft Yahei&quot;, 微软雅黑, SimSun, 宋体, Arial; font-size: 18px; font-variant-numeric: normal; font-variant-east-asian: normal; letter-spacing: 1px; line-height: 32px; white-space: normal;\"></span></p><p style=\"color: rgb(77, 79, 83); font-family: &quot;Hiragino Sans GB&quot;, &quot;Microsoft Yahei&quot;, 微软雅黑, SimSun, 宋体, Arial; font-size: 18px; font-variant-numeric: normal; font-variant-east-asian: normal; letter-spacing: 1px; margin-bottom: 18px; margin-top: 0px; padding: 0px; white-space: normal;\">　　黄旭华、曾庆存代表全体获奖人员发言。</p><p><span style=\"background-color: rgb(255, 255, 255); color: rgb(77, 79, 83); font-family: &quot;Hiragino Sans GB&quot;, &quot;Microsoft Yahei&quot;, 微软雅黑, SimSun, 宋体, Arial; font-size: 18px; font-variant-numeric: normal; font-variant-east-asian: normal; letter-spacing: 1px; line-height: 32px; white-space: normal;\"></span></p><p style=\"color: rgb(77, 79, 83); font-family: &quot;Hiragino Sans GB&quot;, &quot;Microsoft Yahei&quot;, 微软雅黑, SimSun, 宋体, Arial; font-size: 18px; font-variant-numeric: normal; font-variant-east-asian: normal; letter-spacing: 1px; margin-bottom: 18px; margin-top: 0px; padding: 0px; white-space: normal;\">　　奖励大会开始前，习近平等党和国家领导人会见了国家科学技术奖获奖代表，并同大家合影留念。</p><p><span style=\"background-color: rgb(255, 255, 255); color: rgb(77, 79, 83); font-family: &quot;Hiragino Sans GB&quot;, &quot;Microsoft Yahei&quot;, 微软雅黑, SimSun, 宋体, Arial; font-size: 18px; font-variant-numeric: normal; font-variant-east-asian: normal; letter-spacing: 1px; line-height: 32px; white-space: normal;\"></span></p><p style=\"color: rgb(77, 79, 83); font-family: &quot;Hiragino Sans GB&quot;, &quot;Microsoft Yahei&quot;, 微软雅黑, SimSun, 宋体, Arial; font-size: 18px; font-variant-numeric: normal; font-variant-east-asian: normal; letter-spacing: 1px; margin-bottom: 18px; margin-top: 0px; padding: 0px; white-space: normal;\">　　丁薛祥、许其亮、陈希、黄坤明、蔡达峰、肖捷、何立峰出席大会。</p><p><span style=\"background-color: rgb(255, 255, 255); color: rgb(77, 79, 83); font-family: &quot;Hiragino Sans GB&quot;, &quot;Microsoft Yahei&quot;, 微软雅黑, SimSun, 宋体, Arial; font-size: 18px; font-variant-numeric: normal; font-variant-east-asian: normal; letter-spacing: 1px; line-height: 32px; white-space: normal;\"></span></p><p style=\"color: rgb(77, 79, 83); font-family: &quot;Hiragino Sans GB&quot;, &quot;Microsoft Yahei&quot;, 微软雅黑, SimSun, 宋体, Arial; font-size: 18px; font-variant-numeric: normal; font-variant-east-asian: normal; letter-spacing: 1px; margin-bottom: 18px; margin-top: 0px; padding: 0px; white-space: normal;\">　　中央和国家机关有关部门、军队有关单位负责同志，国家科技领导小组成员，国家科学技术奖励委员会委员，2019年度国家科学技术奖获奖代表及亲属代表，首都科技界代表和学生代表等约3300人参加大会。</p><p><span style=\"background-color: rgb(255, 255, 255); color: rgb(77, 79, 83); font-family: &quot;Hiragino Sans GB&quot;, &quot;Microsoft Yahei&quot;, 微软雅黑, SimSun, 宋体, Arial; font-size: 18px; font-variant-numeric: normal; font-variant-east-asian: normal; letter-spacing: 1px; line-height: 32px; white-space: normal;\"></span></p><p style=\"color: rgb(77, 79, 83); font-family: &quot;Hiragino Sans GB&quot;, &quot;Microsoft Yahei&quot;, 微软雅黑, SimSun, 宋体, Arial; font-size: 18px; font-variant-numeric: normal; font-variant-east-asian: normal; letter-spacing: 1px; margin-bottom: 18px; margin-top: 0px; padding: 0px; white-space: normal;\">　　2019年度国家科学技术奖共评选出296个项目和12名科技专家。其中，国家最高科学技术奖2人；国家自然科学奖46项，其中一等奖1项、二等奖45项；国家技术发明奖65项，其中一等奖3项、二等奖62项；国家科学技术进步奖185项，其中特等奖3项、一等奖22项、二等奖160项；授予10名外籍专家中华人民共和国国际科学技术合作奖。</p><p style=\"text-align: center;\"><br/></p>', '4', '2020-01-09 18:12:48', '2020-01-10 15:41:09');
COMMIT;

-- ----------------------------
--  Table structure for `notice`
-- ----------------------------
CREATE TABLE `notice` (
  `id` int(11) NOT NULL AUTO_INCREMENT,
  `title` varchar(512) NOT NULL COMMENT '主标题',
  `content` text COMMENT '富文本',
  `create_time` timestamp NULL DEFAULT NULL COMMENT '创建时间',
  `update_time` timestamp NULL DEFAULT NULL COMMENT '发布时间',
  `send_status` tinyint(4) DEFAULT '1' COMMENT '1:暂存 2：发布',
  `type` tinyint(4) NOT NULL DEFAULT '1' COMMENT '公告类型 1：系统公告  2.用户公告；3商学院；4用户资产',
  `remark` text COMMENT '备注',
  `link_type` tinyint(4) DEFAULT '1' COMMENT '展现方式 1：跳转订单详情。2:跳转项目详情 3.跳转履历详情 4:企业实名认证 5:跳转发布方项目详情',
  `status` tinyint(4) DEFAULT '1' COMMENT '状态： 1：正常 -1：删除',
  `send_num` bigint(20) unsigned DEFAULT '0' COMMENT '发送份数',
  `read_num` bigint(20) unsigned DEFAULT '0' COMMENT '已阅读数',
  `param` varchar(512) DEFAULT NULL COMMENT '跳转链接',
  `show_img` varchar(255) DEFAULT NULL COMMENT '公告展示图',
  `push_type` int(11) NOT NULL DEFAULT '2' COMMENT '推送类型：1单推；2群推',
  PRIMARY KEY (`id`) USING BTREE,
  KEY `link_type` (`link_type`) USING BTREE,
  KEY `type` (`type`) USING BTREE
) ENGINE=InnoDB AUTO_INCREMENT=285 DEFAULT CHARSET=utf8mb4 ROW_FORMAT=DYNAMIC COMMENT='公告管理模板';

-- ----------------------------
--  Records of `notice`
-- ----------------------------
BEGIN;
INSERT INTO `notice` VALUES ('1', '个人实名认证失败', null, '2019-12-18 15:01:12', '2019-12-18 15:20:12', '1', '2', '您提交的个人实名认证，未通过平台审核，点击查看详情', '4', '1', '0', '1', '1', null, '2'), ('2', '个人实名认证失败', null, '2019-12-18 15:05:12', '2019-12-18 15:20:12', '1', '2', '您提交的个人实名认证，已通过平台审核，点击查看详情', '4', '1', '0', '1', '2', null, '2'), ('3', '个人实名认证失败', null, '2019-12-18 15:51:12', '2019-12-18 17:13:12', '1', '2', '您提交的个人实名认证，已通过平台审核，点击查看详情', '4', '1', '0', '1', '3', null, '2'), ('4', '履历认证失败', null, '2019-12-18 16:01:12', '2019-12-18 16:01:12', '1', '2', '您提交的履历未能通过平台认证，点击查看详情', '3', '1', '0', '2', '1', null, '2'), ('5', '履历认证通过', null, '2019-12-18 16:03:12', '2019-12-18 16:06:12', '1', '2', '您提交的履历已通过平台认证，点击查看详情', '3', '1', '0', '1', '1', null, '2'), ('6', '履历认证通过', null, '2019-12-18 16:05:12', '2019-12-18 16:06:12', '1', '2', '您提交的履历已通过平台认证，点击查看详情', '3', '1', '0', '1', '1', null, '2'), ('7', '项目开始', null, '2019-12-18 16:30:12', '2019-12-18 16:30:12', '1', '2', '您发布的项目“学学乐”，筹款阶段已开始，将于2020-01-17 16:30:26后结束', '0', '1', '0', '1', '1', null, '2'), ('8', '支持方支付首款', null, '2019-12-18 16:51:12', '2019-12-18 16:53:12', '1', '2', '#红点点#支持了您发布的项目#学学乐#，点击查看详情', '5', '1', '0', '1', '2', null, '2'), ('9', '发布方提交需求', null, '2019-12-18 16:53:12', '2019-12-18 17:13:12', '1', '2', '您支持的项目#学学乐#，发布方#洪薇薇薇薇#已提交了需求文档，点击查看详情', '1', '1', '0', '1', '2', null, '2'), ('10', '支持方拒绝需求', null, '2019-12-18 16:54:12', '2019-12-18 17:13:12', '1', '2', '您发布的项目#学学乐#，支持方#红点点#拒绝了需求文档，点击查看详情', '5', '1', '0', '1', '2', null, '2'), ('11', '发布方提交需求', null, '2019-12-18 16:54:12', '2019-12-18 17:13:12', '1', '2', '您支持的项目#学学乐#，发布方#洪薇薇薇薇#已提交了需求文档，点击查看详情', '1', '1', '0', '1', '2', null, '2'), ('12', '支持方发起退款', null, '2019-12-18 16:58:12', '2019-12-18 17:13:12', '1', '2', '您发布的项目#学学乐#，支持方#红点点#申请了退款，点击查看详情', '5', '1', '0', '1', '2', null, '2'), ('13', '退首款申请失败', null, '2019-12-18 16:58:12', '2019-12-18 17:13:12', '1', '2', '您发起#学学乐#项目的退款申请，退款金额#0.02#，退款失败，失败反馈#不给退#', '1', '1', '0', '1', '2', null, '2'), ('14', '支持方发起退款', null, '2019-12-18 17:02:12', '2019-12-18 17:13:12', '1', '2', '您发布的项目#学学乐#，支持方#红点点#申请了退款，点击查看详情', '5', '1', '0', '1', '2', null, '2'), ('15', '退首款申请成功', null, '2019-12-18 17:11:12', '2019-12-18 17:13:12', '1', '2', '您发起#学学乐#项目的退款申请，退款金额#0.02#，已成功退款至您的#网页支付宝账户#，请注意查收', '1', '1', '0', '1', '2', null, '2'), ('16', '支持方支付首款', null, '2019-12-18 17:14:12', '2019-12-18 17:21:12', '1', '2', '#红点点#支持了您发布的项目#学学乐#，点击查看详情', '5', '1', '0', '1', '4', null, '2'), ('17', '收到款项', null, '2019-12-18 17:14:12', '2019-12-18 17:22:12', '1', '2', '您支持的项目学学乐”，平台已收到对公转账，订单状态已更新，点击查看详情', '1', '1', '0', '2', '4', null, '2'), ('18', '个人实名认证失败', null, '2019-12-18 17:15:12', '2019-12-20 13:53:12', '1', '2', '您提交的个人实名认证，已通过平台审核，点击查看详情', '4', '1', '0', '2', '4', null, '2'), ('19', '履历认证通过', null, '2019-12-18 17:16:12', '2019-12-18 18:07:12', '1', '2', '您提交的履历已通过平台认证，点击查看详情', '3', '1', '0', '1', '5', null, '2'), ('20', '发布方提交需求', null, '2019-12-18 17:19:12', '2019-12-18 17:22:12', '1', '2', '您支持的项目#学学乐#，发布方#洪薇薇薇薇#已提交了需求文档，点击查看详情', '1', '1', '0', '1', '4', null, '2'), ('21', '支持方拒绝需求', null, '2019-12-18 17:19:12', '2019-12-18 17:21:12', '1', '2', '您发布的项目#学学乐#，支持方#红点点#拒绝了需求文档，点击查看详情', '5', '1', '0', '1', '4', null, '2'), ('22', '发布方提交需求', null, '2019-12-18 17:19:12', '2019-12-18 17:22:12', '1', '2', '您支持的项目#学学乐#，发布方#洪薇薇薇薇#已提交了需求文档，点击查看详情', '1', '1', '0', '1', '4', null, '2'), ('23', '支持方确认需求', null, '2019-12-18 17:19:12', '2019-12-18 17:21:12', '1', '2', '您发布的项目#学学乐#，支持方#红点点#确认了需求文档，点击查看详情', '5', '1', '0', '1', '4', null, '2'), ('24', '支持方支付尾款', null, '2019-12-18 17:20:12', '2019-12-18 17:21:12', '1', '2', '您发布的项目#学学乐#，支持方#红点点#已支付了尾款，点击查看详情', '5', '1', '0', '1', '4', null, '2'), ('25', '发布方提交交付', null, '2019-12-18 17:22:12', '2019-12-18 17:22:12', '1', '2', '您支持的项目#学学乐#，发布方#洪薇薇薇薇#已提交了交付文档，点击查看详情', '1', '1', '0', '1', '4', null, '2'), ('26', '支持方确认验收', null, '2019-12-18 17:26:12', '2019-12-18 17:26:12', '1', '2', '您发布的项目#学学乐#，支持方#红点点#确认了验收文档，点击查看详情', '5', '1', '0', '1', '4', null, '2'), ('27', '支持方支付首款', null, '2019-12-18 17:28:12', '2019-12-18 17:36:12', '1', '2', '#17853530676#支持了您发布的项目#学学乐#，点击查看详情', '5', '1', '0', '1', '5', null, '2'), ('28', '收到款项', null, '2019-12-18 17:28:12', '2019-12-18 17:28:12', '1', '2', '您支持的项目学学乐”，平台已收到对公转账，订单状态已更新，点击查看详情', '1', '1', '0', '0', '5', null, '2'), ('29', '发布方提交需求', null, '2019-12-18 17:29:12', '2019-12-18 17:29:12', '1', '2', '您支持的项目#学学乐#，发布方#洪薇薇薇薇#已提交了需求文档，点击查看详情', '1', '1', '0', '0', '5', null, '2'), ('30', '支持方拒绝需求', null, '2019-12-18 17:36:12', '2019-12-18 17:36:12', '1', '2', '您发布的项目#学学乐#，支持方#17853530676#拒绝了需求文档，点击查看详情', '5', '1', '0', '1', '5', null, '2'), ('31', '发布方提交需求', null, '2019-12-18 17:36:12', '2019-12-18 17:36:12', '1', '2', '您支持的项目#学学乐#，发布方#洪薇薇薇薇#已提交了需求文档，点击查看详情', '1', '1', '0', '0', '5', null, '2'), ('32', '支持方拒绝需求', null, '2019-12-18 17:37:12', '2019-12-18 17:50:12', '1', '2', '您发布的项目#学学乐#，支持方#17853530676#拒绝了需求文档，点击查看详情', '5', '1', '0', '1', '5', null, '2'), ('33', '发布方提交需求', null, '2019-12-18 17:38:12', '2019-12-18 17:38:12', '1', '2', '您支持的项目#学学乐#，发布方#洪薇薇薇薇#已提交了需求文档，点击查看详情', '1', '1', '0', '0', '5', null, '2'), ('34', '支持方拒绝需求', null, '2019-12-18 17:38:12', '2019-12-18 17:50:12', '1', '2', '您发布的项目#学学乐#，支持方#17853530676#拒绝了需求文档，点击查看详情', '5', '1', '0', '1', '5', null, '2'), ('35', '发布方提交需求', null, '2019-12-18 17:39:12', '2019-12-18 17:39:12', '1', '2', '您支持的项目#学学乐#，发布方#洪薇薇薇薇#已提交了需求文档，点击查看详情', '1', '1', '0', '0', '5', null, '2'), ('36', '支持方拒绝需求', null, '2019-12-18 17:42:12', '2019-12-18 17:50:12', '1', '2', '您发布的项目#学学乐#，支持方#17853530676#拒绝了需求文档，点击查看详情', '5', '1', '0', '1', '5', null, '2'), ('37', '发布方提交需求', null, '2019-12-18 17:44:12', '2019-12-18 17:44:12', '1', '2', '您支持的项目#学学乐#，发布方#洪薇薇薇薇#已提交了需求文档，点击查看详情', '1', '1', '0', '0', '5', null, '2'), ('38', '支持方确认需求', null, '2019-12-18 17:44:12', '2019-12-18 17:50:12', '1', '2', '您发布的项目#学学乐#，支持方#17853530676#确认了需求文档，点击查看详情', '5', '1', '0', '1', '5', null, '2'), ('39', '支持方支付尾款', null, '2019-12-18 17:46:12', '2019-12-18 17:50:12', '1', '2', '您发布的项目#学学乐#，支持方#17853530676#已支付了尾款，点击查看详情', '5', '1', '0', '1', '5', null, '2'), ('40', '发布方提交交付', null, '2019-12-18 17:47:12', '2019-12-18 17:47:12', '1', '2', '您支持的项目#学学乐#，发布方#洪薇薇薇薇#已提交了交付文档，点击查看详情', '1', '1', '0', '0', '5', null, '2'), ('41', '支持方确认验收', null, '2019-12-18 17:47:12', '2019-12-18 17:49:12', '1', '2', '您发布的项目#学学乐#，支持方#17853530676#确认了验收文档，点击查看详情', '5', '1', '0', '1', '5', null, '2'), ('43', '企业提现申请失败', null, '2019-12-18 18:15:12', '2019-12-18 18:20:12', '1', '2', '您企业账户的提现订单392016714625235329，提现申请失败，失败反馈：不给提现。', '0', '1', '0', '2', '', null, '2'), ('44', '履历认证通过', null, '2019-12-18 18:32:12', '2019-12-18 21:31:12', '1', '2', '您提交的履历已通过平台认证，点击查看详情', '3', '1', '0', '1', '5', null, '2'), ('45', '企业实名认证失败', null, '2019-12-18 18:33:12', '2019-12-18 18:45:12', '1', '2', '您提交的企业实名认证，未能通过平台审核，点击查看详情', '6', '1', '0', '1', '1', null, '2'), ('46', '履历认证通过', null, '2019-12-18 18:33:12', '2019-12-18 21:31:12', '1', '2', '您提交的履历已通过平台认证，点击查看详情', '3', '1', '0', '1', '5', null, '2'), ('47', '企业实名认证失败', null, '2019-12-18 18:34:12', '2019-12-19 10:25:12', '1', '2', '您提交的企业实名认证，已通过平台审核，点击查看详情', '6', '1', '0', '1', '2', null, '2'), ('48', '意见反馈处理', null, '2019-12-18 18:38:12', '2019-12-18 18:38:12', '1', '2', '您反馈的意见：#好地方几号放假电商科技返回 #，平台已回复：#辅导费#', '0', '1', '0', '1', '', null, '2'), ('52', '履历认证通过', null, '2019-12-19 13:49:12', '2019-12-19 16:55:12', '1', '2', '您提交的履历已通过平台认证，点击查看详情', '3', '1', '0', '9', '5', null, '2'), ('53', '支持方支付首款', null, '2019-12-19 17:23:12', '2019-12-19 17:24:12', '1', '2', '#焦迈奇#支持了您发布的项目#学学乐#，点击查看详情', '5', '1', '0', '2', '6', null, '2'), ('54', '发布方提交需求', null, '2019-12-19 17:24:12', '2019-12-19 17:25:12', '1', '2', '您支持的项目#学学乐#，发布方#洪薇薇薇薇#已提交了需求文档，点击查看详情', '1', '1', '0', '2', '6', null, '2'), ('55', '支持方确认需求', null, '2019-12-19 17:25:12', '2019-12-19 17:45:12', '1', '2', '您发布的项目#学学乐#，支持方#焦迈奇#确认了需求文档，点击查看详情', '5', '1', '0', '2', '6', null, '2'), ('56', '平台已仲裁', null, '2019-12-19 17:39:12', '2019-12-19 17:42:12', '1', '2', '您与支持方“焦迈奇”关于“学学乐”的订单，平台已仲裁，仲裁结果:双方均有责任，点击查看详情', '1', '1', '0', '2', '6', null, '2'), ('57', '平台已仲裁', null, '2019-12-19 17:39:12', '2019-12-19 17:40:12', '1', '2', '您支持的项目“学学乐”的订单，平台已介入仲裁，仲裁结果:双方均有责任，点击查看详情', '1', '1', '0', '2', '6', null, '2'), ('58', '项目开始', null, '2019-12-19 17:57:12', '2019-12-19 17:57:12', '1', '2', '您发布的项目“服装定制项目”，筹款阶段已开始，将于2019-12-20 17:57:34后结束', '0', '1', '0', '2', '2', null, '2'), ('59', '支持方支付首款', null, '2019-12-19 17:59:12', '2019-12-20 13:52:12', '1', '2', '#焦迈奇#支持了您发布的项目#服装定制项目#，点击查看详情', '5', '1', '0', '1', '7', null, '2'), ('60', '收到款项', null, '2019-12-19 17:59:12', '2019-12-19 18:19:12', '1', '2', '您支持的项目服装定制项目”，平台已收到对公转账，订单状态已更新，点击查看详情', '1', '1', '0', '1', '7', null, '2'), ('61', '发布方提交需求', null, '2019-12-19 18:00:12', '2019-12-19 18:19:12', '1', '2', '您支持的项目#服装定制项目#，发布方#洪薇薇薇薇#已提交了需求文档，点击查看详情', '1', '1', '0', '1', '7', null, '2'), ('62', '支持方确认需求', null, '2019-12-19 18:00:12', '2019-12-20 13:52:12', '1', '2', '您发布的项目#服装定制项目#，支持方#焦迈奇#确认了需求文档，点击查看详情', '5', '1', '0', '1', '7', null, '2'), ('65', '个人实名认证失败', null, '2019-12-19 18:20:12', '2019-12-19 18:20:12', '1', '2', '您提交的个人实名认证，未通过平台审核，点击查看详情', '4', '1', '0', '0', '5', null, '2'), ('66', '个人实名认证失败', null, '2019-12-19 18:21:12', '2019-12-19 18:21:12', '1', '2', '您提交的个人实名认证，已通过平台审核，点击查看详情', '4', '1', '0', '0', '6', null, '2'), ('67', '企业实名认证失败', null, '2019-12-19 18:22:12', '2019-12-19 18:22:12', '1', '2', '您提交的企业实名认证，未能通过平台审核，点击查看详情', '6', '1', '0', '0', '3', null, '2'), ('68', '企业实名认证失败', null, '2019-12-19 18:22:12', '2019-12-19 18:22:12', '1', '2', '您提交的企业实名认证，已通过平台审核，点击查看详情', '6', '1', '0', '0', '4', null, '2'), ('69', '平台已仲裁', null, '2019-12-19 18:29:12', '2019-12-20 13:52:12', '1', '2', '您与支持方“焦迈奇”关于“服装定制项目”的订单，平台已仲裁，仲裁结果:双方均有责任，点击查看详情', '1', '1', '0', '1', '7', null, '2'), ('70', '平台已仲裁', null, '2019-12-19 18:29:12', '2019-12-19 18:29:12', '1', '2', '您支持的项目“服装定制项目”的订单，平台已介入仲裁，仲裁结果:双方均有责任，点击查看详情', '1', '1', '0', '2', '7', null, '2'), ('71', '支持方支付首款', null, '2019-12-19 18:32:12', '2019-12-20 13:52:12', '1', '2', '#红点点#支持了您发布的项目#服装定制项目#，点击查看详情', '5', '1', '0', '1', '8', null, '2'), ('72', '收到款项', null, '2019-12-19 18:32:12', '2019-12-19 19:34:12', '1', '2', '您支持的项目服装定制项目”，平台已收到对公转账，订单状态已更新，点击查看详情', '1', '1', '0', '1', '8', null, '2'), ('73', '发布方提交需求', null, '2019-12-19 18:32:12', '2019-12-19 19:34:12', '1', '2', '您支持的项目#服装定制项目#，发布方#洪薇薇薇薇#已提交了需求文档，点击查看详情', '1', '1', '0', '1', '8', null, '2'), ('74', '支持方确认需求', null, '2019-12-19 18:32:12', '2019-12-20 13:52:12', '1', '2', '您发布的项目#服装定制项目#，支持方#红点点#确认了需求文档，点击查看详情', '5', '1', '0', '1', '8', null, '2'), ('75', '平台已仲裁', null, '2019-12-19 18:46:12', '2019-12-20 13:52:12', '1', '2', '您与支持方“红点点”关于“服装定制项目”的订单，平台已仲裁，仲裁结果:支持方全责，点击查看详情', '1', '1', '0', '1', '8', null, '2'), ('76', '平台已仲裁', null, '2019-12-19 18:46:12', '2019-12-19 18:47:12', '1', '2', '您支持的项目“服装定制项目”的订单，平台已介入仲裁，仲裁结果:支持方全责，点击查看详情', '1', '1', '0', '2', '8', null, '2'), ('77', '支持方支付首款', null, '2019-12-19 19:37:12', '2019-12-20 13:52:12', '1', '2', '#杨起帆#支持了您发布的项目#服装定制项目#，点击查看详情', '5', '1', '0', '1', '10', null, '2'), ('78', '发布方提交需求', null, '2019-12-19 19:38:12', '2019-12-19 21:03:12', '1', '2', '您支持的项目#服装定制项目#，发布方#洪薇薇薇薇#已提交了需求文档，点击查看详情', '1', '1', '0', '1', '10', null, '2'), ('79', '支持方确认需求', null, '2019-12-19 19:39:12', '2019-12-20 13:52:12', '1', '2', '您发布的项目#服装定制项目#，支持方#杨起帆#确认了需求文档，点击查看详情', '5', '1', '0', '1', '10', null, '2'), ('80', '平台已仲裁', null, '2019-12-19 19:39:12', '2019-12-20 13:52:12', '1', '2', '您与支持方“杨起帆”关于“服装定制项目”的订单，平台已仲裁，仲裁结果:双方均有责任，点击查看详情', '1', '1', '0', '1', '10', null, '2'), ('81', '平台已仲裁', null, '2019-12-19 19:39:12', '2019-12-19 21:03:12', '1', '2', '您支持的项目“服装定制项目”的订单，平台已介入仲裁，仲裁结果:双方均有责任，点击查看详情', '1', '1', '0', '1', '10', null, '2'), ('82', '平台已仲裁', null, '2019-12-19 19:56:12', '2019-12-20 13:52:12', '1', '2', '您与支持方“杨起帆”关于“服装定制项目”的订单，平台已仲裁，仲裁结果:支持方全责，点击查看详情', '1', '1', '0', '1', '10', null, '2'), ('83', '平台已仲裁', null, '2019-12-19 19:56:12', '2019-12-19 21:03:12', '1', '2', '您支持的项目“服装定制项目”的订单，平台已介入仲裁，仲裁结果:支持方全责，点击查看详情', '1', '1', '0', '1', '10', null, '2'), ('84', '支持方支付首款', null, '2019-12-19 19:59:12', '2019-12-20 13:52:12', '1', '2', '#杨起帆#支持了您发布的项目#学学乐#，点击查看详情', '5', '1', '0', '1', '11', null, '2'), ('85', '发布方提交需求', null, '2019-12-19 20:00:12', '2019-12-19 21:03:12', '1', '2', '您支持的项目#学学乐#，发布方#洪薇薇薇薇#已提交了需求文档，点击查看详情', '1', '1', '0', '1', '11', null, '2'), ('86', '支持方确认需求', null, '2019-12-19 20:00:12', '2019-12-20 13:49:12', '1', '2', '您发布的项目#学学乐#，支持方#杨起帆#确认了需求文档，点击查看详情', '5', '1', '0', '2', '11', null, '2'), ('87', '平台已仲裁', null, '2019-12-19 20:00:12', '2019-12-19 20:00:12', '1', '2', '您与支持方“杨起帆”关于“学学乐”的订单，平台已仲裁，仲裁结果:支持方全责，点击查看详情', '1', '1', '0', '1', '11', null, '2'), ('88', '平台已仲裁', null, '2019-12-19 20:00:12', '2019-12-19 21:02:12', '1', '2', '您支持的项目“学学乐”的订单，平台已介入仲裁，仲裁结果:支持方全责，点击查看详情', '1', '1', '0', '2', '11', null, '2'), ('89', '个人实名认证失败', null, '2019-12-20 13:45:12', '2019-12-20 16:24:12', '1', '2', '您提交的个人实名认证，已通过平台审核，点击查看详情', '4', '1', '0', '2', '7', null, '2'), ('90', '支持方支付首款', null, '2019-12-20 13:46:12', '2019-12-20 13:49:12', '1', '2', '#程栈网官方#支持了您发布的项目#服装定制项目#，点击查看详情', '5', '1', '0', '2', '9', null, '2'), ('91', '个人提现申请失败', null, '2019-12-20 13:47:12', '2019-12-20 16:24:12', '1', '2', '您个人账户的提现订单392674161027236865，提现申请失败，失败反馈：拒绝提款。', '0', '1', '0', '2', '', null, '2'), ('92', '发布方提交需求', null, '2019-12-20 13:49:12', '2019-12-20 13:53:12', '1', '2', '您支持的项目#服装定制项目#，发布方#洪薇薇薇薇#已提交了需求文档，点击查看详情', '1', '1', '0', '2', '9', null, '2'), ('93', '支持方确认需求', null, '2019-12-20 13:54:12', '2019-12-20 15:00:12', '1', '2', '您发布的项目#服装定制项目#，支持方#程栈网官方#确认了需求文档，点击查看详情', '5', '1', '0', '1', '9', null, '2'), ('94', '支持方支付尾款', null, '2019-12-20 13:56:12', '2019-12-20 15:00:12', '1', '2', '您发布的项目#服装定制项目#，支持方#程栈网官方#已支付了尾款，点击查看详情', '5', '1', '0', '1', '9', null, '2'), ('95', '支持方支付首款', null, '2019-12-20 14:31:12', '2019-12-20 15:00:12', '1', '2', '#Pawn#支持了您发布的项目#学学乐#，点击查看详情', '5', '1', '0', '1', '3', null, '2'), ('96', '支持方支付首款', null, '2019-12-20 14:45:12', '2019-12-20 15:00:12', '1', '2', '#雪碧#支持了您发布的项目#学学乐#，点击查看详情', '5', '1', '0', '1', '12', null, '2'), ('97', '项目开始', null, '2019-12-20 15:00:12', '2019-12-20 15:53:12', '1', '2', '您发布的项目“企业版的打卡应用”，筹款阶段已开始，将于2020-01-19 15:00:45后结束', '0', '1', '0', '1', '3', null, '2'), ('98', '支持方支付首款', null, '2019-12-20 15:10:12', '2019-12-20 15:53:12', '1', '2', '#杨起帆#支持了您发布的项目#企业版的打卡应用#，点击查看详情', '5', '1', '0', '1', '13', null, '2'), ('99', '支持方支付首款', null, '2019-12-20 15:13:12', '2019-12-20 15:53:12', '1', '2', '#红点点#支持了您发布的项目#企业版的打卡应用#，点击查看详情', '5', '1', '0', '1', '15', null, '2'), ('100', '支持方支付首款', null, '2019-12-20 15:17:12', '2019-12-20 15:53:12', '1', '2', '#焦迈奇#支持了您发布的项目#企业版的打卡应用#，点击查看详情', '5', '1', '0', '1', '16', null, '2'), ('101', '支持方发起退款', null, '2019-12-20 15:21:12', '2019-12-20 15:52:12', '1', '2', '您发布的项目#企业版的打卡应用#，支持方#红点点#申请了退款，点击查看详情', '5', '1', '0', '1', '15', null, '2'), ('102', '退首款申请成功', null, '2019-12-20 15:21:12', '2019-12-20 15:23:12', '1', '2', '您发起#企业版的打卡应用#项目的退款申请，退款金额#10.00#，已成功退款至您的#连连银行卡支付账户#，请注意查收', '1', '1', '0', '1', '15', null, '2'), ('103', '个人实名认证失败', null, '2019-12-20 15:25:12', '2019-12-20 15:57:12', '1', '2', '您提交的个人实名认证，已通过平台审核，点击查看详情', '4', '1', '0', '1', '8', null, '2'), ('104', '项目开始', null, '2019-12-20 15:35:12', '2019-12-20 15:57:12', '1', '2', '您发布的项目“婚礼纪”，筹款阶段已开始，将于2019-12-25 15:35:04后结束', '0', '1', '0', '1', '4', null, '2'), ('105', '项目开始', null, '2019-12-20 15:37:12', '2019-12-20 15:52:12', '1', '2', '您发布的项目“测试项目”，筹款阶段已开始，将于2019-12-22 15:37:30后结束', '0', '1', '0', '1', '5', null, '2'), ('106', '项目结束', null, '2019-12-20 15:37:12', '2019-12-20 15:52:12', '1', '2', '您发布的项目“测试项目”，筹款阶段已结束', '0', '1', '0', '1', '5', null, '2'), ('107', '支持方支付首款', null, '2019-12-20 15:40:12', '2019-12-20 15:52:12', '1', '2', '#洪薇薇薇薇#支持了您发布的项目#婚礼纪#，点击查看详情', '5', '1', '0', '1', '17', null, '2'), ('108', '收到款项', null, '2019-12-20 15:40:12', '2019-12-20 15:52:12', '1', '2', '您支持的项目婚礼纪”，平台已收到对公转账，订单状态已更新，点击查看详情', '1', '1', '0', '1', '17', null, '2'), ('109', '发布方提交需求', null, '2019-12-20 15:41:12', '2019-12-20 15:52:12', '1', '2', '您支持的项目#婚礼纪#，发布方#红点点#已提交了需求文档，点击查看详情', '1', '1', '0', '1', '17', null, '2'), ('110', '支持方确认需求', null, '2019-12-20 15:42:12', '2019-12-20 15:57:12', '1', '2', '您发布的项目#婚礼纪#，支持方#洪薇薇薇薇#确认了需求文档，点击查看详情', '5', '1', '0', '5', '17', null, '2'), ('111', '支持方支付尾款', null, '2019-12-20 15:56:12', '2019-12-20 15:56:12', '1', '2', '您发布的项目#婚礼纪#，支持方#洪薇薇薇薇#已支付了尾款，点击查看详情', '5', '1', '0', '1', '17', null, '2'), ('112', '收到款项', null, '2019-12-20 15:56:12', '2019-12-20 15:58:12', '1', '2', '您支持的项目婚礼纪”，平台已收到对公转账，订单状态已更新，点击查看详情', '1', '1', '0', '1', '17', null, '2'), ('113', '发布方提交交付', null, '2019-12-20 15:57:12', '2019-12-20 15:58:12', '1', '2', '您支持的项目#婚礼纪#，发布方#红点点#已提交了交付文档，点击查看详情', '1', '1', '0', '1', '17', null, '2'), ('114', '支持方拒绝验收', null, '2019-12-20 15:57:12', '2019-12-20 16:23:12', '1', '2', '您发布的项目#婚礼纪#，支持方#洪薇薇薇薇#拒绝了验收文档，点击查看详情', '5', '1', '0', '1', '17', null, '2'), ('115', '发布方提交交付', null, '2019-12-20 15:58:12', '2019-12-20 15:58:12', '1', '2', '您支持的项目#婚礼纪#，发布方#红点点#已提交了交付文档，点击查看详情', '1', '1', '0', '1', '17', null, '2'), ('116', '支持方确认验收', null, '2019-12-20 15:59:12', '2019-12-20 16:23:12', '1', '2', '您发布的项目#婚礼纪#，支持方#洪薇薇薇薇#确认了验收文档，点击查看详情', '5', '1', '0', '1', '17', null, '2'), ('117', '支持方支付首款', null, '2019-12-20 16:08:12', '2019-12-20 16:23:12', '1', '2', '#杨起帆#支持了您发布的项目#婚礼纪#，点击查看详情', '5', '1', '0', '1', '19', null, '2'), ('118', '发布方提交需求', null, '2019-12-20 16:22:12', '2019-12-20 16:22:12', '1', '2', '您支持的项目#婚礼纪#，发布方#红点点#已提交了需求文档，点击查看详情', '1', '1', '0', '2', '19', null, '2'), ('119', '支持方确认需求', null, '2019-12-20 16:22:12', '2019-12-20 16:23:12', '1', '2', '您发布的项目#婚礼纪#，支持方#杨起帆#确认了需求文档，点击查看详情', '5', '1', '0', '2', '19', null, '2'), ('120', '支持方支付尾款', null, '2019-12-20 16:23:12', '2019-12-20 16:23:12', '1', '2', '您发布的项目#婚礼纪#，支持方#杨起帆#已支付了尾款，点击查看详情', '5', '1', '0', '0', '19', null, '2'), ('121', '收到款项', null, '2019-12-20 16:23:12', '2019-12-20 16:24:12', '1', '2', '您支持的项目婚礼纪”，平台已收到对公转账，订单状态已更新，点击查看详情', '1', '1', '0', '1', '19', null, '2'), ('122', '平台已仲裁', null, '2019-12-20 16:25:12', '2019-12-20 16:25:12', '1', '2', '您与支持方“杨起帆”关于“婚礼纪”的订单，平台已仲裁，仲裁结果:支持方全责，点击查看详情', '1', '1', '0', '0', '19', null, '2'), ('123', '平台已仲裁', null, '2019-12-20 16:25:12', '2019-12-20 16:25:12', '1', '2', '您支持的项目“婚礼纪”的订单，平台已介入仲裁，仲裁结果:支持方全责，点击查看详情', '1', '1', '0', '0', '19', null, '2'), ('124', '支持方支付首款', null, '2019-12-20 16:48:12', '2019-12-20 16:48:12', '1', '2', '#焦迈奇#支持了您发布的项目#婚礼纪#，点击查看详情', '5', '1', '0', '0', '18', null, '2'), ('125', '发布方提交需求', null, '2019-12-20 16:49:12', '2019-12-20 16:49:12', '1', '2', '您支持的项目#婚礼纪#，发布方#红点点#已提交了需求文档，点击查看详情', '1', '1', '0', '0', '18', null, '2'), ('126', '支持方确认需求', null, '2019-12-20 16:49:12', '2019-12-20 16:49:12', '1', '2', '您发布的项目#婚礼纪#，支持方#焦迈奇#确认了需求文档，点击查看详情', '5', '1', '0', '0', '18', null, '2'), ('127', '平台已仲裁', null, '2019-12-20 16:50:12', '2019-12-20 16:50:12', '1', '2', '您与支持方“焦迈奇”关于“婚礼纪”的订单，平台已仲裁，仲裁结果:双方均有责任，点击查看详情', '1', '1', '0', '0', '18', null, '2'), ('128', '平台已仲裁', null, '2019-12-20 16:50:12', '2019-12-20 16:50:12', '1', '2', '您支持的项目“婚礼纪”的订单，平台已介入仲裁，仲裁结果:双方均有责任，点击查看详情', '1', '1', '0', '0', '18', null, '2'), ('129', '企业实名认证失败', null, '2019-12-20 17:36:12', '2019-12-20 17:36:12', '1', '2', '您提交的企业实名认证，已通过平台审核，点击查看详情', '6', '1', '0', '0', '5', null, '2'), ('130', '项目开始', null, '2019-12-20 17:40:12', '2019-12-20 17:40:12', '1', '2', '您发布的项目“移动派单”，筹款阶段已开始，将于2019-12-30 17:40:42后结束', '0', '1', '0', '0', '6', null, '2'), ('131', '支持方支付首款', null, '2019-12-20 17:41:12', '2019-12-20 17:41:12', '1', '2', '#洪薇薇薇薇#支持了您发布的项目#移动派单#，点击查看详情', '5', '1', '0', '0', '23', null, '2'), ('132', '支持方发起退款', null, '2019-12-20 17:42:12', '2019-12-20 17:42:12', '1', '2', '您发布的项目#移动派单#，支持方#洪薇薇薇薇#申请了退款，点击查看详情', '5', '1', '0', '0', '23', null, '2'), ('133', '退首款申请失败', null, '2019-12-20 17:48:12', '2019-12-20 17:48:12', '1', '2', '您发起#移动派单#项目的退款申请，退款金额#5.00#，退款失败，失败反馈#拒绝退款#', '1', '1', '0', '0', '23', null, '2'), ('134', '支持方发起退款', null, '2019-12-20 17:48:12', '2019-12-20 17:48:12', '1', '2', '您发布的项目#移动派单#，支持方#洪薇薇薇薇#申请了退款，点击查看详情', '5', '1', '0', '0', '23', null, '2'), ('135', '退首款申请成功', null, '2019-12-20 17:49:12', '2019-12-20 17:49:12', '1', '2', '您发起#移动派单#项目的退款申请，退款金额#5.00#，已成功退款至您的#网页支付宝账户#，请注意查收', '1', '1', '0', '0', '23', null, '2'), ('136', '支持方支付首款', null, '2019-12-20 17:50:12', '2019-12-20 17:50:12', '1', '2', '#洪薇薇薇薇#支持了您发布的项目#移动派单#，点击查看详情', '5', '1', '0', '2', '24', null, '2'), ('137', '发布方提交需求', null, '2019-12-20 17:50:12', '2019-12-20 17:51:12', '1', '2', '您支持的项目#移动派单#，发布方#红点点#已提交了需求文档，点击查看详情', '1', '1', '0', '2', '24', null, '2'), ('138', '支持方拒绝需求', null, '2019-12-20 17:51:12', '2019-12-20 17:51:12', '1', '2', '您发布的项目#移动派单#，支持方#洪薇薇薇薇#拒绝了需求文档，点击查看详情', '5', '1', '0', '0', '24', null, '2'), ('139', '发布方提交需求', null, '2019-12-20 17:55:12', '2019-12-20 17:55:12', '1', '2', '您支持的项目#移动派单#，发布方#红点点#已提交了需求文档，点击查看详情', '1', '1', '0', '0', '24', null, '2'), ('140', '支持方确认需求', null, '2019-12-20 17:59:12', '2019-12-20 17:59:12', '1', '2', '您发布的项目#移动派单#，支持方#洪薇薇薇薇#确认了需求文档，点击查看详情', '5', '1', '0', '0', '24', null, '2'), ('141', '支持方支付尾款', null, '2019-12-20 18:00:12', '2019-12-20 18:00:12', '1', '2', '您发布的项目#移动派单#，支持方#洪薇薇薇薇#已支付了尾款，点击查看详情', '5', '1', '0', '0', '24', null, '2'), ('142', '收到款项', null, '2019-12-20 18:00:12', '2019-12-20 18:00:12', '1', '2', '您支持的项目移动派单”，平台已收到对公转账，订单状态已更新，点击查看详情', '1', '1', '0', '0', '24', null, '2'), ('143', '发布方提交交付', null, '2019-12-20 18:01:12', '2019-12-20 18:01:12', '1', '2', '您支持的项目#移动派单#，发布方#红点点#已提交了交付文档，点击查看详情', '1', '1', '0', '0', '24', null, '2'), ('144', '支持方拒绝验收', null, '2019-12-20 18:01:12', '2019-12-20 18:01:12', '1', '2', '您发布的项目#移动派单#，支持方#洪薇薇薇薇#拒绝了验收文档，点击查看详情', '5', '1', '0', '0', '24', null, '2'), ('145', '发布方提交交付', null, '2019-12-20 18:02:12', '2019-12-20 18:02:12', '1', '2', '您支持的项目#移动派单#，发布方#红点点#已提交了交付文档，点击查看详情', '1', '1', '0', '0', '24', null, '2'), ('146', '支持方确认验收', null, '2019-12-20 18:02:12', '2019-12-20 18:02:12', '1', '2', '您发布的项目#移动派单#，支持方#洪薇薇薇薇#确认了验收文档，点击查看详情', '5', '1', '0', '0', '24', null, '2'), ('147', '支持方支付首款', null, '2019-12-21 15:41:12', '2019-12-21 15:41:12', '1', '2', '#程栈网官方#支持了您发布的项目#婚礼纪#，点击查看详情', '5', '1', '0', '0', '22', null, '2'), ('148', '支持方发起退款', null, '2019-12-21 15:51:12', '2019-12-21 15:51:12', '1', '2', '您发布的项目#婚礼纪#，支持方#程栈网官方#申请了退款，点击查看详情', '5', '1', '0', '0', '22', null, '2'), ('149', '退首款申请成功', null, '2019-12-21 15:51:12', '2019-12-21 15:52:12', '1', '2', '您发起#婚礼纪#项目的退款申请，退款金额#5.00#，已成功退款至您的#连连银行卡支付账户#，请注意查收', '1', '1', '0', '2', '22', null, '2'), ('150', '项目开始', null, '2019-12-21 16:06:12', '2019-12-21 16:06:12', '1', '2', '您发布的项目“测试项目”，筹款阶段已开始，将于2019-12-31 16:06:21后结束', '0', '1', '0', '1', '7', null, '2'), ('151', '支持方支付首款', null, '2019-12-21 16:07:12', '2019-12-21 16:07:12', '1', '2', '#程栈网官方#支持了您发布的项目#测试项目#，点击查看详情', '5', '1', '0', '2', '25', null, '2'), ('152', '支持方发起退款', null, '2019-12-21 16:07:12', '2019-12-21 16:15:12', '1', '2', '您发布的项目#测试项目#，支持方#程栈网官方#申请了退款，点击查看详情', '5', '1', '0', '1', '25', null, '2'), ('153', '退首款申请失败', null, '2019-12-21 16:08:12', '2019-12-21 16:08:12', '1', '2', '您发起#测试项目#项目的退款申请，退款金额#10.00#，退款失败，失败反馈#资料已提交#', '1', '1', '0', '3', '25', null, '2'), ('154', '支持方发起退款', null, '2019-12-21 16:10:12', '2019-12-21 16:15:12', '1', '2', '您发布的项目#测试项目#，支持方#程栈网官方#申请了退款，点击查看详情', '5', '1', '0', '1', '25', null, '2'), ('155', '退首款申请成功', null, '2019-12-21 16:10:12', '2019-12-21 16:10:12', '1', '2', '您发起#测试项目#项目的退款申请，退款金额#10.00#，已成功退款至您的#网页支付宝账户#，请注意查收', '1', '1', '0', '1', '25', null, '2'), ('156', '支持方支付首款', null, '2019-12-21 16:12:12', '2019-12-21 16:12:12', '1', '2', '#程栈网官方#支持了您发布的项目#测试项目#，点击查看详情', '5', '1', '0', '1', '26', null, '2'), ('157', '发布方提交需求', null, '2019-12-21 16:14:12', '2019-12-21 16:15:12', '1', '2', '您支持的项目#测试项目#，发布方#Pawn#已提交了需求文档，点击查看详情', '1', '1', '0', '2', '26', null, '2'), ('158', '支持方发起退款', null, '2019-12-21 16:15:12', '2019-12-21 16:18:12', '1', '2', '您发布的项目#测试项目#，支持方#程栈网官方#申请了退款，点击查看详情', '5', '1', '0', '1', '26', null, '2'), ('159', '退首款申请失败', null, '2019-12-21 16:15:12', '2019-12-21 16:16:12', '1', '2', '您发起#测试项目#项目的退款申请，退款金额#10.00#，退款失败，失败反馈#图库大啊阿东啊#', '1', '1', '0', '2', '26', null, '2'), ('160', '支持方确认需求', null, '2019-12-21 16:16:12', '2019-12-21 16:18:12', '1', '2', '您发布的项目#测试项目#，支持方#程栈网官方#确认了需求文档，点击查看详情', '5', '1', '0', '1', '26', null, '2'), ('161', '支持方支付尾款', null, '2019-12-21 16:17:12', '2019-12-21 16:18:12', '1', '2', '您发布的项目#测试项目#，支持方#程栈网官方#已支付了尾款，点击查看详情', '5', '1', '0', '2', '26', null, '2'), ('162', '收到款项', null, '2019-12-21 16:17:12', '2019-12-21 16:19:12', '1', '2', '您支持的项目测试项目”，平台已收到对公转账，订单状态已更新，点击查看详情', '1', '1', '0', '1', '26', null, '2'), ('163', '发布方提交交付', null, '2019-12-21 16:18:12', '2019-12-21 16:19:12', '1', '2', '您支持的项目#测试项目#，发布方#Pawn#已提交了交付文档，点击查看详情', '1', '1', '0', '2', '26', null, '2'), ('164', '支持方支付首款', null, '2019-12-21 16:19:12', '2019-12-21 16:20:12', '1', '2', '#发起方测试账号#支持了您发布的项目#测试项目#，点击查看详情', '5', '1', '0', '1', '27', null, '2'), ('165', '支持方拒绝验收', null, '2019-12-21 16:19:12', '2019-12-21 16:20:12', '1', '2', '您发布的项目#测试项目#，支持方#程栈网官方#拒绝了验收文档，点击查看详情', '5', '1', '0', '2', '26', null, '2'), ('166', '发布方提交交付', null, '2019-12-21 16:20:12', '2019-12-21 16:20:12', '1', '2', '您支持的项目#测试项目#，发布方#Pawn#已提交了交付文档，点击查看详情', '1', '1', '0', '2', '26', null, '2'), ('167', '支持方确认验收', null, '2019-12-21 16:21:12', '2019-12-21 16:21:12', '1', '2', '您发布的项目#测试项目#，支持方#程栈网官方#确认了验收文档，点击查看详情', '5', '1', '0', '2', '26', null, '2'), ('168', '个人提现申请失败', null, '2019-12-21 16:26:12', '2019-12-21 16:26:12', '1', '2', '您个人账户的提现订单393076315160360193，提现申请失败，失败反馈：暂时不可提现。', '0', '1', '0', '1', '', null, '2'), ('169', '个人提现申请成功', null, '2019-12-21 16:30:12', '2019-12-21 16:31:12', '1', '2', '您个人账户的提现订单393077360720660225，提现申请成功。', '0', '1', '0', '1', '', null, '2'), ('170', '发布方提交需求', null, '2019-12-21 16:35:12', '2019-12-21 16:35:12', '1', '2', '您支持的项目#测试项目#，发布方#Pawn#已提交了需求文档，点击查看详情', '1', '1', '0', '3', '27', null, '2'), ('171', '支持方确认需求', null, '2019-12-21 16:35:12', '2019-12-21 16:40:12', '1', '2', '您发布的项目#测试项目#，支持方#发起方测试账号#确认了需求文档，点击查看详情', '5', '1', '0', '1', '27', null, '2'), ('172', '支持方支付尾款', null, '2019-12-21 16:37:12', '2019-12-21 16:37:12', '1', '2', '您发布的项目#测试项目#，支持方#发起方测试账号#已支付了尾款，点击查看详情', '5', '1', '0', '1', '27', null, '2'), ('173', '个人实名认证失败', null, '2019-12-21 16:45:12', '2019-12-21 16:45:12', '1', '2', '您提交的个人实名认证，已通过平台审核，点击查看详情', '4', '1', '0', '0', '9', null, '2'), ('174', '支持方支付首款', null, '2019-12-21 16:51:12', '2019-12-21 17:22:12', '1', '2', '#雪碧#支持了您发布的项目#测试项目#，点击查看详情', '5', '1', '0', '1', '28', null, '2'), ('175', '发布方提交需求', null, '2019-12-21 16:52:12', '2019-12-21 16:52:12', '1', '2', '您支持的项目#测试项目#，发布方#Pawn#已提交了需求文档，点击查看详情', '1', '1', '0', '0', '28', null, '2'), ('176', '支持方确认需求', null, '2019-12-21 16:53:12', '2019-12-21 17:22:12', '1', '2', '您发布的项目#测试项目#，支持方#雪碧#确认了需求文档，点击查看详情', '5', '1', '0', '1', '28', null, '2'), ('177', '支持方支付尾款', null, '2019-12-21 16:54:12', '2019-12-21 16:57:12', '1', '2', '您发布的项目#测试项目#，支持方#雪碧#已支付了尾款，点击查看详情', '5', '1', '0', '1', '28', null, '2'), ('178', '平台已仲裁', null, '2019-12-21 16:55:12', '2019-12-21 16:55:12', '1', '2', '您与支持方“雪碧”关于“测试项目”的订单，平台已仲裁，仲裁结果:双方均有责任，点击查看详情', '1', '1', '0', '1', '28', null, '2'), ('179', '平台已仲裁', null, '2019-12-21 16:55:12', '2019-12-21 16:55:12', '1', '2', '您支持的项目“测试项目”的订单，平台已介入仲裁，仲裁结果:双方均有责任，点击查看详情', '1', '1', '0', '0', '28', null, '2'), ('180', '履历认证通过', null, '2019-12-21 17:08:12', '2019-12-21 17:08:12', '1', '2', '您提交的履历已通过平台认证，点击查看详情', '3', '1', '0', '0', '11', null, '2'), ('181', '履历认证通过', null, '2019-12-21 17:21:12', '2019-12-21 17:21:12', '1', '2', '您提交的履历已通过平台认证，点击查看详情', '3', '1', '0', '0', '11', null, '2'), ('182', '发布方提交交付', null, '2019-12-21 17:24:12', '2019-12-21 17:24:12', '1', '2', '您支持的项目#测试项目#，发布方#Pawn#已提交了交付文档，点击查看详情', '1', '1', '0', '2', '27', null, '2'), ('183', '支持方确认验收', null, '2019-12-21 17:24:12', '2019-12-21 17:24:12', '1', '2', '您发布的项目#测试项目#，支持方#发起方测试账号#确认了验收文档，点击查看详情', '5', '1', '0', '0', '27', null, '2'), ('184', '项目结束', null, '2019-12-21 17:25:12', '2019-12-21 17:25:12', '1', '2', '您发布的项目“测试项目”，筹款阶段已结束', '0', '1', '0', '0', '7', null, '2'), ('185', '企业实名认证失败', null, '2019-12-21 17:57:12', '2019-12-21 20:21:12', '1', '2', '您提交的企业实名认证，已通过平台审核，点击查看详情', '6', '1', '0', '1', '6', null, '2'), ('186', '个人实名认证失败', null, '2019-12-21 18:30:12', '2019-12-21 18:30:12', '1', '2', '您提交的个人实名认证，已通过平台审核，点击查看详情', '4', '1', '0', '0', '10', null, '2'), ('187', '项目开始', null, '2019-12-21 19:06:12', '2019-12-21 20:21:12', '1', '2', '您发布的项目“发起项目信息填写规范模板参考”，筹款阶段已开始，将于2020-01-20 19:06:44后结束', '0', '1', '0', '1', '8', null, '2'), ('188', '支持方支付首款', null, '2019-12-22 14:01:12', '2019-12-22 14:02:12', '1', '2', '#发起方测试账号#支持了您发布的项目#发起项目信息填写规范模板参考#，点击查看详情', '5', '1', '0', '2', '29', null, '2'), ('189', '发布方提交需求', null, '2019-12-22 14:02:12', '2019-12-22 14:04:12', '1', '2', '您支持的项目#发起项目信息填写规范模板参考#，发布方#程栈网官方#已提交了需求文档，点击查看详情', '1', '1', '0', '1', '29', null, '2'), ('190', '支持方确认需求', null, '2019-12-22 14:03:12', '2019-12-22 14:07:12', '1', '2', '您发布的项目#发起项目信息填写规范模板参考#，支持方#发起方测试账号#确认了需求文档，点击查看详情', '5', '1', '0', '1', '29', null, '2'), ('191', '支持方支付尾款', null, '2019-12-22 14:03:12', '2019-12-22 14:07:12', '1', '2', '您发布的项目#发起项目信息填写规范模板参考#，支持方#发起方测试账号#已支付了尾款，点击查看详情', '5', '1', '0', '1', '29', null, '2'), ('192', '发布方提交交付', null, '2019-12-22 14:04:12', '2019-12-22 14:04:12', '1', '2', '您支持的项目#发起项目信息填写规范模板参考#，发布方#程栈网官方#已提交了交付文档，点击查看详情', '1', '1', '0', '2', '29', null, '2'), ('193', '支持方确认验收', null, '2019-12-22 14:04:12', '2019-12-22 14:07:12', '1', '2', '您发布的项目#发起项目信息填写规范模板参考#，支持方#发起方测试账号#确认了验收文档，点击查看详情', '5', '1', '0', '1', '29', null, '2'), ('200', '履历认证通过', null, '2019-12-22 17:59:12', '2019-12-23 16:11:12', '1', '2', '您提交的履历已通过平台认证，点击查看详情', '3', '1', '0', '1', '4', null, '2'), ('201', '履历认证通过', null, '2019-12-22 18:01:12', '2019-12-23 16:11:12', '1', '2', '您提交的履历已通过平台认证，点击查看详情', '3', '1', '0', '1', '4', null, '2'), ('203', '意见反馈处理', null, '2019-12-22 19:21:12', '2019-12-22 19:21:12', '1', '2', '您反馈的意见：#2019年12月23日上线内测小范围试运营#，平台已回复：#是的，感谢您的关注#', '0', '1', '0', '1', '', null, '2'), ('205', '企业实名认证失败', null, '2019-12-22 21:42:12', '2019-12-22 21:42:12', '1', '2', '您提交的企业实名认证，未能通过平台审核，点击查看详情', '6', '1', '0', '0', '7', null, '2'), ('206', '履历认证通过', null, '2019-12-22 21:49:12', '2019-12-22 21:49:12', '1', '2', '您提交的履历已通过平台认证，点击查看详情', '3', '1', '0', '0', '9', null, '2'), ('207', '企业实名认证失败', null, '2019-12-22 21:50:12', '2019-12-22 21:50:12', '1', '2', '您提交的企业实名认证，未能通过平台审核，点击查看详情', '6', '1', '0', '0', '8', null, '2'), ('208', '企业实名认证失败', null, '2019-12-22 22:21:12', '2019-12-22 22:21:12', '1', '2', '您提交的企业实名认证，未能通过平台审核，点击查看详情', '6', '1', '0', '0', '9', null, '2'), ('209', '企业实名认证失败', null, '2019-12-22 22:30:12', '2019-12-22 22:30:12', '1', '2', '您提交的企业实名认证，未能通过平台审核，点击查看详情', '6', '1', '0', '0', '10', null, '2'), ('210', '支持方支付首款', null, '2019-12-22 22:54:12', '2019-12-23 09:51:12', '1', '2', '#Pawn#支持了您发布的项目#发起项目信息填写规范模板参考#，点击查看详情', '5', '1', '0', '1', '31', null, '2'), ('211', '收到款项', null, '2019-12-22 14:54:12', '2019-12-23 16:11:12', '1', '2', '您支持的项目发起项目信息填写规范模板参考”，平台已收到对公转账，订单状态已更新，点击查看详情', '1', '1', '0', '1', '31', null, '2'), ('212', '发布方提交需求', null, '2019-12-22 22:55:12', '2019-12-22 22:55:12', '1', '2', '您支持的项目#发起项目信息填写规范模板参考#，发布方#程栈网官方#已提交了需求文档，点击查看详情', '1', '1', '0', '2', '31', null, '2'), ('213', '支持方确认需求', null, '2019-12-22 22:55:12', '2019-12-23 09:51:12', '1', '2', '您发布的项目#发起项目信息填写规范模板参考#，支持方#Pawn#确认了需求文档，点击查看详情', '5', '1', '0', '1', '31', null, '2'), ('214', '支持方支付尾款', null, '2019-12-22 22:56:12', '2019-12-23 09:51:12', '1', '2', '您发布的项目#发起项目信息填写规范模板参考#，支持方#Pawn#已支付了尾款，点击查看详情', '5', '1', '0', '1', '31', null, '2'), ('215', '收到款项', null, '2019-12-22 14:56:12', '2019-12-23 16:11:12', '1', '2', '您支持的项目发起项目信息填写规范模板参考”，平台已收到对公转账，订单状态已更新，点击查看详情', '1', '1', '0', '1', '31', null, '2'), ('216', '发布方提交交付', null, '2019-12-22 22:56:12', '2019-12-22 22:56:12', '1', '2', '您支持的项目#发起项目信息填写规范模板参考#，发布方#程栈网官方#已提交了交付文档，点击查看详情', '1', '1', '0', '1', '31', null, '2'), ('217', '支持方确认验收', null, '2019-12-22 22:56:12', '2019-12-23 09:51:12', '1', '2', '您发布的项目#发起项目信息填写规范模板参考#，支持方#Pawn#确认了验收文档，点击查看详情', '5', '1', '0', '1', '31', null, '2'), ('218', '支持方支付首款', null, '2019-12-23 02:55:12', '2019-12-23 09:51:12', '1', '2', '#Pawn#支持了您发布的项目#发起项目信息填写规范模板参考#，点击查看详情', '5', '1', '0', '1', '30', null, '2'), ('219', '支持方支付首款', null, '2019-12-23 10:32:12', '2019-12-23 10:33:12', '1', '2', '#赖老二#支持了您发布的项目#发起项目信息填写规范模板参考#，点击查看详情', '5', '1', '0', '2', '33', null, '2'), ('220', '发布方提交需求', null, '2019-12-23 10:34:12', '2019-12-23 10:34:12', '1', '2', '您支持的项目#发起项目信息填写规范模板参考#，发布方#程栈网官方#已提交了需求文档，点击查看详情', '1', '1', '0', '2', '33', null, '2'), ('221', '支持方确认需求', null, '2019-12-23 10:34:12', '2019-12-23 10:57:12', '1', '2', '您发布的项目#发起项目信息填写规范模板参考#，支持方#赖老二#确认了需求文档，点击查看详情', '5', '1', '0', '2', '33', null, '2'), ('222', '支持方支付尾款', null, '2019-12-23 10:36:12', '2019-12-23 12:17:12', '1', '2', '您发布的项目#发起项目信息填写规范模板参考#，支持方#赖老二#已支付了尾款，点击查看详情', '5', '1', '0', '4', '33', null, '2'), ('223', '支持方支付首款', null, '2019-12-23 10:44:12', '2019-12-23 10:57:12', '1', '2', '#洪薇薇薇薇#支持了您发布的项目#发起项目信息填写规范模板参考#，点击查看详情', '5', '1', '0', '2', '34', null, '2'), ('224', '发布方提交交付', null, '2019-12-23 10:58:12', '2019-12-24 12:47:12', '1', '2', '您支持的项目#发起项目信息填写规范模板参考#，发布方#程栈网官方#已提交了交付文档，点击查看详情', '1', '1', '0', '2', '33', null, '2'), ('225', '个人实名认证失败', null, '2019-12-23 15:15:12', '2019-12-23 15:15:12', '1', '2', '您提交的个人实名认证，已通过平台审核，点击查看详情', '4', '1', '0', '0', '11', null, '2'), ('226', '履历认证通过', null, '2019-12-23 16:56:12', '2019-12-23 16:56:12', '1', '2', '您提交的履历已通过平台认证，点击查看详情', '3', '1', '0', '0', '4', null, '2'), ('227', '个人实名认证失败', null, '2019-12-23 17:26:12', '2019-12-23 17:28:12', '1', '2', '您提交的个人实名认证，已通过平台审核，点击查看详情', '4', '1', '0', '1', '12', null, '2'), ('228', '个人实名认证失败', null, '2019-12-23 20:31:12', '2019-12-24 15:33:12', '1', '2', '您提交的个人实名认证，已通过平台审核，点击查看详情', '4', '1', '0', '6', '13', null, '2'), ('229', '履历认证通过', null, '2019-12-23 21:08:12', '2019-12-23 21:26:12', '1', '2', '您提交的履历已通过平台认证，点击查看详情', '3', '1', '0', '1', '5', null, '2'), ('230', '发布方提交需求', null, '2019-12-24 11:21:12', '2019-12-24 11:21:12', '1', '2', '您支持的项目#发起项目信息填写规范模板参考#，发布方#程栈网官方#已提交了需求文档，点击查看详情', '1', '1', '0', '0', '30', null, '2'), ('231', '发布方提交需求', null, '2019-12-24 11:30:12', '2019-12-24 11:30:12', '1', '2', '您支持的项目#发起项目信息填写规范模板参考#，发布方#程栈网官方#已提交了需求文档，点击查看详情', '1', '1', '0', '0', '34', null, '2'), ('232', '履历认证通过', null, '2019-12-24 12:34:12', '2019-12-24 15:33:12', '1', '2', '您提交的履历已通过平台认证，点击查看详情', '3', '1', '0', '4', '26', null, '2'), ('233', '履历认证通过', null, '2019-12-24 13:35:12', '2019-12-24 15:01:12', '1', '2', '您提交的履历已通过平台认证，点击查看详情', '3', '1', '0', '1', '5', null, '2'), ('234', '履历认证失败', null, '2019-12-24 14:08:12', '2019-12-24 14:08:12', '1', '2', '您提交的履历未能通过平台认证，点击查看详情', '3', '1', '0', '2', '1', null, '2'), ('235', '履历认证通过', null, '2019-12-24 14:10:12', '2019-12-24 14:10:12', '1', '2', '您提交的履历已通过平台认证，点击查看详情', '3', '1', '0', '0', '1', null, '2'), ('236', '企业实名认证失败', null, '2019-12-24 14:15:12', '2019-12-24 14:15:12', '1', '2', '您提交的企业实名认证，未能通过平台审核，点击查看详情', '6', '1', '0', '0', '11', null, '2'), ('237', '企业实名认证失败', null, '2019-12-24 14:16:12', '2019-12-24 14:16:12', '1', '2', '您提交的企业实名认证，已通过平台审核，点击查看详情', '6', '1', '0', '0', '12', null, '2'), ('238', '个人提现申请失败', null, '2019-12-24 14:21:12', '2019-12-24 14:21:12', '1', '2', '您个人账户的提现订单394132398352132097，提现申请失败，失败反馈：拒绝提款。', '0', '1', '0', '0', '', null, '2'), ('239', '项目开始', null, '2019-12-24 14:40:12', '2019-12-24 14:48:12', '1', '2', '您发布的项目“测试项目”，筹款阶段已开始，将于2019-12-25 14:40:15后结束', '0', '1', '0', '1', '12', null, '2'), ('240', '支持方支付首款', null, '2019-12-24 14:42:12', '2019-12-24 14:47:12', '1', '2', '#杨起帆#支持了您发布的项目#测试项目#，点击查看详情', '5', '1', '0', '2', '36', null, '2'), ('241', '发布方提交需求', null, '2019-12-24 14:49:12', '2019-12-24 14:49:12', '1', '2', '您支持的项目#测试项目#，发布方#洪薇薇薇薇#已提交了需求文档，点击查看详情', '1', '1', '0', '0', '36', null, '2'), ('242', '支持方拒绝需求', null, '2019-12-24 14:49:12', '2019-12-24 14:49:12', '1', '2', '您发布的项目#测试项目#，支持方#杨起帆#拒绝了需求文档，点击查看详情', '5', '1', '0', '0', '36', null, '2'), ('243', '发布方提交需求', null, '2019-12-24 14:50:12', '2019-12-24 17:20:12', '1', '2', '您支持的项目#测试项目#，发布方#洪薇薇薇薇#已提交了需求文档，点击查看详情', '1', '1', '0', '1', '36', null, '2'), ('244', '支持方确认需求', null, '2019-12-24 14:50:12', '2019-12-24 14:50:12', '1', '2', '您发布的项目#测试项目#，支持方#杨起帆#确认了需求文档，点击查看详情', '5', '1', '0', '0', '36', null, '2'), ('245', '支持方支付尾款', null, '2019-12-24 14:51:12', '2019-12-24 14:51:12', '1', '2', '您发布的项目#测试项目#，支持方#杨起帆#已支付了尾款，点击查看详情', '5', '1', '0', '0', '36', null, '2'), ('246', '发布方提交交付', null, '2019-12-24 14:51:12', '2019-12-24 17:20:12', '1', '2', '您支持的项目#测试项目#，发布方#洪薇薇薇薇#已提交了交付文档，点击查看详情', '1', '1', '0', '1', '36', null, '2'), ('247', '支持方拒绝验收', null, '2019-12-24 14:52:12', '2019-12-24 14:52:12', '1', '2', '您发布的项目#测试项目#，支持方#杨起帆#拒绝了验收文档，点击查看详情', '5', '1', '0', '0', '36', null, '2'), ('248', '发布方提交交付', null, '2019-12-24 14:52:12', '2019-12-24 17:20:12', '1', '2', '您支持的项目#测试项目#，发布方#洪薇薇薇薇#已提交了交付文档，点击查看详情', '1', '1', '0', '1', '36', null, '2'), ('249', '支持方确认验收', null, '2019-12-24 14:52:12', '2019-12-24 14:52:12', '1', '2', '您发布的项目#测试项目#，支持方#杨起帆#确认了验收文档，点击查看详情', '5', '1', '0', '0', '36', null, '2'), ('250', '项目结束', null, '2019-12-24 14:53:12', '2019-12-24 14:53:12', '1', '2', '您发布的项目“测试项目”，筹款阶段已结束', '0', '1', '0', '0', '12', null, '2'), ('251', '项目开始', null, '2019-12-24 14:54:12', '2019-12-24 16:22:12', '1', '2', '您发布的项目“测试项目1”，筹款阶段已开始，将于2019-12-25 14:54:46后结束', '0', '1', '0', '1', '13', null, '2'), ('252', '支持方支付首款', null, '2019-12-24 14:55:12', '2019-12-24 16:22:12', '1', '2', '#洪薇薇薇薇#支持了您发布的项目#测试项目1#，点击查看详情', '5', '1', '0', '1', '37', null, '2'), ('253', '支持方发起退款', null, '2019-12-24 14:57:12', '2019-12-24 16:22:12', '1', '2', '您发布的项目#测试项目1#，支持方#洪薇薇薇薇#申请了退款，点击查看详情', '5', '1', '0', '1', '37', null, '2'), ('254', '退首款申请失败', null, '2019-12-24 14:58:12', '2019-12-24 14:58:12', '1', '2', '您发起#测试项目1#项目的退款申请，退款金额#1.00#，退款失败，失败反馈#拒绝退款#', '1', '1', '0', '0', '37', null, '2'), ('255', '发布方提交需求', null, '2019-12-24 14:58:12', '2019-12-24 14:58:12', '1', '2', '您支持的项目#测试项目1#，发布方#杨起帆#已提交了需求文档，点击查看详情', '1', '1', '0', '0', '37', null, '2'), ('256', '支持方确认需求', null, '2019-12-24 14:59:12', '2019-12-24 16:12:12', '1', '2', '您发布的项目#测试项目1#，支持方#洪薇薇薇薇#确认了需求文档，点击查看详情', '5', '1', '0', '1', '37', null, '2'), ('257', '平台已仲裁', null, '2019-12-24 15:00:12', '2019-12-24 16:12:12', '1', '2', '您与支持方“洪薇薇薇薇”关于“测试项目1”的订单，平台已仲裁，仲裁结果:双方均有责任，点击查看详情', '1', '1', '0', '2', '37', null, '2'), ('258', '平台已仲裁', null, '2019-12-24 15:00:12', '2019-12-24 15:00:12', '1', '2', '您支持的项目“测试项目1”的订单，平台已介入仲裁，仲裁结果:双方均有责任，点击查看详情', '1', '1', '0', '0', '37', null, '2'), ('259', '企业提现申请成功', null, '2019-12-24 15:03:12', '2019-12-24 15:04:12', '1', '2', '您企业账户的提现订单393801015519901441，提现申请成功。', '0', '1', '0', '1', '', null, '2'), ('260', '个人实名认证失败', null, '2019-12-24 15:04:12', '2019-12-24 15:04:12', '1', '2', '您提交的个人实名认证，未通过平台审核，点击查看详情', '4', '1', '0', '0', '14', null, '2'), ('261', '个人实名认证失败', null, '2019-12-24 15:05:12', '2019-12-24 15:05:12', '1', '2', '您提交的个人实名认证，已通过平台审核，点击查看详情', '4', '1', '0', '0', '15', null, '2'), ('262', '企业提现申请失败', null, '2019-12-24 15:32:12', '2019-12-24 15:51:12', '1', '2', '您企业账户的提现订单394143800655643137，提现申请失败，失败反馈：连连BUG。', '0', '1', '0', '1', '', null, '2'), ('263', '企业提现申请成功', null, '2019-12-24 15:34:12', '2019-12-24 15:51:12', '1', '2', '您企业账户的提现订单394150491249988097，提现申请成功。', '0', '1', '0', '1', '', null, '2'), ('264', '项目审核失败', null, '2019-12-24 16:19:12', '2019-12-24 16:20:12', '1', '2', '您发布的项目“测试”未能通过平台审核，点击查看详情', '2', '1', '0', '1', '14', null, '2'), ('265', '个人提现申请成功', null, '2019-12-24 17:20:12', '2019-12-24 17:20:12', '1', '2', '您个人账户的提现订单394177216444916865，提现申请成功。', '0', '1', '0', '1', '', null, '2'), ('266', '支持方支付首款', null, '2019-12-25 15:03:12', '2019-12-25 15:29:12', '1', '2', '#红点点#支持了您发布的项目#发起项目信息填写规范模板参考#，点击查看详情', '5', '1', '0', '2', '40', null, '2'), ('267', '收到款项', null, '2019-12-25 07:03:12', '2019-12-25 17:37:12', '1', '2', '您支持的项目发起项目信息填写规范模板参考”，平台已收到对公转账，订单状态已更新，点击查看详情', '1', '1', '0', '2', '40', null, '2'), ('268', '支持方发起退款', null, '2019-12-25 15:05:12', '2019-12-25 15:29:12', '1', '2', '您发布的项目#发起项目信息填写规范模板参考#，支持方#红点点#申请了退款，点击查看详情', '5', '1', '0', '2', '40', null, '2'), ('269', '退首款申请成功', null, '2019-12-25 15:05:12', '2019-12-25 17:37:12', '1', '2', '您发起#发起项目信息填写规范模板参考#项目的退款申请，退款金额#10.00#，已成功退款至您的#对公账户付款账户#，请注意查收', '1', '1', '0', '2', '40', null, '2'), ('270', '项目审核失败', null, '2019-12-25 15:08:12', '2019-12-25 15:08:12', '1', '2', '您发布的项目“测试短信”未能通过平台审核，点击查看详情', '2', '1', '0', '0', '15', null, '2'), ('271', '项目审核通过', null, '2019-12-25 15:09:12', '2019-12-25 15:09:12', '1', '2', '您发布的项目“测试短信”已通过平台审核，点击查看详情', '2', '1', '0', '0', '15', null, '2'), ('272', '项目开始', null, '2019-12-25 15:09:12', '2019-12-25 15:09:12', '1', '2', '您发布的项目“测试短信”，筹款阶段已开始，将于2019-12-26 15:09:33后结束', '0', '1', '0', '0', '15', null, '2'), ('273', '支持方支付首款', null, '2019-12-25 15:10:12', '2019-12-25 15:16:12', '1', '2', '#红点点#支持了您发布的项目#测试短信#，点击查看详情', '5', '1', '0', '1', '41', null, '2'), ('274', '发布方提交需求', null, '2019-12-25 15:12:12', '2019-12-25 17:37:12', '1', '2', '您支持的项目#测试短信#，发布方#洪薇薇薇薇#已提交了需求文档，点击查看详情', '1', '1', '0', '2', '41', null, '2'), ('275', '支持方确认需求', null, '2019-12-25 15:12:12', '2019-12-25 15:16:12', '1', '2', '您发布的项目#测试短信#，支持方#红点点#确认了需求文档，点击查看详情', '5', '1', '0', '1', '41', null, '2'), ('276', '平台已仲裁', null, '2019-12-25 15:13:12', '2019-12-25 15:16:12', '1', '2', '您与支持方“红点点”关于“测试短信”的订单，平台已仲裁，仲裁结果:双方均有责任，点击查看详情', '1', '1', '0', '1', '41', null, '2'), ('277', '平台已仲裁', null, '2019-12-25 15:13:12', '2019-12-25 17:37:12', '1', '2', '您支持的项目“测试短信”的订单，平台已介入仲裁，仲裁结果:双方均有责任，点击查看详情', '1', '1', '0', '2', '41', null, '2'), ('278', '个人实名认证失败', null, '2019-12-30 14:42:12', '2019-12-30 14:42:12', '1', '2', '您提交的个人实名认证，已通过平台审核，点击查看详情', '4', '1', '0', '0', '16', null, '2'), ('279', '个人实名认证失败', null, '2019-12-30 16:21:12', '2019-12-30 16:21:12', '1', '2', '您提交的个人实名认证，已通过平台审核，点击查看详情', '4', '1', '0', '0', '17', null, '2'), ('280', '个人实名认证失败', null, '2019-12-30 17:17:12', '2019-12-31 09:33:12', '1', '2', '您提交的个人实名认证，已通过平台审核，点击查看详情', '4', '1', '0', '2', '18', null, '2'), ('281', '企业实名认证失败', null, '2019-12-30 17:19:12', '2019-12-30 17:19:12', '1', '2', '您提交的企业实名认证，已通过平台审核，点击查看详情', '6', '1', '0', '0', '13', null, '2'), ('282', '企业实名认证失败', null, '2019-12-30 17:19:12', '2019-12-31 09:33:12', '1', '2', '您提交的企业实名认证，已通过平台审核，点击查看详情', '6', '1', '0', '2', '14', null, '2'), ('283', '个人实名认证失败', null, '2019-12-30 18:22:12', '2019-12-30 18:22:12', '1', '2', '您提交的个人实名认证，已通过平台审核，点击查看详情', '4', '1', '0', '0', '19', null, '2'), ('284', '企业实名认证失败', null, '2019-12-31 13:09:12', '2019-12-31 13:09:12', '1', '2', '您提交的企业实名认证，已通过平台审核，点击查看详情', '6', '1', '0', '0', '15', null, '2');
COMMIT;

-- ----------------------------
--  Table structure for `notice_user`
-- ----------------------------
CREATE TABLE `notice_user` (
  `id` bigint(20) unsigned NOT NULL AUTO_INCREMENT,
  `notice_id` int(11) NOT NULL COMMENT '公告主键',
  `send_id` int(11) DEFAULT NULL COMMENT '读者主键 （医院平台用户主键、患者主键，医生主键）',
  `is_read` tinyint(4) DEFAULT '0' COMMENT '是否已读  0：否 1：是',
  `create_time` timestamp NULL DEFAULT CURRENT_TIMESTAMP COMMENT '发布时间',
  `update_time` timestamp NULL DEFAULT NULL COMMENT '阅读时间',
  `type` tinyint(4) DEFAULT '1' COMMENT '公告类型（1：平台对社区医院公告 2：平台给患者端公告  3：平台对医生公告 4：用户签约公告',
  PRIMARY KEY (`id`) USING BTREE,
  KEY `notice_id` (`notice_id`) USING BTREE,
  KEY `send_id` (`send_id`) USING BTREE,
  KEY `is_read` (`is_read`) USING BTREE,
  CONSTRAINT `notice_user_ibfk_1` FOREIGN KEY (`notice_id`) REFERENCES `notice` (`id`) ON DELETE CASCADE ON UPDATE NO ACTION
) ENGINE=InnoDB AUTO_INCREMENT=313 DEFAULT CHARSET=utf8mb4 ROW_FORMAT=DYNAMIC COMMENT='公告与读者关系表';

-- ----------------------------
--  Records of `notice_user`
-- ----------------------------
BEGIN;
INSERT INTO `notice_user` VALUES ('1', '1', '1', '1', '2019-12-18 15:01:07', '2019-12-18 15:20:01', '2'), ('2', '2', '1', '1', '2019-12-18 15:05:25', '2019-12-18 15:20:02', '2'), ('3', '3', '4', '1', '2019-12-18 15:51:16', '2019-12-18 17:13:56', '2'), ('4', '4', '1', '1', '2019-12-18 16:01:12', '2019-12-18 16:01:32', '2'), ('5', '5', '1', '1', '2019-12-18 16:03:01', '2019-12-18 16:06:56', '2'), ('6', '6', '1', '1', '2019-12-18 16:05:16', '2019-12-18 16:06:54', '2'), ('7', '7', '1', '1', '2019-12-18 16:30:26', '2019-12-18 16:30:39', '2'), ('8', '8', '1', '1', '2019-12-18 16:51:53', '2019-12-18 16:53:37', '2'), ('9', '9', '6', '1', '2019-12-18 16:53:57', '2019-12-18 17:13:26', '2'), ('10', '10', '1', '1', '2019-12-18 16:54:06', '2019-12-18 17:13:11', '2'), ('11', '11', '6', '1', '2019-12-18 16:54:30', '2019-12-18 17:13:25', '2'), ('12', '12', '1', '1', '2019-12-18 16:58:12', '2019-12-18 17:13:07', '2'), ('13', '13', '6', '1', '2019-12-18 16:58:35', '2019-12-18 17:13:23', '2'), ('14', '14', '1', '1', '2019-12-18 17:02:06', '2019-12-18 17:13:02', '2'), ('15', '15', '6', '1', '2019-12-18 17:11:43', '2019-12-18 17:13:22', '2'), ('16', '16', '1', '1', '2019-12-18 17:14:59', '2019-12-18 17:21:21', '2'), ('17', '17', '6', '1', '2019-12-18 17:14:59', '2019-12-18 17:22:21', '2'), ('18', '18', '5', '1', '2019-12-18 17:15:33', '2019-12-20 13:53:59', '2'), ('19', '19', '5', '1', '2019-12-18 17:16:19', '2019-12-18 18:07:09', '2'), ('20', '20', '6', '1', '2019-12-18 17:19:00', '2019-12-18 17:22:15', '2'), ('21', '21', '1', '1', '2019-12-18 17:19:13', '2019-12-18 17:21:19', '2'), ('22', '22', '6', '1', '2019-12-18 17:19:47', '2019-12-18 17:22:12', '2'), ('23', '23', '1', '1', '2019-12-18 17:19:54', '2019-12-18 17:21:17', '2'), ('24', '24', '1', '1', '2019-12-18 17:20:20', '2019-12-18 17:21:13', '2'), ('25', '25', '6', '1', '2019-12-18 17:22:06', '2019-12-18 17:22:10', '2'), ('26', '26', '1', '1', '2019-12-18 17:26:22', '2019-12-18 17:26:30', '2'), ('27', '27', '1', '1', '2019-12-18 17:28:43', '2019-12-18 17:36:26', '2'), ('28', '28', '2', '0', '2019-12-18 17:28:43', '2019-12-18 17:28:43', '2'), ('29', '29', '2', '0', '2019-12-18 17:29:19', '2019-12-18 17:29:19', '2'), ('30', '30', '1', '1', '2019-12-18 17:36:20', '2019-12-18 17:36:29', '2'), ('31', '31', '2', '0', '2019-12-18 17:36:57', '2019-12-18 17:36:57', '2'), ('32', '32', '1', '1', '2019-12-18 17:37:32', '2019-12-18 17:50:12', '2'), ('33', '33', '2', '0', '2019-12-18 17:38:12', '2019-12-18 17:38:12', '2'), ('34', '34', '1', '1', '2019-12-18 17:38:51', '2019-12-18 17:50:10', '2'), ('35', '35', '2', '0', '2019-12-18 17:39:23', '2019-12-18 17:39:23', '2'), ('36', '36', '1', '1', '2019-12-18 17:42:28', '2019-12-18 17:50:04', '2'), ('37', '37', '2', '0', '2019-12-18 17:44:32', '2019-12-18 17:44:32', '2'), ('38', '38', '1', '1', '2019-12-18 17:44:43', '2019-12-18 17:50:03', '2'), ('39', '39', '1', '1', '2019-12-18 17:46:39', '2019-12-18 17:50:01', '2'), ('40', '40', '2', '0', '2019-12-18 17:47:12', '2019-12-18 17:47:12', '2'), ('41', '41', '1', '1', '2019-12-18 17:47:20', '2019-12-18 17:49:55', '2'), ('47', '43', '1', '1', '2019-12-18 18:15:25', '2019-12-18 18:20:27', '2'), ('48', '44', '5', '1', '2019-12-18 18:32:17', '2019-12-18 21:31:33', '2'), ('49', '45', '1', '1', '2019-12-18 18:33:50', '2019-12-18 18:45:10', '2'), ('50', '46', '5', '1', '2019-12-18 18:33:55', '2019-12-18 21:31:35', '2'), ('51', '47', '1', '1', '2019-12-18 18:34:12', '2019-12-19 10:25:54', '2'), ('52', '48', '1', '1', '2019-12-18 18:38:13', '2019-12-18 18:38:18', '2'), ('59', '52', '5', '1', '2019-12-19 13:49:36', '2019-12-19 16:55:24', '2'), ('67', '53', '1', '1', '2019-12-19 17:23:53', '2019-12-19 17:24:43', '2'), ('68', '54', '8', '1', '2019-12-19 17:24:52', '2019-12-19 17:25:03', '2'), ('69', '55', '1', '1', '2019-12-19 17:25:58', '2019-12-19 17:45:00', '2'), ('70', '56', '1', '1', '2019-12-19 17:39:47', '2019-12-19 17:42:33', '2'), ('71', '57', '8', '1', '2019-12-19 17:39:47', '2019-12-19 17:40:30', '2'), ('72', '58', '1', '1', '2019-12-19 17:57:34', '2019-12-19 17:57:52', '2'), ('73', '59', '1', '1', '2019-12-19 17:59:04', '2019-12-20 13:52:51', '2'), ('74', '60', '8', '1', '2019-12-19 17:59:04', '2019-12-19 18:19:07', '2'), ('75', '61', '8', '1', '2019-12-19 18:00:04', '2019-12-19 18:19:06', '2'), ('76', '62', '1', '1', '2019-12-19 18:00:10', '2019-12-20 13:52:50', '2'), ('93', '65', '8', '0', '2019-12-19 18:20:55', '2019-12-19 18:20:55', '2'), ('94', '66', '8', '0', '2019-12-19 18:21:15', '2019-12-19 18:21:15', '2'), ('95', '67', '8', '0', '2019-12-19 18:22:12', '2019-12-19 18:22:12', '2'), ('96', '68', '8', '0', '2019-12-19 18:22:30', '2019-12-19 18:22:30', '2'), ('97', '69', '1', '1', '2019-12-19 18:29:35', '2019-12-20 13:52:49', '2'), ('98', '70', '8', '1', '2019-12-19 18:29:35', '2019-12-19 18:29:50', '2'), ('99', '71', '1', '1', '2019-12-19 18:32:06', '2019-12-20 13:52:47', '2'), ('100', '72', '6', '1', '2019-12-19 18:32:06', '2019-12-19 19:34:47', '2'), ('101', '73', '6', '1', '2019-12-19 18:32:42', '2019-12-19 19:34:46', '2'), ('102', '74', '1', '1', '2019-12-19 18:32:56', '2019-12-20 13:52:46', '2'), ('103', '75', '1', '1', '2019-12-19 18:46:05', '2019-12-20 13:52:45', '2'), ('104', '76', '6', '1', '2019-12-19 18:46:05', '2019-12-19 18:47:05', '2'), ('105', '77', '1', '1', '2019-12-19 19:37:47', '2019-12-20 13:52:55', '2'), ('106', '78', '9', '1', '2019-12-19 19:38:53', '2019-12-19 21:03:48', '2'), ('107', '79', '1', '1', '2019-12-19 19:39:04', '2019-12-20 13:52:42', '2'), ('108', '80', '1', '1', '2019-12-19 19:39:52', '2019-12-20 13:52:41', '2'), ('109', '81', '9', '1', '2019-12-19 19:39:52', '2019-12-19 21:03:45', '2'), ('110', '82', '1', '1', '2019-12-19 19:56:33', '2019-12-20 13:52:39', '2'), ('111', '83', '9', '1', '2019-12-19 19:56:33', '2019-12-19 21:03:44', '2'), ('112', '84', '1', '1', '2019-12-19 19:59:12', '2019-12-20 13:52:38', '2'), ('113', '85', '9', '1', '2019-12-19 20:00:09', '2019-12-19 21:03:43', '2'), ('114', '86', '1', '1', '2019-12-19 20:00:29', '2019-12-20 13:49:34', '2'), ('115', '87', '1', '1', '2019-12-19 20:00:46', '2019-12-19 20:00:55', '2'), ('116', '88', '9', '1', '2019-12-19 20:00:46', '2019-12-19 21:02:35', '2'), ('117', '89', '9', '1', '2019-12-20 13:45:33', '2019-12-20 16:24:51', '2'), ('118', '90', '1', '1', '2019-12-20 13:46:51', '2019-12-20 13:49:27', '2'), ('119', '91', '9', '1', '2019-12-20 13:47:52', '2019-12-20 16:24:52', '2'), ('120', '92', '5', '1', '2019-12-20 13:49:04', '2019-12-20 13:53:31', '2'), ('121', '93', '1', '1', '2019-12-20 13:54:43', '2019-12-20 15:00:10', '2'), ('122', '94', '1', '1', '2019-12-20 13:56:55', '2019-12-20 15:00:09', '2'), ('123', '95', '1', '1', '2019-12-20 14:31:32', '2019-12-20 15:00:08', '2'), ('124', '96', '1', '1', '2019-12-20 14:45:11', '2019-12-20 15:00:07', '2'), ('125', '97', '1', '1', '2019-12-20 15:00:45', '2019-12-20 15:53:11', '2'), ('126', '98', '1', '1', '2019-12-20 15:10:12', '2019-12-20 15:53:07', '2'), ('127', '99', '1', '1', '2019-12-20 15:13:08', '2019-12-20 15:53:08', '2'), ('128', '100', '1', '1', '2019-12-20 15:17:17', '2019-12-20 15:53:01', '2'), ('129', '101', '1', '1', '2019-12-20 15:21:30', '2019-12-20 15:52:59', '2'), ('130', '102', '6', '1', '2019-12-20 15:21:51', '2019-12-20 15:23:18', '2'), ('131', '103', '6', '1', '2019-12-20 15:25:40', '2019-12-20 15:57:08', '2'), ('132', '104', '6', '1', '2019-12-20 15:35:04', '2019-12-20 15:57:02', '2'), ('133', '105', '6', '1', '2019-12-20 15:37:30', '2019-12-20 15:52:51', '2'), ('134', '106', '6', '1', '2019-12-20 15:37:50', '2019-12-20 15:52:50', '2'), ('135', '107', '6', '1', '2019-12-20 15:40:38', '2019-12-20 15:52:50', '2'), ('136', '108', '1', '1', '2019-12-20 15:40:38', '2019-12-20 15:52:58', '2'), ('137', '109', '1', '1', '2019-12-20 15:41:52', '2019-12-20 15:52:57', '2'), ('138', '110', '6', '1', '2019-12-20 15:42:06', '2019-12-20 15:57:18', '2'), ('139', '111', '6', '1', '2019-12-20 15:56:23', '2019-12-20 15:56:58', '2'), ('140', '112', '1', '1', '2019-12-20 15:56:23', '2019-12-20 15:58:57', '2'), ('141', '113', '1', '1', '2019-12-20 15:57:39', '2019-12-20 15:58:56', '2'), ('142', '114', '6', '1', '2019-12-20 15:57:49', '2019-12-20 16:23:31', '2'), ('143', '115', '1', '1', '2019-12-20 15:58:27', '2019-12-20 15:58:55', '2'), ('144', '116', '6', '1', '2019-12-20 15:59:14', '2019-12-20 16:23:29', '2'), ('145', '117', '6', '1', '2019-12-20 16:08:26', '2019-12-20 16:23:26', '2'), ('146', '118', '9', '1', '2019-12-20 16:22:12', '2019-12-20 16:22:38', '2'), ('147', '119', '6', '1', '2019-12-20 16:22:41', '2019-12-20 16:23:34', '2'), ('148', '120', '6', '0', '2019-12-20 16:23:55', '2019-12-20 16:23:55', '2'), ('149', '121', '9', '1', '2019-12-20 16:23:55', '2019-12-20 16:24:38', '2'), ('150', '122', '6', '0', '2019-12-20 16:25:59', '2019-12-20 16:25:59', '2'), ('151', '123', '9', '0', '2019-12-20 16:25:59', '2019-12-20 16:25:59', '2'), ('152', '124', '6', '0', '2019-12-20 16:48:45', '2019-12-20 16:48:45', '2'), ('153', '125', '8', '0', '2019-12-20 16:49:33', '2019-12-20 16:49:33', '2'), ('154', '126', '6', '0', '2019-12-20 16:49:50', '2019-12-20 16:49:50', '2'), ('155', '127', '6', '0', '2019-12-20 16:50:57', '2019-12-20 16:50:57', '2'), ('156', '128', '8', '0', '2019-12-20 16:50:57', '2019-12-20 16:50:57', '2'), ('157', '129', '6', '0', '2019-12-20 17:36:48', '2019-12-20 17:36:48', '2'), ('158', '130', '6', '0', '2019-12-20 17:40:42', '2019-12-20 17:40:42', '2'), ('159', '131', '6', '0', '2019-12-20 17:41:17', '2019-12-20 17:41:17', '2'), ('160', '132', '6', '0', '2019-12-20 17:42:21', '2019-12-20 17:42:21', '2'), ('161', '133', '1', '0', '2019-12-20 17:48:05', '2019-12-20 17:48:05', '2'), ('162', '134', '6', '0', '2019-12-20 17:48:53', '2019-12-20 17:48:53', '2'), ('163', '135', '1', '0', '2019-12-20 17:49:30', '2019-12-20 17:49:30', '2'), ('164', '136', '6', '1', '2019-12-20 17:50:11', '2019-12-20 17:50:37', '2'), ('165', '137', '1', '1', '2019-12-20 17:50:55', '2019-12-20 17:51:17', '2'), ('166', '138', '6', '0', '2019-12-20 17:51:21', '2019-12-20 17:51:21', '2'), ('167', '139', '1', '0', '2019-12-20 17:55:08', '2019-12-20 17:55:08', '2'), ('168', '140', '6', '0', '2019-12-20 17:59:54', '2019-12-20 17:59:54', '2'), ('169', '141', '6', '0', '2019-12-20 18:00:46', '2019-12-20 18:00:46', '2'), ('170', '142', '1', '0', '2019-12-20 18:00:46', '2019-12-20 18:00:46', '2'), ('171', '143', '1', '0', '2019-12-20 18:01:23', '2019-12-20 18:01:23', '2'), ('172', '144', '6', '0', '2019-12-20 18:01:36', '2019-12-20 18:01:36', '2'), ('173', '145', '1', '0', '2019-12-20 18:02:09', '2019-12-20 18:02:09', '2'), ('174', '146', '6', '0', '2019-12-20 18:02:29', '2019-12-20 18:02:29', '2'), ('175', '147', '6', '0', '2019-12-21 15:41:56', '2019-12-21 15:41:56', '2'), ('176', '148', '6', '0', '2019-12-21 15:51:08', '2019-12-21 15:51:08', '2'), ('177', '149', '5', '1', '2019-12-21 15:51:50', '2019-12-21 15:52:24', '2'), ('178', '150', '4', '1', '2019-12-21 16:06:21', '2019-12-21 16:06:57', '2'), ('179', '151', '4', '1', '2019-12-21 16:07:00', '2019-12-21 16:07:06', '2'), ('180', '152', '4', '1', '2019-12-21 16:07:34', '2019-12-21 16:15:15', '2'), ('181', '153', '5', '1', '2019-12-21 16:08:05', '2019-12-21 16:08:22', '2'), ('182', '154', '4', '1', '2019-12-21 16:10:00', '2019-12-21 16:15:14', '2'), ('183', '155', '5', '1', '2019-12-21 16:10:19', '2019-12-21 16:10:28', '2'), ('184', '156', '4', '1', '2019-12-21 16:12:37', '2019-12-21 16:12:48', '2'), ('185', '157', '5', '1', '2019-12-21 16:14:55', '2019-12-21 16:15:08', '2'), ('186', '158', '4', '1', '2019-12-21 16:15:28', '2019-12-21 16:18:26', '2'), ('187', '159', '5', '1', '2019-12-21 16:15:52', '2019-12-21 16:16:06', '2'), ('188', '160', '4', '1', '2019-12-21 16:16:10', '2019-12-21 16:18:24', '2'), ('189', '161', '4', '1', '2019-12-21 16:17:50', '2019-12-21 16:18:27', '2'), ('190', '162', '5', '1', '2019-12-21 16:17:50', '2019-12-21 16:19:40', '2'), ('191', '163', '5', '1', '2019-12-21 16:18:41', '2019-12-21 16:19:55', '2'), ('192', '164', '4', '1', '2019-12-21 16:19:30', '2019-12-21 16:20:09', '2'), ('193', '165', '4', '1', '2019-12-21 16:19:59', '2019-12-21 16:20:17', '2'), ('194', '166', '5', '1', '2019-12-21 16:20:48', '2019-12-21 16:20:55', '2'), ('195', '167', '4', '1', '2019-12-21 16:21:05', '2019-12-21 16:21:15', '2'), ('196', '168', '4', '1', '2019-12-21 16:26:00', '2019-12-21 16:26:13', '2'), ('197', '169', '4', '1', '2019-12-21 16:30:15', '2019-12-21 16:31:10', '2'), ('198', '170', '7', '1', '2019-12-21 16:35:06', '2019-12-21 16:35:47', '2'), ('199', '171', '4', '1', '2019-12-21 16:35:17', '2019-12-21 16:40:34', '2'), ('200', '172', '4', '1', '2019-12-21 16:37:29', '2019-12-21 16:37:58', '2'), ('201', '173', '11', '0', '2019-12-21 16:45:01', '2019-12-21 16:45:01', '2'), ('202', '174', '4', '1', '2019-12-21 16:51:50', '2019-12-21 17:22:53', '2'), ('203', '175', '10', '0', '2019-12-21 16:52:50', '2019-12-21 16:52:50', '2'), ('204', '176', '4', '1', '2019-12-21 16:53:38', '2019-12-21 17:22:58', '2'), ('205', '177', '4', '1', '2019-12-21 16:54:08', '2019-12-21 16:57:56', '2'), ('206', '178', '4', '1', '2019-12-21 16:55:14', '2019-12-21 16:55:31', '2'), ('207', '179', '10', '0', '2019-12-21 16:55:14', '2019-12-21 16:55:14', '2'), ('208', '180', '11', '0', '2019-12-21 17:08:17', '2019-12-21 17:08:17', '2'), ('209', '181', '11', '0', '2019-12-21 17:21:10', '2019-12-21 17:21:10', '2'), ('210', '182', '7', '1', '2019-12-21 17:24:29', '2019-12-21 17:24:48', '2'), ('211', '183', '4', '0', '2019-12-21 17:24:51', '2019-12-21 17:24:51', '2'), ('212', '184', '4', '0', '2019-12-21 17:25:02', '2019-12-21 17:25:02', '2'), ('213', '185', '5', '1', '2019-12-21 17:57:55', '2019-12-21 20:21:04', '2'), ('214', '186', '2', '0', '2019-12-21 18:30:22', '2019-12-21 18:30:22', '2'), ('215', '187', '5', '1', '2019-12-21 19:06:44', '2019-12-21 20:21:01', '2'), ('216', '188', '5', '1', '2019-12-22 14:01:35', '2019-12-22 14:02:43', '2'), ('217', '189', '7', '1', '2019-12-22 14:02:59', '2019-12-22 14:04:13', '2'), ('218', '190', '5', '1', '2019-12-22 14:03:06', '2019-12-22 14:07:37', '2'), ('219', '191', '5', '1', '2019-12-22 14:03:21', '2019-12-22 14:07:35', '2'), ('220', '192', '7', '1', '2019-12-22 14:04:02', '2019-12-22 14:04:16', '2'), ('221', '193', '5', '1', '2019-12-22 14:04:24', '2019-12-22 14:07:34', '2'), ('228', '200', '4', '1', '2019-12-22 17:59:33', '2019-12-23 16:11:44', '2'), ('229', '201', '4', '1', '2019-12-22 18:01:04', '2019-12-23 16:11:42', '2'), ('231', '203', '5', '1', '2019-12-22 19:21:42', '2019-12-22 19:21:57', '2'), ('233', '205', '9', '0', '2019-12-22 21:42:28', '2019-12-22 21:42:28', '2'), ('234', '206', '9', '0', '2019-12-22 21:49:37', '2019-12-22 21:49:37', '2'), ('235', '207', '9', '0', '2019-12-22 21:50:33', '2019-12-22 21:50:33', '2'), ('236', '208', '9', '0', '2019-12-22 22:21:20', '2019-12-22 22:21:20', '2'), ('237', '209', '9', '0', '2019-12-22 22:30:09', '2019-12-22 22:30:09', '2'), ('238', '210', '5', '1', '2019-12-22 22:54:44', '2019-12-23 09:51:10', '2'), ('239', '211', '4', '1', '2019-12-22 14:54:44', '2019-12-23 16:11:45', '2'), ('240', '212', '4', '1', '2019-12-22 22:55:19', '2019-12-22 22:55:47', '2'), ('241', '213', '5', '1', '2019-12-22 22:55:49', '2019-12-23 09:51:13', '2'), ('242', '214', '5', '1', '2019-12-22 22:56:07', '2019-12-23 09:51:25', '2'), ('243', '215', '4', '1', '2019-12-22 14:56:07', '2019-12-23 16:11:44', '2'), ('244', '216', '4', '1', '2019-12-22 22:56:23', '2019-12-22 22:56:33', '2'), ('245', '217', '5', '1', '2019-12-22 22:56:42', '2019-12-23 09:51:26', '2'), ('246', '218', '5', '1', '2019-12-23 02:55:05', '2019-12-23 09:51:28', '2'), ('247', '219', '5', '1', '2019-12-23 10:32:53', '2019-12-23 10:33:40', '2'), ('248', '220', '14', '1', '2019-12-23 10:34:16', '2019-12-23 10:34:34', '2'), ('249', '221', '5', '1', '2019-12-23 10:34:37', '2019-12-23 10:57:56', '2'), ('250', '222', '5', '1', '2019-12-23 10:36:34', '2019-12-23 12:17:31', '2'), ('251', '223', '5', '1', '2019-12-23 10:44:49', '2019-12-23 10:57:41', '2'), ('252', '224', '14', '1', '2019-12-23 10:58:29', '2019-12-24 12:47:42', '2'), ('253', '225', '20', '0', '2019-12-23 15:15:59', '2019-12-23 15:15:59', '2'), ('254', '226', '4', '0', '2019-12-23 16:56:31', '2019-12-23 16:56:31', '2'), ('255', '227', '16', '1', '2019-12-23 17:26:13', '2019-12-23 17:28:10', '2'), ('256', '228', '26', '1', '2019-12-23 20:31:13', '2019-12-24 15:33:15', '2'), ('257', '229', '5', '1', '2019-12-23 21:08:02', '2019-12-23 21:26:04', '2'), ('258', '230', '4', '0', '2019-12-24 11:21:08', '2019-12-24 11:21:08', '2'), ('259', '231', '1', '0', '2019-12-24 11:30:50', '2019-12-24 11:30:50', '2'), ('260', '232', '26', '1', '2019-12-24 12:34:56', '2019-12-24 15:33:21', '2'), ('261', '233', '5', '1', '2019-12-24 13:35:46', '2019-12-24 15:01:29', '2'), ('262', '234', '1', '1', '2019-12-24 14:08:12', '2019-12-24 14:08:43', '2'), ('263', '235', '1', '0', '2019-12-24 14:10:00', '2019-12-24 14:10:00', '2'), ('264', '236', '9', '0', '2019-12-24 14:15:07', '2019-12-24 14:15:07', '2'), ('265', '237', '9', '0', '2019-12-24 14:16:31', '2019-12-24 14:16:31', '2'), ('266', '238', '1', '0', '2019-12-24 14:21:43', '2019-12-24 14:21:43', '2'), ('267', '239', '1', '1', '2019-12-24 14:40:15', '2019-12-24 14:48:16', '2'), ('268', '240', '1', '1', '2019-12-24 14:42:10', '2019-12-24 14:47:33', '2'), ('269', '241', '9', '0', '2019-12-24 14:49:04', '2019-12-24 14:49:04', '2'), ('270', '242', '1', '0', '2019-12-24 14:49:39', '2019-12-24 14:49:39', '2'), ('271', '243', '9', '1', '2019-12-24 14:50:04', '2019-12-24 17:20:53', '2'), ('272', '244', '1', '0', '2019-12-24 14:50:29', '2019-12-24 14:50:29', '2'), ('273', '245', '1', '0', '2019-12-24 14:51:19', '2019-12-24 14:51:19', '2'), ('274', '246', '9', '1', '2019-12-24 14:51:53', '2019-12-24 17:20:51', '2'), ('275', '247', '1', '0', '2019-12-24 14:52:00', '2019-12-24 14:52:00', '2'), ('276', '248', '9', '1', '2019-12-24 14:52:38', '2019-12-24 17:20:49', '2'), ('277', '249', '1', '0', '2019-12-24 14:52:53', '2019-12-24 14:52:53', '2'), ('278', '250', '1', '0', '2019-12-24 14:53:35', '2019-12-24 14:53:35', '2'), ('279', '251', '9', '1', '2019-12-24 14:54:46', '2019-12-24 16:22:34', '2'), ('280', '252', '9', '1', '2019-12-24 14:55:37', '2019-12-24 16:22:32', '2'), ('281', '253', '9', '1', '2019-12-24 14:57:36', '2019-12-24 16:22:30', '2'), ('282', '254', '1', '0', '2019-12-24 14:58:09', '2019-12-24 14:58:09', '2'), ('283', '255', '1', '0', '2019-12-24 14:58:46', '2019-12-24 14:58:46', '2'), ('284', '256', '9', '1', '2019-12-24 14:59:00', '2019-12-24 16:12:17', '2'), ('285', '257', '9', '1', '2019-12-24 15:00:01', '2019-12-24 16:12:08', '2'), ('286', '258', '1', '0', '2019-12-24 15:00:02', '2019-12-24 15:00:02', '2'), ('287', '259', '5', '1', '2019-12-24 15:03:38', '2019-12-24 15:04:45', '2'), ('288', '260', '30', '0', '2019-12-24 15:04:52', '2019-12-24 15:04:52', '2'), ('289', '261', '30', '0', '2019-12-24 15:05:26', '2019-12-24 15:05:26', '2'), ('290', '262', '5', '1', '2019-12-24 15:32:47', '2019-12-24 15:51:11', '2'), ('291', '263', '5', '1', '2019-12-24 15:34:07', '2019-12-24 15:51:14', '2'), ('292', '264', '9', '1', '2019-12-24 16:19:54', '2019-12-24 16:20:56', '2'), ('293', '265', '9', '1', '2019-12-24 17:20:04', '2019-12-24 17:20:47', '2'), ('294', '266', '5', '1', '2019-12-25 15:03:12', '2019-12-25 15:29:15', '2'), ('295', '267', '6', '1', '2019-12-25 07:03:12', '2019-12-25 17:37:18', '2'), ('296', '268', '5', '1', '2019-12-25 15:05:14', '2019-12-25 15:29:35', '2'), ('297', '269', '6', '1', '2019-12-25 15:05:24', '2019-12-25 17:37:17', '2'), ('298', '270', '1', '0', '2019-12-25 15:08:32', '2019-12-25 15:08:32', '2'), ('299', '271', '1', '0', '2019-12-25 15:09:22', '2019-12-25 15:09:22', '2'), ('300', '272', '1', '0', '2019-12-25 15:09:33', '2019-12-25 15:09:33', '2'), ('301', '273', '1', '1', '2019-12-25 15:10:25', '2019-12-25 15:16:16', '2'), ('302', '274', '6', '1', '2019-12-25 15:12:07', '2019-12-25 17:37:16', '2'), ('303', '275', '1', '1', '2019-12-25 15:12:52', '2019-12-25 15:16:20', '2'), ('304', '276', '1', '1', '2019-12-25 15:13:25', '2019-12-25 15:16:22', '2'), ('305', '277', '6', '1', '2019-12-25 15:13:25', '2019-12-25 17:37:15', '2'), ('306', '278', '37', '0', '2019-12-30 14:42:47', '2019-12-30 14:42:47', '2'), ('307', '279', '39', '0', '2019-12-30 16:21:22', '2019-12-30 16:21:22', '2'), ('308', '280', '40', '1', '2019-12-30 17:17:58', '2019-12-31 09:33:29', '2'), ('309', '281', '41', '0', '2019-12-30 17:19:34', '2019-12-30 17:19:34', '2'), ('310', '282', '40', '1', '2019-12-30 17:19:39', '2019-12-31 09:33:24', '2'), ('311', '283', '42', '0', '2019-12-30 18:22:58', '2019-12-30 18:22:58', '2'), ('312', '284', '42', '0', '2019-12-31 13:09:41', '2019-12-31 13:09:41', '2');
COMMIT;

-- ----------------------------
--  Table structure for `order`
-- ----------------------------
CREATE TABLE `order` (
  `id` bigint(20) unsigned NOT NULL AUTO_INCREMENT,
  `uid` bigint(20) unsigned NOT NULL COMMENT '用户id',
  `project_id` bigint(20) unsigned NOT NULL COMMENT '项目id',
  `type` tinyint(4) NOT NULL COMMENT '项目交付方式。1：使用权交付，2：源码交付，3：天使合伙人',
  `status` tinyint(4) NOT NULL DEFAULT '0' COMMENT '0:首款未支付，1:需求协商中，2:需求确认中，3:需求已拒绝，4:需求确认尾款未支付，5:尾款已支付项目开发中，6:项目验收中，7:验收拒绝，8:验收成功，9:订单完成 10:订单取消',
  `is_refund` tinyint(4) NOT NULL DEFAULT '0' COMMENT '是否在退款流程。0：否，1：是',
  `is_arbitrate` tinyint(4) DEFAULT '0' COMMENT '是否仲裁 0:否 1:是',
  `order_no` varchar(125) NOT NULL COMMENT '订单编号',
  `arbitrate_content` varchar(125) DEFAULT NULL COMMENT '仲裁备注',
  `pending_account` decimal(11,2) DEFAULT '0.00' COMMENT '待入账',
  `entered_account` decimal(11,2) DEFAULT '0.00' COMMENT '已入帐',
  `pending_settle` decimal(11,2) DEFAULT '0.00' COMMENT '未结算',
  `entered_settle` decimal(11,2) DEFAULT '0.00' COMMENT '已结算',
  `create_time` timestamp NULL DEFAULT NULL,
  `update_time` timestamp NULL DEFAULT NULL,
  `arbitrate_result` varchar(255) DEFAULT NULL COMMENT '仲裁结果',
  `arbitrate_owner_get` decimal(11,2) DEFAULT NULL COMMENT '发布方扣款',
  `arbitrate_user_get` decimal(11,2) DEFAULT NULL COMMENT '支持方退款',
  `arbitrate_platform_get` decimal(11,2) DEFAULT NULL COMMENT '平台抽佣',
  `arbitrate_time` datetime DEFAULT NULL COMMENT '仲裁时间',
  PRIMARY KEY (`id`) USING BTREE,
  KEY `uid` (`uid`) USING BTREE,
  KEY `project_id` (`project_id`) USING BTREE,
  CONSTRAINT `order_ibfk_1` FOREIGN KEY (`uid`) REFERENCES `user_data` (`uid`) ON DELETE CASCADE ON UPDATE NO ACTION,
  CONSTRAINT `order_ibfk_2` FOREIGN KEY (`project_id`) REFERENCES `project` (`id`) ON DELETE CASCADE ON UPDATE NO ACTION
) ENGINE=InnoDB AUTO_INCREMENT=42 DEFAULT CHARSET=utf8mb4 ROW_FORMAT=DYNAMIC COMMENT='订单表';

-- ----------------------------
--  Records of `order`
-- ----------------------------
BEGIN;
INSERT INTO `order` VALUES ('1', '6', '1', '1', '10', '0', '0', '391991652031451905', null, '0.00', '0.00', '0.00', '0.00', '2019-12-18 16:34:52', '2019-12-18 16:51:21', null, null, null, null, null), ('2', '6', '1', '1', '10', '1', '0', '391995864039594241', null, '0.02', '0.00', '0.00', '0.00', '2019-12-18 16:51:36', '2019-12-18 17:11:43', null, null, null, null, null), ('3', '4', '1', '1', '1', '0', '0', '392001273110520065', null, '0.02', '0.00', '0.00', '0.00', '2019-12-18 17:13:06', '2019-12-20 14:31:32', null, null, null, null, null), ('4', '6', '1', '1', '8', '0', '0', '392001464433677441', null, '0.00', '0.03', '0.00', '0.03', '2019-12-18 17:13:52', '2019-12-18 17:33:10', null, null, null, null, null), ('5', '2', '1', '1', '8', '0', '0', '392005140963450881', null, '0.00', '0.03', '0.00', '0.03', '2019-12-18 17:28:28', '2019-12-20 11:21:26', null, null, null, null, null), ('6', '8', '1', '1', '4', '0', '1', '392366291865891585', null, '0.00', '0.02', '0.00', '0.02', '2019-12-19 17:23:33', '2019-12-19 17:39:47', null, null, null, null, null), ('7', '8', '2', '1', '4', '0', '1', '392375145290842241', null, '0.00', '9.90', '0.38', '9.52', '2019-12-19 17:58:44', '2019-12-20 13:53:26', null, null, null, null, null), ('8', '6', '2', '1', '4', '0', '1', '392383447475205377', null, '0.00', '9.90', '0.00', '9.90', '2019-12-19 18:31:44', '2019-12-19 18:46:05', null, null, null, null, null), ('9', '5', '2', '1', '5', '0', '0', '392396004730643329', null, '0.00', '29.70', '19.70', '10.00', '2019-12-19 19:21:37', '2019-12-23 14:39:58', null, null, null, null, null), ('10', '9', '2', '1', '4', '0', '1', '392399925792525825', null, '0.00', '9.90', '0.00', '9.90', '2019-12-19 19:37:12', '2019-12-19 19:56:33', null, null, null, null, null), ('11', '9', '1', '1', '4', '0', '1', '392405373748825217', null, '0.00', '0.02', '0.00', '0.02', '2019-12-19 19:58:51', '2019-12-19 20:00:46', null, null, null, null, null), ('12', '10', '1', '1', '1', '0', '0', '392686963796255361', null, '0.02', '0.00', '0.00', '0.00', '2019-12-20 14:37:47', '2019-12-20 14:45:11', null, null, null, null, null), ('13', '9', '3', '2', '1', '0', '0', '392692806474313985', null, '10.00', '0.00', '0.00', '0.00', '2019-12-20 15:01:00', '2019-12-20 15:10:12', null, null, null, null, null), ('14', '2', '3', '2', '0', '0', '0', '392692821666087169', null, '0.00', '0.00', '0.00', '0.00', '2019-12-20 15:01:04', '2019-12-20 15:01:04', null, null, null, null, null), ('15', '6', '3', '2', '10', '1', '0', '392695462630582273', null, '10.00', '0.00', '0.00', '0.00', '2019-12-20 15:11:34', '2019-12-20 15:21:51', null, null, null, null, null), ('16', '8', '3', '2', '1', '0', '0', '392696398497225601', null, '10.00', '0.00', '0.00', '0.00', '2019-12-20 15:15:17', '2019-12-20 15:17:17', null, null, null, null, null), ('17', '1', '4', '1', '8', '0', '0', '392702637289547905', null, '0.00', '14.85', '14.85', '0.00', '2019-12-20 15:40:04', '2019-12-20 15:59:14', null, null, null, null, null), ('18', '8', '4', '1', '4', '0', '1', '392705599705502721', null, '0.00', '4.95', '0.00', '4.95', '2019-12-20 15:51:51', '2019-12-20 16:50:57', null, null, null, null, null), ('19', '9', '4', '1', '5', '0', '1', '392709692142424449', null, '0.00', '14.85', '0.00', '14.85', '2019-12-20 16:08:06', '2019-12-20 16:25:59', null, null, null, null, null), ('20', '4', '4', '1', '0', '0', '0', '392717702705244801', null, '0.00', '0.00', '0.00', '0.00', '2019-12-20 16:39:56', '2019-12-20 16:39:56', null, null, null, null, null), ('21', '4', '3', '2', '0', '0', '0', '392724479777761793', null, '0.00', '0.00', '0.00', '0.00', '2019-12-20 17:06:52', '2019-12-20 17:06:52', null, null, null, null, null), ('22', '5', '4', '1', '10', '1', '0', '392724822230081921', null, '5.00', '0.00', '0.00', '0.00', '2019-12-20 17:08:14', '2019-12-21 15:51:50', null, null, null, null, null), ('23', '1', '6', '1', '10', '1', '0', '392733051341291905', null, '5.00', '0.00', '0.00', '0.00', '2019-12-20 17:40:56', '2019-12-20 17:49:30', null, null, null, null, null), ('24', '1', '6', '1', '8', '0', '0', '392735289807770241', null, '0.00', '19.80', '9.90', '9.90', '2019-12-20 17:49:49', '2019-12-20 18:05:17', null, null, null, null, null), ('25', '5', '7', '2', '10', '1', '0', '393071716101824257', null, '10.00', '0.00', '0.00', '0.00', '2019-12-21 16:06:40', '2019-12-21 16:10:19', null, null, null, null, null), ('26', '5', '7', '1', '8', '0', '0', '393072945985019009', null, '0.00', '19.80', '9.80', '10.00', '2019-12-21 16:11:33', '2019-12-21 16:23:17', null, null, null, null, null), ('27', '7', '7', '2', '8', '0', '0', '393074868515560321', '测试', '30.00', '0.00', '30.00', '0.00', '2019-12-21 16:19:11', '2019-12-21 17:24:51', '双方均有责任', '10.00', '30.00', '3.00', '2019-12-21 16:46:42'), ('28', '10', '7', '1', '5', '0', '1', '393082829333917313', '仲裁测试', '0.00', '19.80', '0.00', '19.80', '2019-12-21 16:50:49', '2019-12-21 16:55:14', '双方均有责任', '9.80', '10.00', '1.00', '2019-12-21 16:55:14'), ('29', '7', '8', '2', '8', '0', '0', '393402544207969793', null, '0.00', '39.60', '39.60', '0.00', '2019-12-22 14:01:15', '2019-12-22 14:04:24', null, null, null, null, null), ('30', '4', '8', '3', '2', '0', '0', '393454276124357633', null, '10.00', '0.00', '0.00', '0.00', '2019-12-22 17:26:49', '2019-12-24 11:21:08', null, null, null, null, null), ('31', '4', '8', '3', '8', '0', '0', '393455256928806913', null, '0.00', '19.80', '0.80', '19.00', '2019-12-22 17:30:43', '2019-12-23 16:22:40', null, null, null, null, null), ('32', '2', '8', '2', '0', '0', '0', '393710167797026817', null, '0.00', '0.00', '0.00', '0.00', '2019-12-23 10:23:38', '2019-12-23 10:23:38', null, null, null, null, null), ('33', '14', '8', '2', '6', '0', '0', '393712413628723713', null, '0.00', '39.60', '29.60', '10.00', '2019-12-23 10:32:34', '2019-12-24 12:06:52', null, null, null, null, null), ('34', '1', '8', '3', '2', '0', '0', '393714774212362625', null, '10.00', '0.00', '0.00', '0.00', '2019-12-23 10:41:57', '2019-12-24 11:30:50', null, null, null, null, null), ('35', '15', '8', '2', '0', '0', '0', '393775856188684289', null, '0.00', '0.00', '0.00', '0.00', '2019-12-23 14:44:40', '2019-12-23 14:44:40', null, null, null, null, null), ('36', '9', '12', '1', '8', '0', '0', '394137505949053953', null, '0.00', '2.97', '2.97', '0.00', '2019-12-24 14:41:44', '2019-12-24 14:52:53', null, null, null, null, null), ('37', '1', '13', '1', '4', '0', '1', '394140923107244929', '', '0.00', '0.99', '0.09', '0.90', '2019-12-24 14:55:18', '2019-12-24 15:00:01', '双方均有责任', '0.40', '0.50', '0.05', '2019-12-24 15:00:01'), ('38', '28', '8', '2', '0', '0', '0', '394218367860357121', null, '0.00', '0.00', '0.00', '0.00', '2019-12-24 20:03:03', '2019-12-24 20:03:03', null, null, null, null, null), ('39', '35', '8', '2', '0', '0', '0', '394449068010519937', null, '0.00', '0.00', '0.00', '0.00', '2019-12-25 11:19:46', '2019-12-25 11:19:46', null, null, null, null, null), ('40', '6', '8', '3', '10', '1', '0', '394504697056088705', null, '10.00', '0.00', '0.00', '0.00', '2019-12-25 15:00:49', '2019-12-25 15:05:24', null, null, null, null, null), ('41', '6', '15', '1', '4', '0', '1', '394507038362710145', '', '0.00', '0.99', '0.09', '0.90', '2019-12-25 15:10:07', '2019-12-25 15:13:25', '双方均有责任', '0.40', '0.50', '0.05', '2019-12-25 15:13:25');
COMMIT;

-- ----------------------------
--  Table structure for `order_follow`
-- ----------------------------
CREATE TABLE `order_follow` (
  `id` bigint(20) unsigned NOT NULL AUTO_INCREMENT COMMENT '履历跟进记录表id',
  `order_id` bigint(20) unsigned DEFAULT NULL COMMENT '用户id',
  `content` text COMMENT '跟进内容',
  `name` varchar(255) DEFAULT NULL COMMENT '跟进人账号名',
  `create_time` datetime DEFAULT NULL COMMENT '跟进时间',
  PRIMARY KEY (`id`) USING BTREE,
  KEY `uid` (`order_id`) USING BTREE,
  CONSTRAINT `order_follow_ibfk_1` FOREIGN KEY (`order_id`) REFERENCES `order` (`id`) ON DELETE CASCADE ON UPDATE NO ACTION
) ENGINE=InnoDB AUTO_INCREMENT=4 DEFAULT CHARSET=utf8mb4 ROW_FORMAT=DYNAMIC;

-- ----------------------------
--  Records of `order_follow`
-- ----------------------------
BEGIN;
INSERT INTO `order_follow` VALUES ('2', '23', '123456', 'admin', '2019-12-21 10:32:51'), ('3', '23', 'ruaruarua', 'admin', '2019-12-21 10:32:53');
COMMIT;

-- ----------------------------
--  Table structure for `order_refund`
-- ----------------------------
CREATE TABLE `order_refund` (
  `id` bigint(20) unsigned NOT NULL AUTO_INCREMENT COMMENT '退款id',
  `order_id` bigint(20) unsigned DEFAULT NULL COMMENT '订单id',
  `refund_amount` decimal(10,2) DEFAULT NULL COMMENT '退款金额',
  `status` int(2) NOT NULL DEFAULT '0' COMMENT '退款状态。0：退款中。1：退款成功，2：退款失败',
  `create_time` datetime DEFAULT NULL COMMENT '创建时间',
  `update_time` datetime DEFAULT NULL COMMENT '结束时间',
  `refuse` varchar(255) DEFAULT NULL COMMENT '拒绝原因',
  PRIMARY KEY (`id`) USING BTREE,
  KEY `order_id_refund` (`order_id`) USING BTREE,
  CONSTRAINT `order_id_refund` FOREIGN KEY (`order_id`) REFERENCES `order` (`id`) ON DELETE CASCADE ON UPDATE NO ACTION
) ENGINE=InnoDB AUTO_INCREMENT=9 DEFAULT CHARSET=utf8mb4 ROW_FORMAT=DYNAMIC;

-- ----------------------------
--  Records of `order_refund`
-- ----------------------------
BEGIN;
INSERT INTO `order_refund` VALUES ('1', '2', '0.02', '1', '2019-12-18 16:58:12', '2019-12-18 17:11:42', '不给退'), ('2', '15', '10.00', '1', '2019-12-20 15:21:30', '2019-12-20 15:21:50', null), ('3', '23', '5.00', '1', '2019-12-20 17:42:21', '2019-12-20 17:49:29', '拒绝退款'), ('4', '22', '5.00', '1', '2019-12-21 15:51:08', '2019-12-21 15:51:50', null), ('5', '25', '10.00', '1', '2019-12-21 16:07:34', '2019-12-21 16:10:18', '资料已提交'), ('6', '26', '10.00', '2', '2019-12-21 16:15:28', '2019-12-21 16:15:51', '图库大啊阿东啊'), ('7', '37', '1.00', '2', '2019-12-24 14:57:36', '2019-12-24 14:58:09', '拒绝退款'), ('8', '40', '10.00', '1', '2019-12-25 15:05:14', '2019-12-25 15:05:24', null);
COMMIT;

-- ----------------------------
--  Table structure for `order_status_change_log`
-- ----------------------------
CREATE TABLE `order_status_change_log` (
  `id` bigint(20) NOT NULL AUTO_INCREMENT COMMENT '订单信息变更记录id',
  `order_id` bigint(20) unsigned DEFAULT NULL COMMENT '订单id',
  `create_time` datetime DEFAULT NULL COMMENT '创建时间',
  `status` int(10) DEFAULT NULL COMMENT '变更状态。1：下单，2：首款支付成功3：需求拒绝，4：需求确认，5：尾款支付成功7：验收拒绝，8：验收通过，10：申请退款，11：同意退款，12：拒绝退款，13：需求提交',
  PRIMARY KEY (`id`),
  KEY `order_id` (`order_id`),
  CONSTRAINT `order_status_change_log_ibfk_1` FOREIGN KEY (`order_id`) REFERENCES `order` (`id`) ON DELETE CASCADE ON UPDATE NO ACTION
) ENGINE=InnoDB AUTO_INCREMENT=111 DEFAULT CHARSET=utf8mb4;

-- ----------------------------
--  Records of `order_status_change_log`
-- ----------------------------
BEGIN;
INSERT INTO `order_status_change_log` VALUES ('1', '18', '2019-12-20 16:49:49', '4'), ('2', '17', '2019-12-20 16:56:39', '1'), ('3', '17', '2019-12-20 16:56:39', '2'), ('4', '17', '2019-12-20 16:56:39', '3'), ('5', '17', '2019-12-20 16:56:39', '4'), ('6', '17', '2019-12-20 16:56:39', '5'), ('7', '17', '2019-12-20 16:56:39', '7'), ('8', '17', '2019-12-20 16:56:39', '8'), ('9', '21', '2019-12-20 17:06:52', '1'), ('10', '22', '2019-12-20 17:08:14', '1'), ('11', '23', '2019-12-20 17:40:56', '1'), ('12', '23', '2019-12-20 17:41:17', '2'), ('13', '23', '2019-12-20 17:42:21', '10'), ('14', '23', '2019-12-20 17:48:05', '12'), ('15', '23', '2019-12-20 17:48:53', '10'), ('16', '23', '2019-12-20 17:49:30', '11'), ('17', '24', '2019-12-20 17:49:49', '1'), ('18', '24', '2019-12-20 17:50:11', '2'), ('19', '24', '2019-12-20 17:51:21', '3'), ('20', '24', '2019-12-20 17:59:54', '4'), ('21', '24', '2019-12-20 18:00:46', '5'), ('22', '24', '2019-12-20 18:01:36', '7'), ('23', '24', '2019-12-20 18:02:29', '8'), ('24', '22', '2019-12-21 15:41:56', '2'), ('25', '22', '2019-12-21 15:51:08', '10'), ('26', '22', '2019-12-21 15:51:50', '11'), ('27', '25', '2019-12-21 16:06:40', '1'), ('28', '25', '2019-12-21 16:07:00', '2'), ('29', '25', '2019-12-21 16:07:34', '10'), ('30', '25', '2019-12-21 16:08:05', '12'), ('31', '25', '2019-12-21 16:10:00', '10'), ('32', '25', '2019-12-21 16:10:19', '11'), ('33', '26', '2019-12-21 16:11:33', '1'), ('34', '26', '2019-12-21 16:12:37', '2'), ('35', '26', '2019-12-21 16:14:55', '13'), ('36', '26', '2019-12-21 16:15:28', '10'), ('37', '26', '2019-12-21 16:15:51', '12'), ('38', '26', '2019-12-21 16:16:10', '4'), ('39', '26', '2019-12-21 16:17:50', '5'), ('40', '27', '2019-12-21 16:19:11', '1'), ('41', '27', '2019-12-21 16:19:30', '2'), ('42', '26', '2019-12-21 16:19:59', '7'), ('43', '26', '2019-12-21 16:21:05', '8'), ('44', '27', '2019-12-21 16:35:06', '13'), ('45', '27', '2019-12-21 16:35:17', '4'), ('46', '27', '2019-12-21 16:37:29', '5'), ('47', '28', '2019-12-21 16:50:49', '1'), ('48', '28', '2019-12-21 16:51:50', '2'), ('49', '28', '2019-12-21 16:52:49', '13'), ('50', '28', '2019-12-21 16:53:38', '4'), ('51', '28', '2019-12-21 16:54:08', '5'), ('52', '27', '2019-12-21 17:24:51', '8'), ('53', '29', '2019-12-22 14:01:15', '1'), ('54', '29', '2019-12-22 14:01:35', '2'), ('55', '29', '2019-12-22 14:02:59', '13'), ('56', '29', '2019-12-22 14:03:06', '4'), ('57', '29', '2019-12-22 14:03:21', '5'), ('58', '29', '2019-12-22 14:04:24', '8'), ('59', '30', '2019-12-22 17:26:49', '1'), ('62', '31', '2019-12-22 17:30:43', '1'), ('69', '31', '2019-12-22 22:54:44', '2'), ('70', '31', '2019-12-22 22:55:19', '13'), ('71', '31', '2019-12-22 22:55:49', '4'), ('72', '31', '2019-12-22 22:56:07', '5'), ('73', '31', '2019-12-22 22:56:42', '8'), ('74', '30', '2019-12-23 02:55:04', '2'), ('75', '32', '2019-12-23 10:23:38', '1'), ('76', '33', '2019-12-23 10:32:34', '1'), ('77', '33', '2019-12-23 10:32:53', '2'), ('78', '33', '2019-12-23 10:34:16', '13'), ('79', '33', '2019-12-23 10:34:37', '4'), ('80', '33', '2019-12-23 10:36:34', '5'), ('81', '34', '2019-12-23 10:41:57', '1'), ('82', '34', '2019-12-23 10:44:49', '2'), ('83', '35', '2019-12-23 14:44:40', '1'), ('84', '30', '2019-12-24 11:21:08', '13'), ('85', '34', '2019-12-24 11:30:50', '13'), ('86', '36', '2019-12-24 14:41:44', '1'), ('87', '36', '2019-12-24 14:42:10', '2'), ('88', '36', '2019-12-24 14:49:03', '13'), ('89', '36', '2019-12-24 14:49:39', '3'), ('90', '36', '2019-12-24 14:50:04', '13'), ('91', '36', '2019-12-24 14:50:29', '4'), ('92', '36', '2019-12-24 14:51:19', '5'), ('93', '36', '2019-12-24 14:52:00', '7'), ('94', '36', '2019-12-24 14:52:53', '8'), ('95', '37', '2019-12-24 14:55:18', '1'), ('96', '37', '2019-12-24 14:55:37', '2'), ('97', '37', '2019-12-24 14:57:36', '10'), ('98', '37', '2019-12-24 14:58:09', '12'), ('99', '37', '2019-12-24 14:58:46', '13'), ('100', '37', '2019-12-24 14:59:00', '4'), ('101', '38', '2019-12-24 20:03:03', '1'), ('102', '39', '2019-12-25 11:19:46', '1'), ('103', '40', '2019-12-25 15:00:49', '1'), ('104', '40', '2019-12-25 15:03:12', '2'), ('105', '40', '2019-12-25 15:05:14', '10'), ('106', '40', '2019-12-25 15:05:24', '11'), ('107', '41', '2019-12-25 15:10:07', '1'), ('108', '41', '2019-12-25 15:10:25', '2'), ('109', '41', '2019-12-25 15:12:07', '13'), ('110', '41', '2019-12-25 15:12:52', '4');
COMMIT;

-- ----------------------------
--  Table structure for `partners`
-- ----------------------------
CREATE TABLE `partners` (
  `id` int(10) NOT NULL AUTO_INCREMENT COMMENT '合作伙伴id',
  `name` varchar(255) DEFAULT NULL COMMENT '合作伙伴名称',
  `url` varchar(255) DEFAULT NULL COMMENT '链接url',
  `img_url` varchar(255) DEFAULT NULL COMMENT '图片url',
  `sort` int(10) DEFAULT NULL COMMENT '排序值',
  `create_time` datetime DEFAULT NULL COMMENT '创建时间',
  PRIMARY KEY (`id`) USING BTREE
) ENGINE=InnoDB AUTO_INCREMENT=16 DEFAULT CHARSET=utf8mb4 ROW_FORMAT=DYNAMIC;

-- ----------------------------
--  Records of `partners`
-- ----------------------------
BEGIN;
INSERT INTO `partners` VALUES ('1', '支付宝', 'https://www.alipay.com/', 'https://czw-netmi.oss-cn-hangzhou.aliyuncs.com/__liemi__/image/png/ABXZMNTH01245679_1577001705.png', null, '2019-12-17 20:04:20'), ('3', '阿里云', 'https://www.aliyun.com/', 'https://czw-netmi.oss-cn-hangzhou.aliyuncs.com/__liemi__/image/png/ABFWXZMNTHK03689_1577001515.png', null, '2019-12-17 20:05:43'), ('4', '网易云信', 'https://netease.im/?from=partnerhzlm01', 'https://czw-netmi.oss-cn-hangzhou.aliyuncs.com/__liemi__/image/png/AFWXZMTH01245679_1577000846.png', null, '2019-12-17 20:06:15'), ('5', '网易七鱼', 'https://netease.im/?from=partnerhzlm01', 'https://czw-netmi.oss-cn-hangzhou.aliyuncs.com/__liemi__/image/png/FXZMNTK012345689_1577001867.png', null, '2019-12-17 20:06:51'), ('6', '连连支付', 'https://www.lianlianpay.com/', 'https://czw-netmi.oss-cn-hangzhou.aliyuncs.com/__liemi__/image/png/ABFXMNTK02346789_1577001296.png', null, '2019-12-17 20:07:48'), ('7', '猎米网络', 'http://www.netmi.com.cn/', 'https://czw-netmi.oss-cn-hangzhou.aliyuncs.com/__liemi__/image/png/ABFWZMTHK1234678_1577004078.png', null, '2019-12-17 20:08:24'), ('8', '银连', 'http://cn.unionpay.com/', 'https://czw-netmi.oss-cn-hangzhou.aliyuncs.com/__liemi__/image/png/ABFWXMTHK1356789_1577001385.png', null, '2019-12-17 20:09:19'), ('9', '华为', 'https://activity.huaweicloud.com/', 'https://czw-netmi.oss-cn-hangzhou.aliyuncs.com/__liemi__/image/png/BWXZMNHK01245789_1577001124.png', null, '2019-12-17 21:08:46'), ('12', '七牛云存储', 'https://www.qiniu.com/', 'https://czw-netmi.oss-cn-hangzhou.aliyuncs.com/__liemi__/image/png/ABFWXMNTHK014578_1577001984.png', null, '2019-12-22 16:07:01'), ('13', '微信支付', 'https://pay.weixin.qq.com/', 'https://czw-netmi.oss-cn-hangzhou.aliyuncs.com/__liemi__/image/png/AFWXZMNHK0236789_1577002191.png', null, '2019-12-22 16:10:15'), ('14', 'modao', 'https://org.modao.cc/', 'https://czw-netmi.oss-cn-hangzhou.aliyuncs.com/__liemi__/image/png/ABFXZMNTH0234678_1577002844.png', null, '2019-12-22 16:23:09'), ('15', '友盟', 'https://www.umeng.com/', 'https://czw-netmi.oss-cn-hangzhou.aliyuncs.com/__liemi__/image/png/BFXZMNK012345678_1577011129.png', null, '2019-12-22 18:39:48');
COMMIT;

-- ----------------------------
--  Table structure for `pay_order`
-- ----------------------------
CREATE TABLE `pay_order` (
  `id` bigint(20) NOT NULL AUTO_INCREMENT COMMENT '支付订单主键',
  `uid` bigint(20) unsigned DEFAULT NULL COMMENT '用户ID',
  `project_id` bigint(20) unsigned DEFAULT NULL COMMENT '项目id',
  `order_id` bigint(20) unsigned DEFAULT NULL COMMENT '订单id',
  `pay_order_no` varchar(64) NOT NULL COMMENT '支付订单号',
  `pay_amount` decimal(20,2) NOT NULL COMMENT '支付金额',
  `pay_channel` varchar(30) NOT NULL DEFAULT '' COMMENT '支付渠道:\r\nWECHAT_PAY = 0;    //微信支付\r\nALI_PAY = 1;        //支付宝支付\r\nAPPLE_PAY = 2;      //apple pay\r\nSCORE_PAY = 3;      //积分支付\r\nETH_PAY = 4;      //数字资产支付\r\nMP_PAY = 5;      //公众号支付\r\nSMALL_PAY = 6;      //小程序支付\r\nPUBLIC_PAY = 7;     //对公账户支付',
  `trade_no` varchar(64) NOT NULL DEFAULT '' COMMENT '第三方支付流水号',
  `status` tinyint(4) NOT NULL DEFAULT '0' COMMENT '0:待支付,1:支付成功,2:支付失败3.关闭4.走款中5.退款中6.已退款7.退款失败',
  `create_time` timestamp NULL DEFAULT NULL COMMENT '创建时间',
  `update_time` timestamp NULL DEFAULT NULL COMMENT '修改时间',
  `wechat_scene` varchar(255) DEFAULT NULL COMMENT '微信场景MINI-JSAPI：小程序 ；APP ：安卓或iOS ； JSAPI：h5公众号；ETH : 以太币；',
  `order_type` int(2) DEFAULT NULL COMMENT '支付单号类型，1:首款，2：尾款',
  `pay_cert` varchar(255) DEFAULT NULL COMMENT '收款凭证',
  PRIMARY KEY (`id`) USING BTREE,
  UNIQUE KEY `pay_order_no` (`pay_order_no`) USING BTREE,
  KEY `uid` (`uid`) USING BTREE,
  KEY `order_id` (`order_id`) USING BTREE,
  CONSTRAINT `pay_order_ibfk_1` FOREIGN KEY (`uid`) REFERENCES `user_data` (`uid`) ON DELETE CASCADE ON UPDATE NO ACTION,
  CONSTRAINT `pay_order_ibfk_2` FOREIGN KEY (`order_id`) REFERENCES `order` (`id`) ON DELETE CASCADE ON UPDATE NO ACTION
) ENGINE=InnoDB AUTO_INCREMENT=83 DEFAULT CHARSET=utf8mb4 ROW_FORMAT=DYNAMIC COMMENT='支付订单表';

-- ----------------------------
--  Records of `pay_order`
-- ----------------------------
BEGIN;
INSERT INTO `pay_order` VALUES ('1', '6', '1', '1', '391991652069200641', '0.02', '22', '', '0', '2019-12-18 16:34:52', '2019-12-18 16:40:34', null, '1', null), ('2', '6', '1', '1', '391991652094366465', '0.01', '', '', '0', '2019-12-18 16:34:52', '2019-12-18 16:34:52', null, '2', null), ('3', '6', '1', '2', '391995864081537281', '0.02', '7', '2019121822001413550538233408', '6', '2019-12-18 16:51:36', '2019-12-18 17:11:43', null, '1', null), ('4', '6', '1', '2', '391995864119286017', '0.01', '', '', '3', '2019-12-18 16:51:36', '2019-12-18 17:11:43', null, '2', null), ('5', '4', '1', '3', '392001273148268801', '0.02', '22', '2019122066689409', '1', '2019-12-18 17:13:06', '2019-12-20 14:31:32', null, '1', null), ('6', '4', '1', '3', '392001273177628929', '0.01', '', '', '0', '2019-12-18 17:13:06', '2019-12-18 17:13:06', null, '2', null), ('7', '6', '1', '4', '392001464471426177', '0.02', '11', '392001464471426177', '1', '2019-12-18 17:13:52', '2019-12-18 17:14:59', null, '1', 'https://czw-netmi.oss-cn-hangzhou.aliyuncs.com/__liemi__/image/jpeg/FWXZMNTHK0245679_1576660473.jpg'), ('8', '6', '1', '4', '392001464509174913', '0.01', '7', '2019121822001413550538637048', '1', '2019-12-18 17:13:52', '2019-12-18 17:20:20', null, '2', null), ('9', '2', '1', '5', '392005140997005313', '0.02', '11', '392005140997005313', '1', '2019-12-18 17:28:28', '2019-12-18 17:28:43', null, '1', 'https://czw-netmi.oss-cn-hangzhou.aliyuncs.com/__liemi__/image/jpeg/FWXZMNTHK0245679_1576660473.jpg'), ('10', '2', '1', '5', '392005141022171137', '0.01', '22', '2019121854400269', '1', '2019-12-18 17:28:28', '2019-12-18 17:46:39', null, '2', null), ('11', '8', '1', '6', '392366291903640321', '0.02', '7', '2019121922001413551425305001', '1', '2019-12-19 17:23:33', '2019-12-19 17:23:53', null, '1', null), ('12', '8', '1', '6', '392366291945583361', '0.01', '', '', '0', '2019-12-19 17:23:33', '2019-12-19 17:23:33', null, '2', null), ('13', '8', '2', '7', '392375145328590977', '10.00', '11', '392375145328590977', '1', '2019-12-19 17:58:44', '2019-12-19 17:59:04', null, '1', 'https://czw-netmi.oss-cn-hangzhou.aliyuncs.com/__liemi__/image/jpeg/AFWZMNHK12346789_1576749542.jpg'), ('14', '8', '2', '7', '392375145357951105', '20.00', '', '', '0', '2019-12-19 17:58:44', '2019-12-19 17:58:44', null, '2', null), ('15', '6', '2', '8', '392383447508759809', '10.00', '11', '392383447508759809', '1', '2019-12-19 18:31:44', '2019-12-19 18:32:06', null, '1', 'https://czw-netmi.oss-cn-hangzhou.aliyuncs.com/__liemi__/image/jpeg/ABFWXZT012345679_1576751525.jpg'), ('16', '6', '2', '8', '392383447550702849', '20.00', '', '', '0', '2019-12-19 18:31:44', '2019-12-19 18:31:44', null, '2', null), ('17', '5', '2', '9', '392396004764197761', '10.00', '7', '2019122022001497761400849796', '1', '2019-12-19 19:21:37', '2019-12-20 13:46:51', null, '1', null), ('18', '5', '2', '9', '392396004793557889', '20.00', '22', '2019122066418500', '1', '2019-12-19 19:21:37', '2019-12-20 13:56:55', null, '2', null), ('19', '9', '2', '10', '392399925830274561', '10.00', '7', '2019121922001413551425163759', '1', '2019-12-19 19:37:12', '2019-12-19 19:37:47', null, '1', null), ('20', '9', '2', '10', '392399925863828993', '20.00', '', '', '0', '2019-12-19 19:37:12', '2019-12-19 19:37:12', null, '2', null), ('21', '9', '1', '11', '392405373786573953', '0.02', '7', '2019121922001413551425225698', '1', '2019-12-19 19:58:51', '2019-12-19 19:59:12', null, '1', null), ('22', '9', '1', '11', '392405373828516993', '0.01', '', '', '0', '2019-12-19 19:58:51', '2019-12-19 19:58:51', null, '2', null), ('23', '10', '1', '12', '392686963829809793', '0.02', '22', '2019122066791619', '1', '2019-12-20 14:37:47', '2019-12-20 14:45:11', null, '1', null), ('24', '10', '1', '12', '392686963854975617', '0.01', '', '', '0', '2019-12-20 14:37:47', '2019-12-20 14:37:47', null, '2', null), ('25', '9', '3', '13', '392692806507868417', '10.00', '22', '2019122067038801', '1', '2019-12-20 15:01:00', '2019-12-20 15:10:12', null, '1', null), ('26', '9', '3', '13', '392692806533034241', '5.00', '', '', '0', '2019-12-20 15:01:00', '2019-12-20 15:01:00', null, '2', null), ('27', '2', '3', '14', '392692821708030209', '10.00', '22', '', '0', '2019-12-20 15:01:04', '2019-12-20 15:01:15', null, '1', null), ('28', '2', '3', '14', '392692821749973249', '5.00', '', '', '0', '2019-12-20 15:01:04', '2019-12-20 15:01:04', null, '2', null), ('29', '6', '3', '15', '392695462668331009', '10.00', '22', '2019122067136013', '6', '2019-12-20 15:11:34', '2019-12-20 15:21:51', null, '1', null), ('30', '6', '3', '15', '392695462697691137', '5.00', '', '', '3', '2019-12-20 15:11:34', '2019-12-20 15:21:51', null, '2', null), ('31', '8', '3', '16', '392696398539168641', '10.00', '22', '2019122067172616', '1', '2019-12-20 15:15:17', '2019-12-20 15:17:17', null, '1', null), ('32', '8', '3', '16', '392696398568528769', '5.00', '', '', '0', '2019-12-20 15:15:17', '2019-12-20 15:15:17', null, '2', null), ('33', '1', '4', '17', '392702637318908033', '5.00', '11', '392702637318908033', '1', '2019-12-20 15:40:04', '2019-12-20 15:40:38', null, '1', 'https://czw-netmi.oss-cn-hangzhou.aliyuncs.com/__liemi__/image/jpeg/ABFWXZNTH3456789_1576827636.jpg'), ('34', '1', '4', '17', '392702637365045377', '10.00', '11', '392702637365045377', '1', '2019-12-20 15:40:04', '2019-12-20 15:56:23', null, '2', 'https://czw-netmi.oss-cn-hangzhou.aliyuncs.com/__liemi__/image/jpeg/ABXZMNTH01356789_1576828582.jpg'), ('35', '8', '4', '18', '392705599743251457', '5.00', '7', '2019122022001413551425487647', '1', '2019-12-20 15:51:51', '2019-12-20 16:48:45', null, '1', null), ('36', '8', '4', '18', '392705599772611585', '10.00', '', '', '0', '2019-12-20 15:51:51', '2019-12-20 15:51:51', null, '2', null), ('37', '9', '4', '19', '392709692175978881', '5.00', '7', '2019122022001413551425608415', '1', '2019-12-20 16:08:06', '2019-12-20 16:08:26', null, '1', null), ('38', '9', '4', '19', '392709692205339009', '10.00', '11', '392709692205339009', '1', '2019-12-20 16:08:06', '2019-12-20 16:23:55', null, '2', 'https://czw-netmi.oss-cn-hangzhou.aliyuncs.com/__liemi__/image/jpeg/AFXZMNTHK0234568_1576830234.jpg'), ('39', '4', '4', '20', '392717702742993537', '5.00', '22', '', '0', '2019-12-20 16:39:56', '2019-12-20 16:40:05', null, '1', null), ('40', '4', '4', '20', '392717702772353665', '10.00', '', '', '0', '2019-12-20 16:39:56', '2019-12-20 16:39:56', null, '2', null), ('41', '4', '3', '21', '392724479815510529', '10.00', '22', '', '0', '2019-12-20 17:06:52', '2019-12-20 17:17:27', null, '1', null), ('42', '4', '3', '21', '392724479853259265', '5.00', '', '', '0', '2019-12-20 17:06:52', '2019-12-20 17:06:52', null, '2', null), ('43', '5', '4', '22', '392724822267830657', '5.00', '22', '2019122173627257', '6', '2019-12-20 17:08:14', '2019-12-21 15:51:50', null, '1', null), ('44', '5', '4', '22', '392724822297190785', '10.00', '', '', '3', '2019-12-20 17:08:14', '2019-12-21 15:51:50', null, '2', null), ('45', '1', '6', '23', '392733051383234945', '5.00', '7', '2019122022001413551426031719', '6', '2019-12-20 17:40:56', '2019-12-20 17:49:30', null, '1', null), ('46', '1', '6', '23', '392733051412595073', '15.00', '', '', '3', '2019-12-20 17:40:56', '2019-12-20 17:49:30', null, '2', null), ('47', '1', '6', '24', '392735289849713281', '5.00', '7', '2019122022001413551425892310', '1', '2019-12-20 17:49:49', '2019-12-20 17:50:11', null, '1', null), ('48', '1', '6', '24', '392735289879073409', '15.00', '11', '392735289879073409', '1', '2019-12-20 17:49:49', '2019-12-20 18:00:46', null, '2', 'https://czw-netmi.oss-cn-hangzhou.aliyuncs.com/__liemi__/image/jpeg/FWXZMNHK01245789_1576836044.jpeg'), ('49', '5', '7', '25', '393071716139572993', '10.00', '7', '2019122122001497761401332000', '6', '2019-12-21 16:06:40', '2019-12-21 16:10:19', null, '1', null), ('50', '5', '7', '25', '393071716173127425', '20.00', '', '', '3', '2019-12-21 16:06:40', '2019-12-21 16:10:19', null, '2', null), ('51', '5', '7', '26', '393072946026962049', '10.00', '22', '2019122173779165', '1', '2019-12-21 16:11:33', '2019-12-21 16:15:51', null, '1', null), ('52', '5', '7', '26', '393072946064710785', '10.00', '11', '393072946064710785', '1', '2019-12-21 16:11:33', '2019-12-21 16:17:50', null, '2', 'https://czw-netmi.oss-cn-hangzhou.aliyuncs.com/__liemi__/image/jpeg/AFXZMNTHK0123568_1576916268.jpeg'), ('53', '7', '7', '27', '393074868553309057', '10.00', '7', '2019122122001497761401343060', '1', '2019-12-21 16:19:11', '2019-12-21 16:19:30', null, '1', null), ('54', '7', '7', '27', '393074868582669185', '20.00', '7', '2019122122001497761401288171', '1', '2019-12-21 16:19:11', '2019-12-21 16:37:29', null, '2', null), ('55', '10', '7', '28', '393082829371666049', '10.00', '7', '2019122122001421761401376364', '1', '2019-12-21 16:50:49', '2019-12-21 16:51:50', null, '1', null), ('56', '10', '7', '28', '393082829401026177', '10.00', '7', '2019122122001497761401561169', '1', '2019-12-21 16:50:49', '2019-12-21 16:54:08', null, '2', null), ('57', '7', '8', '29', '393402544245718529', '10.00', '7', '2019122222001497761401579515', '1', '2019-12-22 14:01:15', '2019-12-22 14:01:35', null, '1', null), ('58', '7', '8', '29', '393402544270884353', '30.00', '7', '2019122222001497761401626410', '1', '2019-12-22 14:01:15', '2019-12-22 14:03:21', null, '2', null), ('59', '4', '8', '30', '393454276166300673', '10.00', '7', '2019122222001421761401903370', '1', '2019-12-22 17:26:49', '2019-12-23 02:55:04', null, '1', null), ('60', '4', '8', '30', '393454276195660801', '10.00', '', '', '0', '2019-12-22 17:26:49', '2019-12-22 17:26:49', null, '2', null), ('61', '4', '8', '31', '393455256966555649', '10.00', '11', '393455256966555649', '1', '2019-12-22 17:30:43', '2019-12-22 22:54:44', null, '1', 'https://czw-netmi.oss-cn-hangzhou.aliyuncs.com/__liemi__/image/jpeg/ABFXZMT012345678_1577007079.jpg'), ('62', '4', '8', '31', '393455257008498689', '10.00', '11', '393455257008498689', '1', '2019-12-22 17:30:43', '2019-12-22 22:56:07', null, '2', 'https://czw-netmi.oss-cn-hangzhou.aliyuncs.com/__liemi__/image/jpeg/ABFXZMT012345678_1577007079.jpg'), ('63', '2', '8', '32', '393710167830581249', '10.00', '', '', '0', '2019-12-23 10:23:38', '2019-12-23 10:23:38', null, '1', null), ('64', '2', '8', '32', '393710167859941377', '30.00', '', '', '0', '2019-12-23 10:23:38', '2019-12-23 10:23:38', null, '2', null), ('65', '14', '8', '33', '393712413662278145', '10.00', '7', '2019122322001497761401932541', '1', '2019-12-23 10:32:34', '2019-12-23 10:32:53', null, '1', null), ('66', '14', '8', '33', '393712413691638273', '30.00', '22', '2019122382015431', '1', '2019-12-23 10:32:34', '2019-12-23 10:36:34', null, '2', null), ('67', '1', '8', '34', '393714774250111361', '10.00', '22', '2019122382093896', '1', '2019-12-23 10:41:57', '2019-12-23 10:44:49', null, '1', null), ('68', '1', '8', '34', '393714774279471489', '10.00', '', '', '0', '2019-12-23 10:41:57', '2019-12-23 10:41:57', null, '2', null), ('69', '15', '8', '35', '393775856226433025', '10.00', '', '', '0', '2019-12-23 14:44:40', '2019-12-23 14:44:40', null, '1', null), ('70', '15', '8', '35', '393775856259987457', '30.00', '', '', '0', '2019-12-23 14:44:40', '2019-12-23 14:44:40', null, '2', null), ('71', '9', '12', '36', '394137505982608385', '1.00', '7', '2019122422001413551427094879', '1', '2019-12-24 14:41:44', '2019-12-24 14:42:10', null, '1', null), ('72', '9', '12', '36', '394137506028745729', '2.00', '7', '2019122422001413551427173582', '1', '2019-12-24 14:41:44', '2019-12-24 14:51:19', null, '2', null), ('73', '1', '13', '37', '394140923144993665', '1.00', '7', '2019122422001413551427069346', '1', '2019-12-24 14:55:18', '2019-12-24 14:58:09', null, '1', null), ('74', '1', '13', '37', '394140923174353793', '1.00', '', '', '0', '2019-12-24 14:55:18', '2019-12-24 14:55:18', null, '2', null), ('75', '28', '8', '38', '394218367893911553', '10.00', '', '', '0', '2019-12-24 20:03:03', '2019-12-24 20:03:03', null, '1', null), ('76', '28', '8', '38', '394218367923271681', '30.00', '', '', '0', '2019-12-24 20:03:03', '2019-12-24 20:03:03', null, '2', null), ('77', '35', '8', '39', '394449068048268673', '10.00', '', '', '0', '2019-12-25 11:19:46', '2019-12-25 11:19:46', null, '1', null), ('78', '35', '8', '39', '394449068077628801', '30.00', '', '', '0', '2019-12-25 11:19:46', '2019-12-25 11:19:46', null, '2', null), ('79', '6', '8', '40', '394504697089643137', '10.00', '11', '394504697089643137', '6', '2019-12-25 15:00:49', '2019-12-25 15:05:24', null, '1', 'https://czw-netmi.oss-cn-hangzhou.aliyuncs.com/__liemi__/image/jpeg/AFWZMNHK12346789_1576749542.jpg'), ('80', '6', '8', '40', '394504697119003265', '10.00', '', '', '3', '2019-12-25 15:00:49', '2019-12-25 15:05:24', null, '2', null), ('81', '6', '15', '41', '394507038396264577', '1.00', '7', '2019122522001413551427871342', '1', '2019-12-25 15:10:07', '2019-12-25 15:10:25', null, '1', null), ('82', '6', '15', '41', '394507038425624705', '2.00', '', '', '0', '2019-12-25 15:10:07', '2019-12-25 15:10:07', null, '2', null);
COMMIT;

-- ----------------------------
--  Table structure for `private_letter`
-- ----------------------------
CREATE TABLE `private_letter` (
  `id` bigint(20) unsigned NOT NULL AUTO_INCREMENT COMMENT '私信id',
  `send_uid` bigint(20) unsigned DEFAULT NULL COMMENT '发送人uid',
  `receive_uid` bigint(20) unsigned DEFAULT NULL COMMENT '接收人uid',
  `message` varchar(500) DEFAULT NULL COMMENT '私信内容',
  `is_read` int(2) DEFAULT NULL COMMENT '是否已读。0：未读，1：已读',
  `create_time` datetime DEFAULT NULL COMMENT '创建时间',
  PRIMARY KEY (`id`) USING BTREE,
  KEY `send_uid` (`send_uid`) USING BTREE,
  KEY `revice_uid` (`receive_uid`) USING BTREE,
  CONSTRAINT `private_letter_ibfk_1` FOREIGN KEY (`send_uid`) REFERENCES `user_data` (`uid`) ON DELETE CASCADE ON UPDATE NO ACTION,
  CONSTRAINT `private_letter_ibfk_2` FOREIGN KEY (`receive_uid`) REFERENCES `user_data` (`uid`) ON DELETE CASCADE ON UPDATE NO ACTION
) ENGINE=InnoDB AUTO_INCREMENT=15 DEFAULT CHARSET=utf8mb4 ROW_FORMAT=DYNAMIC COMMENT='用户私信表';

-- ----------------------------
--  Records of `private_letter`
-- ----------------------------
BEGIN;
INSERT INTO `private_letter` VALUES ('1', '1', '4', '我要给你留言', '1', '2019-12-18 16:05:55'), ('2', '1', '2', '给你', '1', '2019-12-18 18:31:56'), ('3', '5', '7', '你好，我想做一款社交产品，但没有产品经理，想请你帮我做产品经理，我想约你聊一下可以吗？', '1', '2019-12-19 16:24:34'), ('4', '5', '1', '测试', '1', '2019-12-19 18:18:12'), ('5', '5', '26', '欢迎您加入程栈网，完善履历可以认识更多小伙伴，也能接到远程工作任务。', '0', '2019-12-23 20:43:40'), ('6', '5', '18', '欢迎您加入程栈网，完善履历可以认识更多小伙伴，也可以接到平台推荐的远程工作任务。', '0', '2019-12-23 21:04:25'), ('7', '5', '18', '欢迎加入程栈网，完善履历可以增加个人影响力，可以接到平台推荐的开发任务，让缺少开发团队的项目发起方更容易找到你。完善履历规范参考：https://www.czw.net/helpCenter?qId=6', '0', '2019-12-23 23:15:09'), ('8', '5', '27', '欢迎加入程栈网，完善履历可以增加个人影响力，可以接到平台推荐的开发任务，让缺少开发团队的项目发起方更容易找到你。完善履历规范参考：https://www.czw.net/helpCenter?qId=6', '0', '2019-12-23 23:15:45'), ('9', '5', '16', '欢迎加入程栈网，完善履历可以增加个人影响力，可以接到平台推荐的开发任务，让缺少开发团队的项目发起方更容易找到你。完善履历规范参考：https://www.czw.net/helpCenter?qId=6', '0', '2019-12-23 23:16:01'), ('10', '5', '25', '欢迎加入程栈网，完善履历可以增加个人影响力，可以接到平台推荐的开发任务，让缺少开发团队的项目发起方更容易找到你。完善履历规范参考：https://www.czw.net/helpCenter?qId=6', '0', '2019-12-23 23:16:11'), ('11', '5', '23', '欢迎加入程栈网，完善履历可以增加个人影响力，可以接到平台推荐的开发任务，让缺少开发团队的项目发起方更容易找到你。完善履历规范参考：https://www.czw.net/helpCenter?qId=6', '1', '2019-12-23 23:16:25'), ('12', '5', '22', '欢迎加入程栈网，完善履历可以增加个人影响力，可以接到平台推荐的开发任务，让缺少开发团队的项目发起方更容易找到你。完善履历规范参考：https://www.czw.net/helpCenter?qId=6', '0', '2019-12-23 23:16:38'), ('13', '5', '23', '欢迎加入程栈网，完善履历可以增加个人影响力，可以接到平台推荐的开发任务，让缺少开发团队的项目发起方更容易找到你。完善履历规范参考：https://www.czw.net/helpCenter?qId=6', '1', '2019-12-23 23:17:02'), ('14', '5', '19', '欢迎加入程栈网，完善履历可以增加个人影响力，可以接到平台推荐的开发任务，让缺少开发团队的项目发起方更容易找到你。完善履历规范参考：https://www.czw.net/helpCenter?qId=6', '0', '2019-12-23 23:17:17');
COMMIT;

-- ----------------------------
--  Table structure for `project`
-- ----------------------------
CREATE TABLE `project` (
  `id` bigint(20) unsigned NOT NULL AUTO_INCREMENT COMMENT '项目id',
  `uid` bigint(20) unsigned NOT NULL COMMENT '用户id',
  `project_no` varchar(125) DEFAULT NULL COMMENT '项目编号',
  `name` varchar(50) DEFAULT NULL COMMENT '项目名称',
  `type` int(2) NOT NULL COMMENT '项目类型（1：企业，2：个人）',
  `introduce` text COMMENT '项目介绍',
  `sub_title` varchar(255) DEFAULT NULL COMMENT '副标题（关键词）',
  `p_id` mediumint(9) DEFAULT NULL COMMENT '省主键',
  `c_id` mediumint(9) DEFAULT NULL COMMENT '市主键',
  `industry_category_id` bigint(20) unsigned DEFAULT NULL COMMENT '行业分类主键',
  `target_amount` float(20,2) DEFAULT NULL COMMENT '目标金额',
  `list_img` varchar(255) DEFAULT NULL COMMENT '列表图',
  `index_img` varchar(255) DEFAULT NULL COMMENT '主页图',
  `video` varchar(255) DEFAULT NULL COMMENT '项目视频',
  `video_name` varchar(125) DEFAULT NULL COMMENT '视频名称',
  `status` int(2) DEFAULT '0' COMMENT '项目状态（0：未提交，1：提交待审核，2：审核通过未开始，3：进行中，4：已结束，5：审核驳回 6:审核撤销）',
  `start_time` timestamp NULL DEFAULT NULL COMMENT '项目开始时间',
  `end_time` timestamp NULL DEFAULT NULL COMMENT '项目结束时间',
  `join_num` int(11) DEFAULT '0' COMMENT '参与人数，默认为0',
  `raise_funds` decimal(10,2) DEFAULT '0.00' COMMENT '已筹到的金额',
  `create_time` timestamp NULL DEFAULT NULL COMMENT '项目创建时间',
  `update_time` timestamp NULL DEFAULT NULL COMMENT '项目结束时间',
  `del_flag` int(1) DEFAULT '0' COMMENT '假删除。0：正常，1：删除',
  `examine_time` timestamp NULL DEFAULT NULL COMMENT '审核通过时间',
  `revoke_time` timestamp NULL DEFAULT NULL COMMENT '撤销时间',
  `is_show` tinyint(4) DEFAULT '0' COMMENT '是否显示 0:是 1:否',
  `refuse_content` varchar(521) DEFAULT NULL COMMENT '拒绝理由',
  PRIMARY KEY (`id`) USING BTREE,
  KEY `industry_category_product` (`industry_category_id`) USING BTREE,
  KEY `uid` (`uid`) USING BTREE,
  CONSTRAINT `industry_category_product` FOREIGN KEY (`industry_category_id`) REFERENCES `industry_category` (`id`) ON DELETE CASCADE ON UPDATE NO ACTION,
  CONSTRAINT `project_ibfk_1` FOREIGN KEY (`uid`) REFERENCES `user_data` (`uid`) ON DELETE CASCADE ON UPDATE NO ACTION
) ENGINE=InnoDB AUTO_INCREMENT=16 DEFAULT CHARSET=utf8mb4 ROW_FORMAT=DYNAMIC COMMENT='项目表';

-- ----------------------------
--  Records of `project`
-- ----------------------------
BEGIN;
INSERT INTO `project` VALUES ('1', '1', 'czw20191218161614', '学学乐', '2', '<p><span style=\"color: rgb(204, 0, 0);\">早学文化</span><span style=\"color: rgb(51, 51, 51);\">,为帮助中小培训机构成长</span></p>', '小程序,活动报名', '330000', '330100', '9', '10000.00', 'https://czw-netmi.oss-cn-hangzhou.aliyuncs.com/__liemi__/image/jpeg/ABWMNTHK01236789_1576656953.jpg', 'https://czw-netmi.oss-cn-hangzhou.aliyuncs.com/__liemi__/image/jpeg/ABFWXZNTH1256789_1576656972.jpg', '', '', '3', '2019-12-18 16:30:26', '2020-01-16 23:59:59', '6', '0.18', '2019-12-18 16:16:14', '2019-12-21 17:03:40', '0', '2019-12-18 16:25:46', null, '1', '金额设置太低了'), ('2', '1', 'czw20191219175046', '服装定制项目', '2', '<p>	定制服装〔custom-made clothes〕</p><p>	指根据具体穿着者个人情况，量体裁衣，单件制作的服装。大多数服装制衣店即为这种经营方式。在国外定制服装的营业方式也叫做个性化服装设计，通常要根据穿着者个人的体形、肤色、职业、气质、爱好等来选择面料花色、确定服装款式造型，通常收费较高。高档类定制服装在市场上缺位较大，主要原因是要求操作者懂得一些服装设计的知识。</p><p>	定制服装首先是一种服务，让顾客获得一种体验。邦旗定制的首席设计师TINA称：“定制让消费者真正感觉到：“自我”和“个性”。实践证明，定制营销更能使企业获得全方位的竞争优势。</p><p>	在欧美，流行着奢华的高级成衣定制。量身定做的品牌服装亦不便宜，价格动辄上万。可见，对企业来说，这是笔划算生意。</p><p>	“营销学之父”科特勒在其《想象未来的市场》一文中称，未来市场经营者将把注意力从集中于大的群体转移到寻找特殊的、合适的目标。在这些目标所在处，就有财富存在。</p><p>	服装定制市场中，西服一直是个人客户定制的主要款式，但时下流行的cosplay也逐渐成为服装定制市场的热门产品，进一步带动服装定制市场的发展。</p>', '服装,生活,小程序,web', '330000', '330100', '28', '1000.00', 'https://czw-netmi.oss-cn-hangzhou.aliyuncs.com/__liemi__/image/jpeg/ABFWZNTHK0346789_1576749034.jpg', 'https://czw-netmi.oss-cn-hangzhou.aliyuncs.com/__liemi__/image/jpeg/ABFWZMNH13456789_1576749043.jpg', '', '', '4', '2019-12-19 17:57:34', '2019-12-19 23:59:59', '4', '120.00', '2019-12-19 17:50:46', '2019-12-21 17:03:50', '0', '2019-12-19 17:57:18', null, '1', null), ('3', '1', 'czw20191220135711', '企业版的打卡应用', '1', '<h3>机械打卡机</h3><p>	即打卡机内置打印设备，可以直接打印出原始考勤记录，打卡 类又分电子类打卡机和机械类打卡机。电子类打卡机其主要优点是不打卡时无噪音，体积较小，打卡时可自动吸卡，退卡。缺点是适用的人数较少，一般为100人以下使用。机械类打卡机主要优点是结实、耐用、体积大。缺点是精确度不高，不打卡时有噪音，手动进卡，它适用于大型工厂或人数较多的单位使用。</p><p><br></p><p><br></p><h3>刷卡打卡机</h3><p>	主要分<a href=\"https://baike.baidu.com/item/%E7%A3%81%E5%8D%A1/885032\" rel=\"noopener noreferrer\" target=\"_blank\" style=\"color: rgb(19, 110, 194);\">磁卡</a>、<a href=\"https://baike.baidu.com/item/%E6%9D%A1%E7%A0%81%E5%8D%A1/3651512\" rel=\"noopener noreferrer\" target=\"_blank\" style=\"color: rgb(19, 110, 194);\">条码卡</a>、<a href=\"https://baike.baidu.com/item/IC%E5%8D%A1/155035\" rel=\"noopener noreferrer\" target=\"_blank\" style=\"color: rgb(19, 110, 194);\">IC卡</a>三类。目前应用最多的是磁卡和条码卡考勤机。主要特点为使用计算机汇总原始数据，最后通过打印机打出报表，查询方式比较方便。但是价位偏高，操作比较麻烦。一般适合单位人员较多，作息时间比较有规则的单位使用。<a href=\"https://baike.baidu.com/item/IC%E5%8D%A1%E8%80%83%E5%8B%A4%E6%9C%BA/8251341\" rel=\"noopener noreferrer\" target=\"_blank\" style=\"color: rgb(19, 110, 194);\">IC卡考勤机</a>是最近一段时间刚刚兴起的一种新机型。其主要优点是使用方便，价格较低，而且在许多单位实现了一卡通，也就是可与电话、售饭系统相连。</p>', '小程序,app,打卡', '330000', '330100', '33', '100.00', 'https://czw-netmi.oss-cn-hangzhou.aliyuncs.com/__liemi__/image/jpeg/BWXZMNTK01235689_1576821415.jpg', 'https://czw-netmi.oss-cn-hangzhou.aliyuncs.com/__liemi__/image/jpeg/ABWXMNTHK0123489_1576821428.jpg', '', '', '3', '2019-12-20 15:00:45', '2020-01-18 23:59:59', '2', '30.00', '2019-12-20 13:57:11', '2019-12-21 17:05:07', '0', '2019-12-20 14:14:38', null, '1', null), ('4', '6', 'czw20191220153018', '婚礼纪', '2', '<p>	<strong>1、精选商家</strong></p><p>	整合全球 20 多万家结婚品牌商家<span style=\"color: rgb(51, 102, 204);\">&nbsp;[12]</span><span style=\"color: rgb(19, 110, 194);\">&nbsp;</span>&nbsp;，涉及婚礼策划、婚纱摄影、婚纱礼服、婚宴预订、婚车租赁、珠宝钻戒、摄影摄像、司仪、化妆、旅拍等结婚全品类。<span style=\"color: rgb(51, 102, 204);\">&nbsp;[1]</span><span style=\"color: rgb(19, 110, 194);\">&nbsp;</span></p><p>	<strong>2、优选婚品</strong></p><p>	优选备受用户喜爱的婚品款式，提供千人千面的个性化推荐，不需要盲目海淘，就可以轻松挑选“想到和没想到”的结婚商品。<span style=\"color: rgb(51, 102, 204);\">&nbsp;[1]</span><span style=\"color: rgb(19, 110, 194);\">&nbsp;</span></p><p>	</p><p>	<strong>3、社区分享</strong></p><p>	新娘说社区以“精选+动态+图库+问答”的内容形式分享与结婚有关的方方面面；通过沉浸式互动场景，为用户营造舒适交流氛围。<span style=\"color: rgb(51, 102, 204);\">&nbsp;[1]</span><span style=\"color: rgb(19, 110, 194);\">&nbsp;</span></p><p>	<strong>4、线下体验</strong></p><p>	婚礼纪一站式备婚中心，是专为提升平台商家和用户体验而设置的线下空间，开创 “结婚统筹师+大数据智能推荐+沙龙婚博日”新体验模式。目前婚礼纪一站式备婚中心已落地杭州、南京、宁波、湖州等主要商圈和购物中心。<span style=\"color: rgb(51, 102, 204);\">&nbsp;[1]</span><span style=\"color: rgb(19, 110, 194);\">&nbsp;</span></p><p>	<strong>5、结婚工具</strong></p><p>	提供众多具有实用性、个性化、可记录的结婚工具，包含电子请帖、婚礼MV、一键试婚纱等。满足婚前和婚礼现场多个需求场景。<span style=\"color: rgb(51, 102, 204);\">&nbsp;[1]</span><span style=\"color: rgb(19, 110, 194);\">&nbsp;</span></p><p>	</p><p>	<strong>6、结婚攻略</strong></p><p> 用户可在婚礼纪微信公众号、官方微博、知乎、小红书等获取与结婚有关的知识、趣味话题和新鲜资讯。<span style=\"color: rgb(51, 102, 204);\">&nbsp;[1]</span></p>', '婚庆社交', '330000', '330700', '28', '100.00', 'https://czw-netmi.oss-cn-hangzhou.aliyuncs.com/__liemi__/image/jpeg/ABFWXMNTHK145679_1576827009.jpg', 'https://czw-netmi.oss-cn-hangzhou.aliyuncs.com/__liemi__/image/jpeg/ABFWZMNTHK012458_1576827016.jpg', '', '', '4', '2019-12-20 15:35:04', '2019-12-24 23:59:59', '3', '45.00', '2019-12-20 15:30:18', '2019-12-21 17:05:03', '0', '2019-12-20 15:32:26', null, '1', null), ('5', '6', 'czw20191220153621', '测试项目', '2', '<p>测试</p>', '测试', '110000', '110100', '17', '100.00', 'https://czw-netmi.oss-cn-hangzhou.aliyuncs.com/__liemi__/image/jpeg/ABFWZNTHK0346789_1576749034.jpg', 'https://czw-netmi.oss-cn-hangzhou.aliyuncs.com/__liemi__/image/jpeg/ABFXZMNTH0124568_1576827380.jpg', '', '', '4', '2019-12-20 15:37:30', '2019-12-21 23:59:59', '0', '0.00', '2019-12-20 15:36:21', '2019-12-20 15:39:40', '0', '2019-12-20 15:37:23', null, '1', null), ('6', '6', 'czw20191220173816', '移动派单', '1', '<p>	中国移动通信集团有限公司（英文名称：China Mobile Communications Group Co.,Ltd，简称“中国移动”、“CMCC”或“中国移动通信”、“中移动”）是按照国家电信体制改革的总体部署，于2000年4月20日成立的<a href=\"https://baike.baidu.com/item/%E4%B8%AD%E5%A4%AE%E4%BC%81%E4%B8%9A/8760662\" rel=\"noopener noreferrer\" target=\"_blank\" style=\"color: rgb(19, 110, 194);\">中央企业</a>。2017年12月，中国移动通信集团公司进行公司制改制，企业类型由全民所有制企业变更为国有独资公司，并更名为中国移动通信集团有限公司。中国移动是一家基于<a href=\"https://baike.baidu.com/item/GSM\" rel=\"noopener noreferrer\" target=\"_blank\" style=\"color: rgb(19, 110, 194);\">GSM</a>、<a href=\"https://baike.baidu.com/item/TD-SCDMA\" rel=\"noopener noreferrer\" target=\"_blank\" style=\"color: rgb(19, 110, 194);\">TD-SCDMA</a>和<a href=\"https://baike.baidu.com/item/TD-LTE\" rel=\"noopener noreferrer\" target=\"_blank\" style=\"color: rgb(19, 110, 194);\">TD-LTE</a>制式网络的移动通信运营商。中国移动全资拥有中国移动（香港）集团有限公司，由其控股的中国移动有限公司在国内31个省（自治区、直辖市）和香港设立全资子公司，并在香港和纽约上市，主要经营移动语音、数据、宽带、IP电话和多媒体业务，并具有计算机互联网国际联网单位经营权和国际出入口经营权。注册资本3000亿人民币，资产规模近1.7万亿人民币，员工总数近50万人。<span style=\"color: rgb(51, 102, 204);\">&nbsp;[1]</span><span style=\"color: rgb(19, 110, 194);\">&nbsp;</span></p><p>	中国移动先后有“<a href=\"https://baike.baidu.com/item/%E5%8A%A8%E6%84%9F%E5%9C%B0%E5%B8%A6/638396\" rel=\"noopener noreferrer\" target=\"_blank\" style=\"color: rgb(19, 110, 194);\">动感地带</a>”、“<a href=\"https://baike.baidu.com/item/%E7%A5%9E%E5%B7%9E%E8%A1%8C/2191910\" rel=\"noopener noreferrer\" target=\"_blank\" style=\"color: rgb(19, 110, 194);\">神州行</a>”、“<a href=\"https://baike.baidu.com/item/%E5%85%A8%E7%90%83%E9%80%9A/2150772\" rel=\"noopener noreferrer\" target=\"_blank\" style=\"color: rgb(19, 110, 194);\">全球通</a>”、“<a href=\"https://baike.baidu.com/item/%E5%8A%A8%E5%8A%9B100/3111089\" rel=\"noopener noreferrer\" target=\"_blank\" style=\"color: rgb(19, 110, 194);\">动力100</a>”、“<a href=\"https://baike.baidu.com/item/G3/1018\" rel=\"noopener noreferrer\" target=\"_blank\" style=\"color: rgb(19, 110, 194);\">G3</a>”等品牌，2013年12月公布了4G品牌“<a href=\"https://baike.baidu.com/item/And%21%E5%92%8C/15198287\" rel=\"noopener noreferrer\" target=\"_blank\" style=\"color: rgb(19, 110, 194);\">And!和</a>”，标志着中国移动<a href=\"https://baike.baidu.com/item/4G\" rel=\"noopener noreferrer\" target=\"_blank\" style=\"color: rgb(19, 110, 194);\">4G</a>业务的正式启动，发展口号是：移动4G，国际主流，快人一步。2019年6月25日，中国移动发布5G品牌标识<span style=\"color: rgb(51, 102, 204);\">&nbsp;[2]</span><span style=\"color: rgb(19, 110, 194);\">&nbsp;</span>&nbsp;。</p><p>	2019年7月，《财富》世界500强排行榜发布，中国移动通信集团公司位列56位<span style=\"color: rgb(51, 102, 204);\">&nbsp;[3]</span><span style=\"color: rgb(19, 110, 194);\">&nbsp;</span>&nbsp;。2019年7月，中国移动在中国500强排行中，排名第8<span style=\"color: rgb(51, 102, 204);\">&nbsp;[4]</span><span style=\"color: rgb(19, 110, 194);\">&nbsp;</span>&nbsp;。“一带一路”中国企业100强榜单排名第10位。<span style=\"color: rgb(51, 102, 204);\">&nbsp;[5]</span><span style=\"color: rgb(19, 110, 194);\">&nbsp;</span>&nbsp;2019年12月，中国移动通信集团有限公司入选2019中国品牌强国盛典榜样100品牌。<span style=\"color: rgb(51, 102, 204);\">&nbsp;[6]</span></p>', 'Android,app', '330000', '330100', '28', '100.00', 'https://czw-netmi.oss-cn-hangzhou.aliyuncs.com/__liemi__/image/jpeg/ABFWXZNHK0123459_1576834684.jpg', 'https://czw-netmi.oss-cn-hangzhou.aliyuncs.com/__liemi__/image/jpeg/AWXZNTHK02346789_1576834695.jpg', '', '', '4', '2019-12-20 17:40:42', '2019-12-29 23:59:59', '1', '20.00', '2019-12-20 17:38:16', '2019-12-21 17:05:00', '0', '2019-12-20 17:40:14', null, '1', null), ('7', '4', 'czw20191221155427', '测试项目', '2', '<p>测试项目</p>', '测试项目', '140000', '140700', '26', '40.00', 'https://czw-netmi.oss-cn-hangzhou.aliyuncs.com/__liemi__/image/png/BFWXMNTHK0123567_1576914902.png', 'https://czw-netmi.oss-cn-hangzhou.aliyuncs.com/__liemi__/image/png/BFWXMNTHK0123567_1576914902.png', '', '', '4', '2019-12-21 16:06:21', '2019-12-30 23:59:59', '3', '70.00', '2019-12-21 15:54:27', '2019-12-21 17:25:05', '0', '2019-12-21 16:05:38', null, '1', null), ('8', '5', 'czw20191221181026', '发起项目信息填写规范模板参考', '1', '<p class=\"ql-align-center\"><span class=\"ql-cursor\">﻿</span><img src=\"https://czw-netmi.oss-cn-hangzhou.aliyuncs.com/__liemi__/image/png/ABWXZMNHK1235678_1576731942.png\"></p>', '这里是填写项目关键词、核心功能或简单项目介绍，这样有利支持方更容易搜索到你的项目', '330000', '330100', '33', '100.00', 'https://czw-netmi.oss-cn-hangzhou.aliyuncs.com/__liemi__/image/png/ABFXZMNTK0456789_1576923311.png', 'https://czw-netmi.oss-cn-hangzhou.aliyuncs.com/__liemi__/image/png/ABFWXZMTK0125789_1576922751.png', 'https://czw-netmi.oss-cn-hangzhou.aliyuncs.com/__liemi__/video/mp4/BFWXZMNTK0123578_1576733291.mp4', '程栈网视频.mp4', '3', '2019-12-21 19:06:44', '2020-01-19 23:59:59', '5', '140.00', '2019-12-21 18:10:26', '2019-12-25 15:05:24', '0', '2019-12-21 18:24:57', null, '0', null), ('9', '5', 'czw20191221184029', null, '2', '', null, null, null, null, null, null, 'https://czw-netmi.oss-cn-hangzhou.aliyuncs.com/__liemi__/image/png/ABFWXMTHK0234567_1576924825.png', '', '', '0', null, null, '0', '0.00', '2019-12-21 18:40:29', '2019-12-21 18:41:41', '1', null, null, '0', null), ('10', '5', 'czw20191221184029', null, '2', '', null, null, null, null, null, null, 'https://czw-netmi.oss-cn-hangzhou.aliyuncs.com/__liemi__/image/png/ABFWXMTHK0234567_1576924825.png', '', '', '0', null, null, '0', '0.00', '2019-12-21 18:40:29', '2019-12-21 18:41:37', '1', null, null, '0', null), ('11', '5', 'czw20191223110852', null, '1', '', null, null, null, null, null, null, null, '', '', '0', null, null, '0', '0.00', '2019-12-23 11:08:52', '2019-12-23 19:53:02', '1', null, null, '0', null), ('12', '1', 'czw20191224142801', '测试项目', '2', '<p>	bilibili（哔哩哔哩，又称：B站）是2009年6月推出的一个ACG相关的<a href=\"https://baike.sogou.com/lemma/ShowInnerLink.htm?lemmaId=53738246&amp;ss_c=ssc.citiao.link\" rel=\"noopener noreferrer\" target=\"_blank\" style=\"color: rgb(51, 102, 204);\">弹幕视频</a>分享网站，其前身为视频分享网站Mikufans，于2018年3月，在纳斯达克上市。</p><p>	其特色是悬浮于视频上方的实时评论功能，爱好者称其为“弹幕”，是一家极具互动分享和二次创造的文化社区。</p>', '测试', '330000', '330100', '17', '100.00', 'https://czw-netmi.oss-cn-hangzhou.aliyuncs.com/__liemi__/image/jpeg/BWXZMNTHK0245679_1577168862.jpg', 'https://czw-netmi.oss-cn-hangzhou.aliyuncs.com/__liemi__/image/jpeg/ABFWZNTHK0346789_1576749034.jpg', '', '', '4', '2019-12-24 14:40:15', '2019-12-24 23:59:59', '1', '3.00', '2019-12-24 14:28:01', '2019-12-24 14:54:09', '0', '2019-12-24 14:38:03', null, '1', '金额太高了'), ('13', '9', 'czw20191224143500', '测试项目1', '2', '<p><a href=\"https://www.czw.net/personalResume?id=1\" rel=\"noopener noreferrer\" target=\"_blank\">https://www.czw.net/personalResume?id=1</a></p>', '测试', '110000', '110100', '17', '100.00', 'https://czw-netmi.oss-cn-hangzhou.aliyuncs.com/__liemi__/image/jpeg/BWXZMNTK01235689_1576821415.jpg', 'https://czw-netmi.oss-cn-hangzhou.aliyuncs.com/__liemi__/image/jpeg/ABFWXMNTHK145679_1576827009.jpg', '', '', '4', '2019-12-24 14:54:46', '2019-12-24 23:59:59', '1', '2.00', '2019-12-24 14:35:00', '2019-12-24 19:04:36', '0', '2019-12-24 14:54:20', null, '1', '金额太高了'), ('14', '9', 'czw20191224160622', '测试', '2', '<p>测试</p>', '测试', '110000', '110100', '27', '1000.00', 'https://czw-netmi.oss-cn-hangzhou.aliyuncs.com/__liemi__/image/png/ABFXZMNH01234689_1577174672.png', 'https://czw-netmi.oss-cn-hangzhou.aliyuncs.com/__liemi__/image/png/BFWXZNTHK1236789_1577174677.png', '', '', '5', null, null, '0', '0.00', '2019-12-24 16:06:22', '2019-12-24 16:19:54', '0', '2019-12-24 16:19:54', null, '0', '倔强拒绝'), ('15', '1', 'czw20191225150712', '测试短信', '2', '<p><br></p><p>测试</p><p>后台:http://hongfenhui-test.netmi.com.cn/</p><p>ios:https://www.pgyer.com/PinkMallTest</p><p>Android:https://www.pgyer.com/redPowederMall-test</p><p>邀请码:9897df</p><p><br></p><p><br></p><p>正式</p><p>后台:http://admin.hongfenhui.com.cn/</p><p>ios:https://www.pgyer.com/JlLD</p><p>Android:https://fir.im/rbms?openId=oGB0CjyIUkaSMwZjFhIYtWKdK4Kw</p><p><br></p>', '测试', '110000', '110100', '17', '10.00', 'https://czw-netmi.oss-cn-hangzhou.aliyuncs.com/__liemi__/image/jpeg/ABFXNTHK12456789_1576724783.jpg', 'https://czw-netmi.oss-cn-hangzhou.aliyuncs.com/__liemi__/image/jpeg/BFXZMNTH01234679_1577257630.jpg', '', '', '4', '2019-12-25 15:09:33', '2019-12-25 23:59:59', '1', '3.00', '2019-12-25 15:07:12', '2019-12-25 15:23:10', '0', '2019-12-25 15:09:22', null, '1', '金额太高了');
COMMIT;

-- ----------------------------
--  Table structure for `project_amount_log`
-- ----------------------------
CREATE TABLE `project_amount_log` (
  `id` bigint(20) unsigned NOT NULL AUTO_INCREMENT,
  `project_id` bigint(20) unsigned NOT NULL COMMENT '项目id',
  `type` tinyint(4) NOT NULL COMMENT '类型 1:入账 2:结算3:仲裁扣款 4:提现',
  `uid` bigint(20) NOT NULL COMMENT '用户',
  `order_id` bigint(20) unsigned DEFAULT NULL COMMENT '订单id',
  `create_time` timestamp NULL DEFAULT NULL COMMENT '创建时间',
  `amount` decimal(11,2) DEFAULT NULL COMMENT '金额',
  `fee_amount` decimal(11,2) DEFAULT NULL COMMENT '手续费',
  `actual_amount` decimal(11,2) DEFAULT NULL COMMENT '实际金额',
  `remarks` varchar(125) DEFAULT NULL COMMENT '备注',
  PRIMARY KEY (`id`) USING BTREE,
  KEY `project_id` (`project_id`) USING BTREE,
  CONSTRAINT `project_amount_log_ibfk_1` FOREIGN KEY (`project_id`) REFERENCES `project` (`id`) ON DELETE CASCADE ON UPDATE NO ACTION
) ENGINE=InnoDB AUTO_INCREMENT=77 DEFAULT CHARSET=utf8mb4 ROW_FORMAT=DYNAMIC COMMENT='项目资金明细';

-- ----------------------------
--  Records of `project_amount_log`
-- ----------------------------
BEGIN;
INSERT INTO `project_amount_log` VALUES ('1', '1', '1', '6', '4', '2019-12-18 17:19:54', '0.02', '0.00', '0.02', ''), ('2', '1', '1', '6', '4', '2019-12-18 17:20:20', '0.01', '0.00', '0.01', ''), ('3', '1', '2', '1', '4', '2019-12-18 17:33:10', '0.03', '0.00', '0.03', ''), ('4', '1', '1', '2', '5', '2019-12-18 17:44:43', '0.02', '0.00', '0.02', ''), ('5', '1', '1', '2', '5', '2019-12-18 17:46:39', '0.01', '0.00', '0.01', ''), ('6', '1', '1', '8', '6', '2019-12-19 17:25:58', '0.02', '0.00', '0.02', ''), ('7', '1', '3', '1', '6', '2019-12-19 17:39:47', '0.01', null, null, ''), ('8', '1', '3', '8', '6', '2019-12-19 17:39:47', '0.01', null, null, ''), ('9', '2', '1', '8', '7', '2019-12-19 18:00:10', '10.00', '0.10', '9.90', ''), ('10', '2', '3', '1', '7', '2019-12-19 18:29:35', '4.50', null, null, ''), ('11', '2', '3', '8', '7', '2019-12-19 18:29:35', '5.00', null, null, ''), ('12', '2', '1', '6', '8', '2019-12-19 18:32:56', '10.00', '0.10', '9.90', ''), ('13', '2', '3', '1', '8', '2019-12-19 18:46:05', '9.90', null, null, '这个有问题'), ('14', '2', '1', '9', '10', '2019-12-19 19:39:04', '10.00', '0.10', '9.90', ''), ('15', '2', '3', '1', '10', '2019-12-19 19:39:51', '5.00', null, null, ''), ('16', '2', '3', '9', '10', '2019-12-19 19:39:51', '4.50', null, null, ''), ('17', '2', '3', '1', '10', '2019-12-19 19:56:33', '0.40', null, null, '这个有问题'), ('18', '1', '1', '9', '11', '2019-12-19 20:00:29', '0.02', '0.00', '0.02', ''), ('19', '1', '3', '1', '11', '2019-12-19 20:00:46', '0.02', null, null, ''), ('20', '1', '2', '1', '5', '2019-12-20 11:19:17', '0.01', '0.00', '0.01', ''), ('21', '1', '2', '1', '5', '2019-12-20 11:19:41', '0.01', '0.00', '0.01', ''), ('22', '1', '2', '1', '5', '2019-12-20 11:21:26', '0.01', '0.00', '0.01', ''), ('23', '2', '2', '1', '7', '2019-12-20 13:51:07', '0.01', '0.00', '0.01', ''), ('24', '2', '2', '1', '7', '2019-12-20 13:53:27', '0.01', '0.00', '0.01', ''), ('25', '2', '1', '5', '9', '2019-12-20 13:54:43', '10.00', '0.10', '9.90', ''), ('26', '2', '1', '5', '9', '2019-12-20 13:56:55', '20.00', '0.20', '19.80', ''), ('27', '4', '1', '1', '17', '2019-12-20 15:42:06', '5.00', '0.05', '4.95', ''), ('28', '4', '1', '1', '17', '2019-12-20 15:56:23', '10.00', '0.10', '9.90', ''), ('29', '4', '1', '9', '19', '2019-12-20 16:22:41', '5.00', '0.05', '4.95', ''), ('30', '4', '1', '9', '19', '2019-12-20 16:23:55', '10.00', '0.10', '9.90', ''), ('31', '4', '3', '6', '19', '2019-12-20 16:25:59', '14.85', null, null, ''), ('32', '4', '1', '8', '18', '2019-12-20 16:49:49', '5.00', '0.05', '4.95', ''), ('33', '4', '3', '6', '18', '2019-12-20 16:50:57', '3.00', null, null, ''), ('34', '4', '3', '8', '18', '2019-12-20 16:50:57', '1.95', null, null, ''), ('35', '6', '1', '1', '24', '2019-12-20 17:59:54', '5.00', '0.05', '4.95', ''), ('36', '6', '1', '1', '24', '2019-12-20 18:00:46', '15.00', '0.15', '14.85', ''), ('37', '6', '2', '6', '24', '2019-12-20 18:05:17', '9.90', '0.99', '8.91', ''), ('38', '7', '1', '5', '26', '2019-12-21 16:16:10', '10.00', '0.10', '9.90', ''), ('39', '7', '1', '5', '26', '2019-12-21 16:17:50', '10.00', '0.10', '9.90', ''), ('40', '7', '2', '4', '26', '2019-12-21 16:23:17', '10.00', '1.00', '9.00', '第一次结算'), ('41', '7', '1', '7', '27', '2019-12-21 16:35:17', '10.00', '0.10', '9.90', ''), ('42', '7', '1', '7', '27', '2019-12-21 16:37:29', '20.00', '0.20', '19.80', ''), ('43', '7', '3', '4', '27', '2019-12-21 16:39:36', '20.00', null, null, '测试'), ('44', '7', '3', '7', '27', '2019-12-21 16:39:36', '10.00', null, null, '测试'), ('45', '7', '3', '4', '27', '2019-12-21 16:44:36', '30.00', null, null, '测试'), ('46', '7', '3', '7', '27', '2019-12-21 16:44:36', '10.00', null, null, '测试'), ('47', '7', '3', '4', '27', '2019-12-21 16:45:01', '30.00', null, null, '测试'), ('48', '7', '3', '7', '27', '2019-12-21 16:45:01', '10.00', null, null, '测试'), ('49', '7', '3', '4', '27', '2019-12-21 16:46:42', '30.00', null, null, '测试'), ('50', '7', '3', '7', '27', '2019-12-21 16:46:42', '10.00', null, null, '测试'), ('51', '7', '1', '10', '28', '2019-12-21 16:53:38', '10.00', '0.10', '9.90', ''), ('52', '7', '1', '10', '28', '2019-12-21 16:54:08', '10.00', '0.10', '9.90', ''), ('53', '7', '3', '4', '28', '2019-12-21 16:55:14', '10.00', null, null, '仲裁测试'), ('54', '7', '3', '10', '28', '2019-12-21 16:55:14', '9.80', null, null, '仲裁测试'), ('55', '8', '1', '7', '29', '2019-12-22 14:03:06', '10.00', '0.10', '9.90', ''), ('56', '8', '1', '7', '29', '2019-12-22 14:03:21', '30.00', '0.30', '29.70', ''), ('57', '8', '1', '4', '31', '2019-12-22 22:55:49', '10.00', '0.10', '9.90', ''), ('58', '8', '1', '4', '31', '2019-12-22 14:56:07', '10.00', '0.10', '9.90', ''), ('61', '8', '1', '14', '33', '2019-12-23 10:34:37', '10.00', '0.10', '9.90', ''), ('62', '8', '1', '14', '33', '2019-12-23 02:36:35', '30.00', '0.30', '29.70', ''), ('66', '2', '2', '1', '9', '2019-12-23 14:39:58', '10.00', '1.00', '9.00', '结算'), ('67', '8', '2', '5', '31', '2019-12-23 16:22:40', '19.00', '1.90', '17.10', '第一次结算'), ('68', '8', '2', '5', '33', '2019-12-24 12:06:52', '10.00', '1.00', '9.00', ''), ('69', '12', '1', '9', '36', '2019-12-24 14:50:29', '1.00', '0.01', '0.99', ''), ('70', '12', '1', '9', '36', '2019-12-24 06:51:19', '2.00', '0.02', '1.98', ''), ('71', '13', '1', '1', '37', '2019-12-24 14:59:00', '1.00', '0.01', '0.99', ''), ('72', '13', '3', '9', '37', '2019-12-24 15:00:01', '0.50', null, null, ''), ('73', '13', '3', '1', '37', '2019-12-24 15:00:01', '0.40', null, null, ''), ('74', '15', '1', '6', '41', '2019-12-25 15:12:52', '1.00', '0.01', '0.99', ''), ('75', '15', '3', '1', '41', '2019-12-25 15:13:25', '0.50', null, null, ''), ('76', '15', '3', '6', '41', '2019-12-25 15:13:25', '0.40', null, null, '');
COMMIT;

-- ----------------------------
--  Table structure for `project_check`
-- ----------------------------
CREATE TABLE `project_check` (
  `id` bigint(20) unsigned NOT NULL AUTO_INCREMENT,
  `project_id` bigint(20) unsigned DEFAULT NULL COMMENT '项目id',
  `order_id` bigint(20) unsigned DEFAULT NULL COMMENT '关联订单id',
  `file_path` varchar(255) DEFAULT NULL COMMENT '文档地址',
  `file_name` varchar(125) DEFAULT NULL COMMENT '文档名称',
  `file_type` varchar(25) DEFAULT NULL,
  `create_time` timestamp NULL DEFAULT NULL,
  PRIMARY KEY (`id`) USING BTREE,
  KEY `project_id` (`project_id`) USING BTREE,
  KEY `order_id` (`order_id`) USING BTREE,
  CONSTRAINT `project_check_ibfk_1` FOREIGN KEY (`project_id`) REFERENCES `project` (`id`) ON DELETE CASCADE ON UPDATE NO ACTION,
  CONSTRAINT `project_check_ibfk_2` FOREIGN KEY (`order_id`) REFERENCES `order` (`id`) ON DELETE CASCADE ON UPDATE NO ACTION
) ENGINE=InnoDB AUTO_INCREMENT=20 DEFAULT CHARSET=utf8mb4 ROW_FORMAT=DYNAMIC COMMENT='项目验收文档表';

-- ----------------------------
--  Records of `project_check`
-- ----------------------------
BEGIN;
INSERT INTO `project_check` VALUES ('1', '1', '4', 'https://czw-netmi.oss-cn-hangzhou.aliyuncs.com/__liemi__/application/vnd.openxmlformats-officedocument.wordprocessingml.docum', '职工家UI.docx', 'docx', '2019-12-18 17:22:06'), ('2', '1', '5', 'https://czw-netmi.oss-cn-hangzhou.aliyuncs.com/__liemi__/image/gif/ABFWXZNHK0124679_1576662432.gif', 'b5958d3d1700cee77ee5b6dd554c599e_t.gif', 'gif', '2019-12-18 17:47:12'), ('4', '4', '17', 'https://czw-netmi.oss-cn-hangzhou.aliyuncs.com/__liemi__/image/jpeg/ABFWZNTHK0346789_1576749034.jpg', 'timg (2).jpg', 'jpg', '2019-12-20 15:58:27'), ('7', '6', '24', 'https://czw-netmi.oss-cn-hangzhou.aliyuncs.com/__liemi__/image/jpeg/BFZMNTHK01245689_1576836078.jpg', '开心果.jpg', 'jpg', '2019-12-20 18:02:09'), ('8', '6', '24', 'https://czw-netmi.oss-cn-hangzhou.aliyuncs.com/__liemi__/image/jpeg/BWXZMNTHK0124578_1576820703.jpg', 'PolarBearDay_ZH-CN5185516722_1920x1080.jpg', 'jpg', '2019-12-20 18:02:09'), ('9', '6', '24', 'https://czw-netmi.oss-cn-hangzhou.aliyuncs.com/__liemi__/image/jpeg/ABFXNTHK12456789_1576724783.jpg', 'u=2934113293,1921670035&fm=27&gp=0.jpg', 'jpg', '2019-12-20 18:02:09'), ('11', '7', '26', 'https://czw-netmi.oss-cn-hangzhou.aliyuncs.com/__liemi__/image/gif/ABFWXZNH12345678_1576915078.gif', '稿定设计导出-20191128-182513.gif', 'gif', '2019-12-21 16:20:48'), ('12', '7', '26', 'https://czw-netmi.oss-cn-hangzhou.aliyuncs.com/__liemi__/image/jpeg/ABFWZMTH02356789_1576916440.jpeg', 'timg (1).jpeg', 'jpeg', '2019-12-21 16:20:48'), ('13', '7', '27', 'https://czw-netmi.oss-cn-hangzhou.aliyuncs.com/__liemi__/image/jpeg/BFWMNHK123456789_1576920268.jpeg', 'sc2.jpeg', 'jpeg', '2019-12-21 17:24:29'), ('14', '8', '29', 'https://czw-netmi.oss-cn-hangzhou.aliyuncs.com/__liemi__/application/msword/ABWXMNTHK0234678_1576923038.doc', '新建 DOC 文档.doc', 'doc', '2019-12-22 14:04:02'), ('15', '8', '31', 'https://czw-netmi.oss-cn-hangzhou.aliyuncs.com/__liemi__/image/jpeg/ABFWXMNTH1456789_1577026582.jfif', 'timg.jfif', 'jfif', '2019-12-22 22:56:23'), ('16', '8', '33', 'https://czw-netmi.oss-cn-hangzhou.aliyuncs.com/__liemi__/application/zip/ABWXMNTK02356789_1577069894.zip', '首页-未登录修改后_slices.zip', 'zip', '2019-12-23 10:58:29'), ('18', '12', '36', 'https://czw-netmi.oss-cn-hangzhou.aliyuncs.com/__liemi__/image/jpeg/ABFXZMNTH0124568_1576827380.jpg', 'timg (1).jpg', 'jpg', '2019-12-24 14:52:38'), ('19', '12', '36', 'https://czw-netmi.oss-cn-hangzhou.aliyuncs.com/__liemi__/image/jpeg/ABWXMNTHK0123489_1576821428.jpg', 'timg (3).jpg', 'jpg', '2019-12-24 14:52:38');
COMMIT;

-- ----------------------------
--  Table structure for `project_delivery_way`
-- ----------------------------
CREATE TABLE `project_delivery_way` (
  `id` bigint(20) unsigned NOT NULL AUTO_INCREMENT COMMENT '项目交付方式id',
  `project_id` bigint(20) unsigned DEFAULT NULL COMMENT '项目id',
  `type` int(1) DEFAULT NULL COMMENT '项目交付方式。1：使用权交付，2：源码交付，3：天使合伙人',
  `first_price` decimal(10,2) DEFAULT NULL COMMENT '首付款数量',
  `end_price` decimal(10,2) DEFAULT NULL COMMENT '尾款数量',
  `introduce` mediumtext COMMENT '权益说明富文本',
  `create_time` timestamp NULL DEFAULT NULL COMMENT '创建时间',
  PRIMARY KEY (`id`) USING BTREE,
  KEY `project_delivery_way_id` (`project_id`) USING BTREE,
  CONSTRAINT `project_delivery_way_id` FOREIGN KEY (`project_id`) REFERENCES `project` (`id`) ON DELETE CASCADE ON UPDATE NO ACTION
) ENGINE=InnoDB AUTO_INCREMENT=132 DEFAULT CHARSET=utf8mb4 ROW_FORMAT=DYNAMIC COMMENT='项目交付方式表';

-- ----------------------------
--  Records of `project_delivery_way`
-- ----------------------------
BEGIN;
INSERT INTO `project_delivery_way` VALUES ('23', '1', '1', '0.02', '0.01', '<p>儒学是中国的国学，儒家思想是中华文化的起源与精髓，从“儒”这个汉字理解，“儒”就是人旁加一个需字，告诉我们的是一个浅显的道理，那就是要做人们需要的人，这才不会枉度人生，这才不无愧于此生。</p><p>佛家彻悟诸法本缘，以慈悲救度一切六道众生为已任。佛法却包含世间法与出世法并以出世法为究竟，以人的心性为究竟,揭示了宇宙人生的实相。</p><p>道家追求人格的超越，道教偏于出世，道学重自然观辩证法，道教偏于出世,以自然宁静、清心寡欲、无为而为,以及修仙修道为追求。</p>', '2019-12-18 16:24:53'), ('24', '1', '2', '300.00', '699.97', '<p>儒学是中国的国学，儒家思想是中华文化的起源与精髓，从“儒”这个汉字理解，“儒”就是人旁加一个需字，告诉我们的是一个浅显的道理，那就是要做人们需要的人，这才不会枉度人生，这才不无愧于此生。</p><p>佛家彻悟诸法本缘，以慈悲救度一切六道众生为已任。佛法却包含世间法与出世法并以出世法为究竟，以人的心性为究竟,揭示了宇宙人生的实相。</p><p>道家追求人格的超越，道教偏于出世，道学重自然观辩证法，道教偏于出世,以自然宁静、清心寡欲、无为而为,以及修仙修道为追求。</p>', '2019-12-18 16:24:53'), ('25', '1', '3', '4000.00', '5000.00', '<p>儒学是中国的国学，儒家思想是中华文化的起源与精髓，从“儒”这个汉字理解，“儒”就是人旁加一个需字，告诉我们的是一个浅显的道理，那就是要做人们需要的人，这才不会枉度人生，这才不无愧于此生。</p><p>佛家彻悟诸法本缘，以慈悲救度一切六道众生为已任。佛法却包含世间法与出世法并以出世法为究竟，以人的心性为究竟,揭示了宇宙人生的实相。</p><p>道家追求人格的超越，道教偏于出世，道学重自然观辩证法，道教偏于出世,以自然宁静、清心寡欲、无为而为,以及修仙修道为追求。</p>', '2019-12-18 16:24:53'), ('30', '2', '1', '10.00', '20.00', '<p>	定制服装〔custom-made clothes〕</p><p>	指根据具体穿着者个人情况，量体裁衣，单件制作的服装。大多数服装制衣店即为这种经营方式。在国外定制服装的营业方式也叫做个性化服装设计，通常要根据穿着者个人的体形、肤色、职业、气质、爱好等来选择面料花色、确定服装款式造型，通常收费较高。高档类定制服装在市场上缺位较大，主要原因是要求操作者懂得一些服装设计的知识。</p><p>	定制服装首先是一种服务，让顾客获得一种体验。邦旗定制的首席设计师TINA称：“定制让消费者真正感觉到：“自我”和“个性”。实践证明，定制营销更能使企业获得全方位的竞争优势。</p><p>	在欧美，流行着奢华的高级成衣定制。量身定做的品牌服装亦不便宜，价格动辄上万。可见，对企业来说，这是笔划算生意。</p><p>	“营销学之父”科特勒在其《想象未来的市场》一文中称，未来市场经营者将把注意力从集中于大的群体转移到寻找特殊的、合适的目标。在这些目标所在处，就有财富存在。</p><p>	服装定制市场中，西服一直是个人客户定制的主要款式，但时下流行的cosplay也逐渐成为服装定制市场的热门产品，进一步带动服装定制市场的发展。</p>', '2019-12-19 17:57:09'), ('38', '3', '2', '10.00', '5.00', '<h3>机械打卡机</h3><p>	即打卡机内置打印设备，可以直接打印出原始考勤记录，打卡 类又分电子类打卡机和机械类打卡机。电子类打卡机其主要优点是不打卡时无噪音，体积较小，打卡时可自动吸卡，退卡。缺点是适用的人数较少，一般为100人以下使用。机械类打卡机主要优点是结实、耐用、体积大。缺点是精确度不高，不打卡时有噪音，手动进卡，它适用于大型工厂或人数较多的单位使用。</p><p><br></p><p><br></p><h3>刷卡打卡机</h3><p>	主要分<a href=\"https://baike.baidu.com/item/%E7%A3%81%E5%8D%A1/885032\" rel=\"noopener noreferrer\" target=\"_blank\" style=\"color: rgb(19, 110, 194);\">磁卡</a>、<a href=\"https://baike.baidu.com/item/%E6%9D%A1%E7%A0%81%E5%8D%A1/3651512\" rel=\"noopener noreferrer\" target=\"_blank\" style=\"color: rgb(19, 110, 194);\">条码卡</a>、<a href=\"https://baike.baidu.com/item/IC%E5%8D%A1/155035\" rel=\"noopener noreferrer\" target=\"_blank\" style=\"color: rgb(19, 110, 194);\">IC卡</a>三类。目前应用最多的是磁卡和条码卡考勤机。主要特点为使用计算机汇总原始数据，最后通过打印机打出报表，查询方式比较方便。但是价位偏高，操作比较麻烦。一般适合单位人员较多，作息时间比较有规则的单位使用。<a href=\"https://baike.baidu.com/item/IC%E5%8D%A1%E8%80%83%E5%8B%A4%E6%9C%BA/8251341\" rel=\"noopener noreferrer\" target=\"_blank\" style=\"color: rgb(19, 110, 194);\">IC卡考勤机</a>是最近一段时间刚刚兴起的一种新机型。其主要优点是使用方便，价格较低，而且在许多单位实现了一卡通，也就是可与电话、售饭系统相连。</p>', '2019-12-20 14:00:03'), ('39', '3', '1', '150.00', '200.00', '<h3>机械打卡机</h3><p>	即打卡机内置打印设备，可以直接打印出原始考勤记录，打卡 类又分电子类打卡机和机械类打卡机。电子类打卡机其主要优点是不打卡时无噪音，体积较小，打卡时可自动吸卡，退卡。缺点是适用的人数较少，一般为100人以下使用。机械类打卡机主要优点是结实、耐用、体积大。缺点是精确度不高，不打卡时有噪音，手动进卡，它适用于大型工厂或人数较多的单位使用。</p><p><br></p><p><br></p><h3>刷卡打卡机</h3><p>	主要分<a href=\"https://baike.baidu.com/item/%E7%A3%81%E5%8D%A1/885032\" rel=\"noopener noreferrer\" target=\"_blank\" style=\"color: rgb(19, 110, 194);\">磁卡</a>、<a href=\"https://baike.baidu.com/item/%E6%9D%A1%E7%A0%81%E5%8D%A1/3651512\" rel=\"noopener noreferrer\" target=\"_blank\" style=\"color: rgb(19, 110, 194);\">条码卡</a>、<a href=\"https://baike.baidu.com/item/IC%E5%8D%A1/155035\" rel=\"noopener noreferrer\" target=\"_blank\" style=\"color: rgb(19, 110, 194);\">IC卡</a>三类。目前应用最多的是磁卡和条码卡考勤机。主要特点为使用计算机汇总原始数据，最后通过打印机打出报表，查询方式比较方便。但是价位偏高，操作比较麻烦。一般适合单位人员较多，作息时间比较有规则的单位使用。<a href=\"https://baike.baidu.com/item/IC%E5%8D%A1%E8%80%83%E5%8B%A4%E6%9C%BA/8251341\" rel=\"noopener noreferrer\" target=\"_blank\" style=\"color: rgb(19, 110, 194);\">IC卡考勤机</a>是最近一段时间刚刚兴起的一种新机型。其主要优点是使用方便，价格较低，而且在许多单位实现了一卡通，也就是可与电话、售饭系统相连。</p>', '2019-12-20 14:00:03'), ('40', '3', '3', '100.00', '2000.00', '<h3>机械打卡机</h3><p>	即打卡机内置打印设备，可以直接打印出原始考勤记录，打卡 类又分电子类打卡机和机械类打卡机。电子类打卡机其主要优点是不打卡时无噪音，体积较小，打卡时可自动吸卡，退卡。缺点是适用的人数较少，一般为100人以下使用。机械类打卡机主要优点是结实、耐用、体积大。缺点是精确度不高，不打卡时有噪音，手动进卡，它适用于大型工厂或人数较多的单位使用。</p><p><br></p><p><br></p><h3>刷卡打卡机</h3><p>	主要分<a href=\"https://baike.baidu.com/item/%E7%A3%81%E5%8D%A1/885032\" rel=\"noopener noreferrer\" target=\"_blank\" style=\"color: rgb(19, 110, 194);\">磁卡</a>、<a href=\"https://baike.baidu.com/item/%E6%9D%A1%E7%A0%81%E5%8D%A1/3651512\" rel=\"noopener noreferrer\" target=\"_blank\" style=\"color: rgb(19, 110, 194);\">条码卡</a>、<a href=\"https://baike.baidu.com/item/IC%E5%8D%A1/155035\" rel=\"noopener noreferrer\" target=\"_blank\" style=\"color: rgb(19, 110, 194);\">IC卡</a>三类。目前应用最多的是磁卡和条码卡考勤机。主要特点为使用计算机汇总原始数据，最后通过打印机打出报表，查询方式比较方便。但是价位偏高，操作比较麻烦。一般适合单位人员较多，作息时间比较有规则的单位使用。<a href=\"https://baike.baidu.com/item/IC%E5%8D%A1%E8%80%83%E5%8B%A4%E6%9C%BA/8251341\" rel=\"noopener noreferrer\" target=\"_blank\" style=\"color: rgb(19, 110, 194);\">IC卡考勤机</a>是最近一段时间刚刚兴起的一种新机型。其主要优点是使用方便，价格较低，而且在许多单位实现了一卡通，也就是可与电话、售饭系统相连。</p>', '2019-12-20 14:00:03'), ('45', '4', '1', '5.00', '10.00', '<p>	<strong>1、精选商家</strong></p><p>	整合全球 20 多万家结婚品牌商家<span style=\"color: rgb(51, 102, 204);\">&nbsp;[12]</span><span style=\"color: rgb(19, 110, 194);\">&nbsp;</span>&nbsp;，涉及婚礼策划、婚纱摄影、婚纱礼服、婚宴预订、婚车租赁、珠宝钻戒、摄影摄像、司仪、化妆、旅拍等结婚全品类。<span style=\"color: rgb(51, 102, 204);\">&nbsp;[1]</span><span style=\"color: rgb(19, 110, 194);\">&nbsp;</span></p><p>	<strong>2、优选婚品</strong></p><p>	优选备受用户喜爱的婚品款式，提供千人千面的个性化推荐，不需要盲目海淘，就可以轻松挑选“想到和没想到”的结婚商品。<span style=\"color: rgb(51, 102, 204);\">&nbsp;[1]</span><span style=\"color: rgb(19, 110, 194);\">&nbsp;</span></p><p>	</p><p>	<strong>3、社区分享</strong></p><p>	新娘说社区以“精选+动态+图库+问答”的内容形式分享与结婚有关的方方面面；通过沉浸式互动场景，为用户营造舒适交流氛围。<span style=\"color: rgb(51, 102, 204);\">&nbsp;[1]</span><span style=\"color: rgb(19, 110, 194);\">&nbsp;</span></p><p>	<strong>4、线下体验</strong></p><p>	婚礼纪一站式备婚中心，是专为提升平台商家和用户体验而设置的线下空间，开创 “结婚统筹师+大数据智能推荐+沙龙婚博日”新体验模式。目前婚礼纪一站式备婚中心已落地杭州、南京、宁波、湖州等主要商圈和购物中心。<span style=\"color: rgb(51, 102, 204);\">&nbsp;[1]</span><span style=\"color: rgb(19, 110, 194);\">&nbsp;</span></p><p>	<strong>5、结婚工具</strong></p><p>	提供众多具有实用性、个性化、可记录的结婚工具，包含电子请帖、婚礼MV、一键试婚纱等。满足婚前和婚礼现场多个需求场景。<span style=\"color: rgb(51, 102, 204);\">&nbsp;[1]</span><span style=\"color: rgb(19, 110, 194);\">&nbsp;</span></p><p>	</p><p>	<strong>6、结婚攻略</strong></p><p> 用户可在婚礼纪微信公众号、官方微博、知乎、小红书等获取与结婚有关的知识、趣味话题和新鲜资讯。<span style=\"color: rgb(51, 102, 204);\">&nbsp;[1]</span></p>', '2019-12-20 15:32:17'), ('49', '5', '1', '0.01', '0.01', '<p>https://www.czw.net/personalResume?id=1</p>', '2019-12-20 15:37:16'), ('57', '6', '1', '5.00', '15.00', '<p>	中国移动通信集团有限公司（英文名称：China Mobile Communications Group Co.,Ltd，简称“中国移动”、“CMCC”或“中国移动通信”、“中移动”）是按照国家电信体制改革的总体部署，于2000年4月20日成立的<a href=\"https://baike.baidu.com/item/%E4%B8%AD%E5%A4%AE%E4%BC%81%E4%B8%9A/8760662\" rel=\"noopener noreferrer\" target=\"_blank\" style=\"color: rgb(19, 110, 194);\">中央企业</a>。2017年12月，中国移动通信集团公司进行公司制改制，企业类型由全民所有制企业变更为国有独资公司，并更名为中国移动通信集团有限公司。中国移动是一家基于<a href=\"https://baike.baidu.com/item/GSM\" rel=\"noopener noreferrer\" target=\"_blank\" style=\"color: rgb(19, 110, 194);\">GSM</a>、<a href=\"https://baike.baidu.com/item/TD-SCDMA\" rel=\"noopener noreferrer\" target=\"_blank\" style=\"color: rgb(19, 110, 194);\">TD-SCDMA</a>和<a href=\"https://baike.baidu.com/item/TD-LTE\" rel=\"noopener noreferrer\" target=\"_blank\" style=\"color: rgb(19, 110, 194);\">TD-LTE</a>制式网络的移动通信运营商。中国移动全资拥有中国移动（香港）集团有限公司，由其控股的中国移动有限公司在国内31个省（自治区、直辖市）和香港设立全资子公司，并在香港和纽约上市，主要经营移动语音、数据、宽带、IP电话和多媒体业务，并具有计算机互联网国际联网单位经营权和国际出入口经营权。注册资本3000亿人民币，资产规模近1.7万亿人民币，员工总数近50万人。<span style=\"color: rgb(51, 102, 204);\">&nbsp;[1]</span><span style=\"color: rgb(19, 110, 194);\">&nbsp;</span></p><p>	中国移动先后有“<a href=\"https://baike.baidu.com/item/%E5%8A%A8%E6%84%9F%E5%9C%B0%E5%B8%A6/638396\" rel=\"noopener noreferrer\" target=\"_blank\" style=\"color: rgb(19, 110, 194);\">动感地带</a>”、“<a href=\"https://baike.baidu.com/item/%E7%A5%9E%E5%B7%9E%E8%A1%8C/2191910\" rel=\"noopener noreferrer\" target=\"_blank\" style=\"color: rgb(19, 110, 194);\">神州行</a>”、“<a href=\"https://baike.baidu.com/item/%E5%85%A8%E7%90%83%E9%80%9A/2150772\" rel=\"noopener noreferrer\" target=\"_blank\" style=\"color: rgb(19, 110, 194);\">全球通</a>”、“<a href=\"https://baike.baidu.com/item/%E5%8A%A8%E5%8A%9B100/3111089\" rel=\"noopener noreferrer\" target=\"_blank\" style=\"color: rgb(19, 110, 194);\">动力100</a>”、“<a href=\"https://baike.baidu.com/item/G3/1018\" rel=\"noopener noreferrer\" target=\"_blank\" style=\"color: rgb(19, 110, 194);\">G3</a>”等品牌，2013年12月公布了4G品牌“<a href=\"https://baike.baidu.com/item/And%21%E5%92%8C/15198287\" rel=\"noopener noreferrer\" target=\"_blank\" style=\"color: rgb(19, 110, 194);\">And!和</a>”，标志着中国移动<a href=\"https://baike.baidu.com/item/4G\" rel=\"noopener noreferrer\" target=\"_blank\" style=\"color: rgb(19, 110, 194);\">4G</a>业务的正式启动，发展口号是：移动4G，国际主流，快人一步。2019年6月25日，中国移动发布5G品牌标识<span style=\"color: rgb(51, 102, 204);\">&nbsp;[2]</span><span style=\"color: rgb(19, 110, 194);\">&nbsp;</span>&nbsp;。</p><p>	2019年7月，《财富》世界500强排行榜发布，中国移动通信集团公司位列56位<span style=\"color: rgb(51, 102, 204);\">&nbsp;[3]</span><span style=\"color: rgb(19, 110, 194);\">&nbsp;</span>&nbsp;。2019年7月，中国移动在中国500强排行中，排名第8<span style=\"color: rgb(51, 102, 204);\">&nbsp;[4]</span><span style=\"color: rgb(19, 110, 194);\">&nbsp;</span>&nbsp;。“一带一路”中国企业100强榜单排名第10位。<span style=\"color: rgb(51, 102, 204);\">&nbsp;[5]</span><span style=\"color: rgb(19, 110, 194);\">&nbsp;</span>&nbsp;2019年12月，中国移动通信集团有限公司入选2019中国品牌强国盛典榜样100品牌。<span style=\"color: rgb(51, 102, 204);\">&nbsp;[6]</span></p>', '2019-12-20 17:40:02'), ('58', '6', '2', '100.00', '200.00', '<p>	中国移动通信集团有限公司（英文名称：China Mobile Communications Group Co.,Ltd，简称“中国移动”、“CMCC”或“中国移动通信”、“中移动”）是按照国家电信体制改革的总体部署，于2000年4月20日成立的<a href=\"https://baike.baidu.com/item/%E4%B8%AD%E5%A4%AE%E4%BC%81%E4%B8%9A/8760662\" rel=\"noopener noreferrer\" target=\"_blank\" style=\"color: rgb(19, 110, 194);\">中央企业</a>。2017年12月，中国移动通信集团公司进行公司制改制，企业类型由全民所有制企业变更为国有独资公司，并更名为中国移动通信集团有限公司。中国移动是一家基于<a href=\"https://baike.baidu.com/item/GSM\" rel=\"noopener noreferrer\" target=\"_blank\" style=\"color: rgb(19, 110, 194);\">GSM</a>、<a href=\"https://baike.baidu.com/item/TD-SCDMA\" rel=\"noopener noreferrer\" target=\"_blank\" style=\"color: rgb(19, 110, 194);\">TD-SCDMA</a>和<a href=\"https://baike.baidu.com/item/TD-LTE\" rel=\"noopener noreferrer\" target=\"_blank\" style=\"color: rgb(19, 110, 194);\">TD-LTE</a>制式网络的移动通信运营商。中国移动全资拥有中国移动（香港）集团有限公司，由其控股的中国移动有限公司在国内31个省（自治区、直辖市）和香港设立全资子公司，并在香港和纽约上市，主要经营移动语音、数据、宽带、IP电话和多媒体业务，并具有计算机互联网国际联网单位经营权和国际出入口经营权。注册资本3000亿人民币，资产规模近1.7万亿人民币，员工总数近50万人。<span style=\"color: rgb(51, 102, 204);\">&nbsp;[1]</span><span style=\"color: rgb(19, 110, 194);\">&nbsp;</span></p><p>	中国移动先后有“<a href=\"https://baike.baidu.com/item/%E5%8A%A8%E6%84%9F%E5%9C%B0%E5%B8%A6/638396\" rel=\"noopener noreferrer\" target=\"_blank\" style=\"color: rgb(19, 110, 194);\">动感地带</a>”、“<a href=\"https://baike.baidu.com/item/%E7%A5%9E%E5%B7%9E%E8%A1%8C/2191910\" rel=\"noopener noreferrer\" target=\"_blank\" style=\"color: rgb(19, 110, 194);\">神州行</a>”、“<a href=\"https://baike.baidu.com/item/%E5%85%A8%E7%90%83%E9%80%9A/2150772\" rel=\"noopener noreferrer\" target=\"_blank\" style=\"color: rgb(19, 110, 194);\">全球通</a>”、“<a href=\"https://baike.baidu.com/item/%E5%8A%A8%E5%8A%9B100/3111089\" rel=\"noopener noreferrer\" target=\"_blank\" style=\"color: rgb(19, 110, 194);\">动力100</a>”、“<a href=\"https://baike.baidu.com/item/G3/1018\" rel=\"noopener noreferrer\" target=\"_blank\" style=\"color: rgb(19, 110, 194);\">G3</a>”等品牌，2013年12月公布了4G品牌“<a href=\"https://baike.baidu.com/item/And%21%E5%92%8C/15198287\" rel=\"noopener noreferrer\" target=\"_blank\" style=\"color: rgb(19, 110, 194);\">And!和</a>”，标志着中国移动<a href=\"https://baike.baidu.com/item/4G\" rel=\"noopener noreferrer\" target=\"_blank\" style=\"color: rgb(19, 110, 194);\">4G</a>业务的正式启动，发展口号是：移动4G，国际主流，快人一步。2019年6月25日，中国移动发布5G品牌标识<span style=\"color: rgb(51, 102, 204);\">&nbsp;[2]</span><span style=\"color: rgb(19, 110, 194);\">&nbsp;</span>&nbsp;。</p><p>	2019年7月，《财富》世界500强排行榜发布，中国移动通信集团公司位列56位<span style=\"color: rgb(51, 102, 204);\">&nbsp;[3]</span><span style=\"color: rgb(19, 110, 194);\">&nbsp;</span>&nbsp;。2019年7月，中国移动在中国500强排行中，排名第8<span style=\"color: rgb(51, 102, 204);\">&nbsp;[4]</span><span style=\"color: rgb(19, 110, 194);\">&nbsp;</span>&nbsp;。“一带一路”中国企业100强榜单排名第10位。<span style=\"color: rgb(51, 102, 204);\">&nbsp;[5]</span><span style=\"color: rgb(19, 110, 194);\">&nbsp;</span>&nbsp;2019年12月，中国移动通信集团有限公司入选2019中国品牌强国盛典榜样100品牌。<span style=\"color: rgb(51, 102, 204);\">&nbsp;[6]</span></p>', '2019-12-20 17:40:02'), ('80', '7', '1', '10.00', '10.00', '<p>交付</p>', '2019-12-21 16:03:19'), ('81', '7', '3', '5.00', '10.00', '<p>测试1</p>', '2019-12-21 16:03:19'), ('82', '7', '2', '10.00', '20.00', '<p>测试1</p>', '2019-12-21 16:03:19'), ('93', '8', '2', '10.00', '30.00', '<p class=\"ql-align-center\">交付说明模板</p><p><br></p><p><strong>一、支付说明</strong></p><p>感谢您支持“XXX项目”（以下统称为“本项目”），你所支持本项目交付方式是“源代码交付”，支付总金额为XXX元，共分两笔支付完成。第一笔费用是首付款，金额XXX元。第二笔费用是尾款，金额XXX元。你支付的所有款项均由程栈网代收代付管理，首付款支付成功后，可在平台流程为需求协商中及需求未确认状态申请退款，成功支付首付款并确认需求后不能申请退款。尾款在支付首付款并确认需求后支付，在你确认验收项目后，平台会把本项目的所有款项支付给项目发起方。如你在项目验收阶段有疑义，可以拒绝验收项目并可申请平台介入仲裁或协调处理。</p><p><br></p><p><strong>二、开发说明</strong></p><p>开发语言：</p><p>数据库：</p><p>技术框架：</p><p>接入第三方服务：</p><p>系统适配：</p><p>系统性能：</p><p><br></p><p><br></p><p><strong>三、交付说明</strong></p><p>软著知识产权归属：</p><p>交付类型：</p><p>部署文档：</p><p>接口文档：</p><p>其它文档</p><p><br></p><p><strong>四、售后说明</strong></p><p>系统维护：</p><p>迭代升级：</p><p>技术咨询：</p>', '2019-12-21 18:24:28'), ('94', '8', '1', '10.00', '20.00', '<p class=\"ql-align-center\">交付说明模板</p><p><br></p><p><strong>一、支付说明</strong></p><p>感谢您支持“XXX项目”（以下统称为“本项目”），你所支持本项目交付方式是“使用权交付”，支付总金额为XXX元，共分两笔支付完成。第一笔费用是首付款，金额XXX元。第二笔费用是尾款，金额XXX元。你支付的所有款项均由程栈网代收代付管理，首付款支付成功后，可在平台流程为需求协商中及需求未确认状态申请退款，成功支付首付款并确认需求后不能申请退款。尾款在支付首付款并确认需求后支付，在你确认验收项目后，平台会把本项目的所有款项支付给项目发起方。如你在项目验收阶段有疑义，可以拒绝验收项目并可申请平台介入仲裁或协调处理。</p><p><br></p><p><strong>二、开发说明</strong></p><p>开发语言：</p><p>数据库：</p><p>技术框架：</p><p>接入第三方服务：</p><p>系统适配：</p><p>系统性能：</p><p><br></p><p><strong>三、交付说明</strong></p><p>软著知识产权归属：</p><p>交付类型：</p><p>部署文档：</p><p>接口文档：</p><p>其它文档</p><p><br></p><p><strong>四、售后说明</strong></p><p>系统维护：</p><p>迭代升级：</p><p>技术咨询：</p>', '2019-12-21 18:24:28'), ('95', '8', '3', '10.00', '10.00', '<p class=\"ql-align-center\">暂时没有开发这个板块</p>', '2019-12-21 18:24:28'), ('96', '9', '0', '0.00', '0.00', '', '2019-12-21 18:40:29'), ('97', '10', '0', '0.00', '0.00', '', '2019-12-21 18:40:29'), ('101', '11', '0', '0.00', '0.00', '', '2019-12-23 19:52:38'), ('115', '12', '1', '1.00', '2.00', '<p><a href=\"https://www.czw.net/personalResume?id=1\" rel=\"noopener noreferrer\" target=\"_blank\">https://www.czw.net/personalResume?id=1</a></p>', '2019-12-24 14:37:52'), ('116', '12', '2', '1.00', '2.00', '<p><a href=\"https://www.czw.net/personalResume?id=1\" rel=\"noopener noreferrer\" target=\"_blank\">https://www.czw.net/personalResume?id=1</a></p>', '2019-12-24 14:37:52'), ('118', '13', '1', '1.00', '1.00', '<p><a href=\"https://www.czw.net/personalResume?id=1\" rel=\"noopener noreferrer\" target=\"_blank\">https://www.czw.net/personalResume?id=1</a></p>', '2019-12-24 14:54:03'), ('123', '14', '1', '10.00', '12.00', '<p>哈哈</p>', '2019-12-24 16:19:42'), ('124', '14', '2', '10.00', '20.00', '<p>40</p>', '2019-12-24 16:19:42'), ('131', '15', '1', '1.00', '2.00', '<p><a href=\"https://www.czw.net/personalResume?id=1\" rel=\"noopener noreferrer\" target=\"_blank\">https://www.czw.net/personalResume?id=1</a></p>', '2019-12-25 15:09:12');
COMMIT;

-- ----------------------------
--  Table structure for `project_demand`
-- ----------------------------
CREATE TABLE `project_demand` (
  `id` bigint(20) unsigned NOT NULL AUTO_INCREMENT,
  `project_id` bigint(20) unsigned DEFAULT NULL COMMENT '项目id',
  `order_id` bigint(20) unsigned DEFAULT NULL COMMENT '关联订单id',
  `file_path` varchar(255) DEFAULT NULL COMMENT '文档地址',
  `file_name` varchar(125) DEFAULT NULL COMMENT '文档名称',
  `file_type` varchar(25) DEFAULT NULL,
  `create_time` timestamp NULL DEFAULT NULL,
  PRIMARY KEY (`id`) USING BTREE,
  KEY `project_id` (`project_id`) USING BTREE,
  KEY `order_id` (`order_id`) USING BTREE,
  CONSTRAINT `project_demand_ibfk_1` FOREIGN KEY (`project_id`) REFERENCES `project` (`id`) ON DELETE CASCADE ON UPDATE NO ACTION,
  CONSTRAINT `project_demand_ibfk_2` FOREIGN KEY (`order_id`) REFERENCES `order` (`id`) ON DELETE CASCADE ON UPDATE NO ACTION
) ENGINE=InnoDB AUTO_INCREMENT=52 DEFAULT CHARSET=utf8mb4 ROW_FORMAT=DYNAMIC COMMENT='项目需求文档表';

-- ----------------------------
--  Records of `project_demand`
-- ----------------------------
BEGIN;
INSERT INTO `project_demand` VALUES ('2', '1', '2', 'https://czw-netmi.oss-cn-hangzhou.aliyuncs.com/__liemi__/application/vnd.openxmlformats-officedocument.wordprocessingml.docum', '职工家UI.docx', 'docx', '2019-12-18 16:54:30'), ('4', '1', '4', 'https://czw-netmi.oss-cn-hangzhou.aliyuncs.com/__liemi__/application/vnd.ms-excel/BFWXTHK123456789_1576660736.xls', '职工家商家App.xls', 'xls', '2019-12-18 17:19:47'), ('5', '1', '4', 'https://czw-netmi.oss-cn-hangzhou.aliyuncs.com/__liemi__/application/pdf/ABFXZMNT01245789_1576657061.pdf', '重构-改善既有代码的设计.pdf', 'pdf', '2019-12-18 17:19:47'), ('16', '1', '5', 'https://czw-netmi.oss-cn-hangzhou.aliyuncs.com/__liemi__/application/vnd.openxmlformats-officedocument.wordprocessingml.docum', '职工家UI.docx', 'docx', '2019-12-18 17:44:32'), ('17', '1', '5', 'https://czw-netmi.oss-cn-hangzhou.aliyuncs.com/__liemi__/application/vnd.openxmlformats-officedocument.wordprocessingml.docum', 'AWXZMNHK12345789_1576052227.docx', 'docx', '2019-12-18 17:44:32'), ('18', '1', '5', 'https://czw-netmi.oss-cn-hangzhou.aliyuncs.com/__liemi__/application/vnd.openxmlformats-officedocument.wordprocessingml.docum', '9月30日测试问题记录.docx', 'docx', '2019-12-18 17:44:32'), ('19', '1', '5', 'https://czw-netmi.oss-cn-hangzhou.aliyuncs.com/__liemi__/application/vnd.openxmlformats-officedocument.wordprocessingml.docum', '9月30日测试问题记录.docx', 'docx', '2019-12-18 17:44:32'), ('20', '1', '5', 'https://czw-netmi.oss-cn-hangzhou.aliyuncs.com/__liemi__/application/vnd.openxmlformats-officedocument.spreadsheetml.sheet/ABFWXZMTHK034679_1576662159.xlsx', '5.0正式版问题(2).xlsx', 'xlsx', '2019-12-18 17:44:32'), ('21', '1', '5', 'https://czw-netmi.oss-cn-hangzhou.aliyuncs.com/__liemi__/image/gif/ABFWXZMNK0145689_1576662163.gif', 'b57bebb5e3e3a4bb93f7baab271219d8_t.gif', 'gif', '2019-12-18 17:44:32'), ('22', '1', '5', 'https://czw-netmi.oss-cn-hangzhou.aliyuncs.com/__liemi__/application/x-zip-compressed/BFXNTHK012356789_1576662171.zip', 'com.example.redpowdermall_1.zip', 'zip', '2019-12-18 17:44:32'), ('23', '1', '5', 'https://czw-netmi.oss-cn-hangzhou.aliyuncs.com/__liemi__/application/vnd.openxmlformats-officedocument.wordprocessingml.document/ABFWXZMTHK135678_1576661815.docx', '九阶十二段展开目录.docx', 'docx', '2019-12-18 17:44:32'), ('24', '1', '6', 'https://czw-netmi.oss-cn-hangzhou.aliyuncs.com/__liemi__/application/vnd.openxmlformats-officedocument.spreadsheetml.sheet/BFWXZMTHK1234679_1576747491.xlsx', '程栈网测试用例.xlsx', 'xlsx', '2019-12-19 17:24:52'), ('25', '2', '7', 'https://czw-netmi.oss-cn-hangzhou.aliyuncs.com/__liemi__/image/jpeg/BFWZMNTHK1256789_1576749586.jpeg', '20131128154438_HZzsS.jpeg', 'jpeg', '2019-12-19 18:00:03'), ('26', '2', '8', 'https://czw-netmi.oss-cn-hangzhou.aliyuncs.com/__liemi__/image/jpeg/ABFWZNH123456789_1576751561.jpg', '2019022517061292.jpg', 'jpg', '2019-12-19 18:32:42'), ('27', '2', '10', 'https://czw-netmi.oss-cn-hangzhou.aliyuncs.com/__liemi__/image/jpeg/ABFXNTHK12456789_1576724783.jpg', 'u=2934113293,1921670035&fm=27&gp=0.jpg', 'jpg', '2019-12-19 19:38:53'), ('28', '1', '11', 'https://czw-netmi.oss-cn-hangzhou.aliyuncs.com/__liemi__/image/jpeg/ABFXNTHK12456789_1576724783.jpg', 'u=2934113293,1921670035&fm=27&gp=0.jpg', 'jpg', '2019-12-19 20:00:09'), ('29', '2', '9', 'https://czw-netmi.oss-cn-hangzhou.aliyuncs.com/__liemi__/image/jpeg/BWXZMNTHK0124578_1576820703.jpg', 'PolarBearDay_ZH-CN5185516722_1920x1080.jpg', 'jpg', '2019-12-20 13:49:04'), ('30', '4', '17', 'https://czw-netmi.oss-cn-hangzhou.aliyuncs.com/__liemi__/image/jpeg/BWXZMNTK01235689_1576821415.jpg', 'timg (4).jpg', 'jpg', '2019-12-20 15:41:52'), ('31', '4', '19', 'https://czw-netmi.oss-cn-hangzhou.aliyuncs.com/__liemi__/application/vnd.openxmlformats-officedocument.spreadsheetml.sheet/AFXZTHK012345679_1576829424.xlsx', '浪漫纪1127反馈的问题.xlsx', 'xlsx', '2019-12-20 16:22:12'), ('32', '4', '18', 'https://czw-netmi.oss-cn-hangzhou.aliyuncs.com/__liemi__/image/jpeg/BWXZMNTK01235689_1576821415.jpg', 'timg (4).jpg', 'jpg', '2019-12-20 16:49:33'), ('35', '6', '24', 'https://czw-netmi.oss-cn-hangzhou.aliyuncs.com/__liemi__/image/jpeg/ABFWXMNTHK145679_1576827009.jpg', 'timg (6).jpg', 'jpg', '2019-12-20 17:55:08'), ('36', '6', '24', 'https://czw-netmi.oss-cn-hangzhou.aliyuncs.com/__liemi__/application/vnd.openxmlformats-officedocument.spreadsheetml.sheet/ABFWZMNTHK123678_1576835454.xlsx', '工作簿1.xlsx', 'xlsx', '2019-12-20 17:55:08'), ('37', '6', '24', 'https://czw-netmi.oss-cn-hangzhou.aliyuncs.com/__liemi__/application/vnd.openxmlformats-officedocument.spreadsheetml.sheet/BFWXZMNK01234578_1576835706.xlsx', '移动派单.xlsx', 'xlsx', '2019-12-20 17:55:08'), ('38', '7', '26', 'https://czw-netmi.oss-cn-hangzhou.aliyuncs.com/__liemi__/video/mp4/BFWXMNHK12345678_1576915046.mp4', '200m.mp4', 'mp4', '2019-12-21 16:14:55'), ('39', '7', '27', 'https://czw-netmi.oss-cn-hangzhou.aliyuncs.com/__liemi__/image/jpeg/ABFWZMTH02356789_1576916440.jpeg', 'timg (1).jpeg', 'jpeg', '2019-12-21 16:35:06'), ('40', '7', '28', 'https://czw-netmi.oss-cn-hangzhou.aliyuncs.com/__liemi__/application/vnd.openxmlformats-officedocument.wordprocessingml.document/AFWXZMNTHK023458_1576918369.docx', '文本.docx', 'docx', '2019-12-21 16:52:49'), ('41', '8', '29', 'https://czw-netmi.oss-cn-hangzhou.aliyuncs.com/__liemi__/application/msword/ABWXMNTHK0234678_1576923038.doc', '新建 DOC 文档.doc', 'doc', '2019-12-22 14:02:59'), ('42', '8', '31', 'https://czw-netmi.oss-cn-hangzhou.aliyuncs.com/__liemi__/image/jpeg/BFZMNTHK01245679_1577008738.jpg', '164319g0ks2tcx0m0tg0tr.jpg', 'jpg', '2019-12-22 22:55:19'), ('43', '8', '33', 'https://czw-netmi.oss-cn-hangzhou.aliyuncs.com/__liemi__/application/vnd.openxmlformats-officedocument.spreadsheetml.sheet/ABFWZMTHK0136789_1577068448.xlsx', '速邦共享车媒功能清单(20190701）.xlsx', 'xlsx', '2019-12-23 10:34:16'), ('44', '8', '30', 'https://czw-netmi.oss-cn-hangzhou.aliyuncs.com/__liemi__/application/vnd.openxmlformats-officedocument.spreadsheetml.sheet/ABFWXZMTHK012346_1577157666.xlsx', '小红书功能清单.xlsx', 'xlsx', '2019-12-24 11:21:08'), ('45', '8', '34', 'https://czw-netmi.oss-cn-hangzhou.aliyuncs.com/__liemi__/application/vnd.openxmlformats-officedocument.spreadsheetml.sheet/ABFWXZMTHK012346_1577157666.xlsx', '小红书功能清单.xlsx', 'xlsx', '2019-12-24 11:30:50'), ('46', '8', '34', 'https://czw-netmi.oss-cn-hangzhou.aliyuncs.com/__liemi__/application/vnd.ms-powerpoint/ABFWZMNTHK024678_1577158248.ppt', '小红书项目路演PPT.ppt', 'ppt', '2019-12-24 11:30:50'), ('48', '12', '36', 'https://czw-netmi.oss-cn-hangzhou.aliyuncs.com/__liemi__/image/jpeg/BWXZMNTHK0245679_1577168862.jpg', 'timg.jpg', 'jpg', '2019-12-24 14:50:04'), ('49', '12', '36', 'https://czw-netmi.oss-cn-hangzhou.aliyuncs.com/__liemi__/image/jpeg/ABFXZMNTH0124568_1576827380.jpg', 'timg (1).jpg', 'jpg', '2019-12-24 14:50:04'), ('50', '13', '37', 'https://czw-netmi.oss-cn-hangzhou.aliyuncs.com/__liemi__/image/jpeg/ABFWXMNTHK145679_1576827009.jpg', 'timg (6).jpg', 'jpg', '2019-12-24 14:58:46'), ('51', '15', '41', 'https://czw-netmi.oss-cn-hangzhou.aliyuncs.com/__liemi__/image/jpeg/ABFXNTHK12456789_1576724783.jpg', 'u=2934113293,1921670035&fm=27&gp=0.jpg', 'jpg', '2019-12-25 15:12:07');
COMMIT;

-- ----------------------------
--  Table structure for `project_follow`
-- ----------------------------
CREATE TABLE `project_follow` (
  `id` bigint(20) unsigned NOT NULL AUTO_INCREMENT COMMENT '履历跟进记录表id',
  `project_id` bigint(20) unsigned DEFAULT NULL COMMENT '用户id',
  `content` text COMMENT '跟进内容',
  `name` varchar(255) DEFAULT NULL COMMENT '跟进人账号名',
  `create_time` datetime DEFAULT NULL COMMENT '跟进时间',
  PRIMARY KEY (`id`) USING BTREE,
  KEY `uid` (`project_id`) USING BTREE,
  CONSTRAINT `project_follow_ibfk_1` FOREIGN KEY (`project_id`) REFERENCES `project` (`id`) ON DELETE CASCADE ON UPDATE NO ACTION
) ENGINE=InnoDB AUTO_INCREMENT=9 DEFAULT CHARSET=utf8mb4 ROW_FORMAT=DYNAMIC;

-- ----------------------------
--  Records of `project_follow`
-- ----------------------------
BEGIN;
INSERT INTO `project_follow` VALUES ('4', '6', '123456', 'admin', '2019-12-21 14:23:32'), ('5', '6', '123a1s32f12sd', 'admin', null), ('6', '6', 'dasda ad a ', 'root', '2019-12-21 15:24:42'), ('7', '6', '暗示法萨芬', 'admin', '2019-12-21 15:33:53'), ('8', '7', '项目内容合理，提交资料正确', 'root', '2019-12-21 16:04:38');
COMMIT;

-- ----------------------------
--  Table structure for `project_intent`
-- ----------------------------
CREATE TABLE `project_intent` (
  `id` bigint(20) unsigned NOT NULL AUTO_INCREMENT COMMENT '项目意向表',
  `uid` bigint(20) unsigned DEFAULT NULL COMMENT '意向提交人id',
  `content` mediumtext COMMENT '项目意向富文本',
  `create_time` datetime DEFAULT NULL COMMENT '创建时间',
  `status` int(1) DEFAULT '0' COMMENT '是否跟进。0：未跟进，1：已跟进',
  PRIMARY KEY (`id`) USING BTREE,
  KEY `will_uid` (`uid`) USING BTREE,
  CONSTRAINT `will_uid` FOREIGN KEY (`uid`) REFERENCES `user_data` (`uid`) ON DELETE CASCADE ON UPDATE NO ACTION
) ENGINE=InnoDB AUTO_INCREMENT=3 DEFAULT CHARSET=utf8mb4 ROW_FORMAT=DYNAMIC COMMENT='项目意向表';

-- ----------------------------
--  Records of `project_intent`
-- ----------------------------
BEGIN;
INSERT INTO `project_intent` VALUES ('1', '1', '<p>我有一个好的主意呢재아댜너더아뎌뎌 随便说说呀</p>', '2019-12-18 14:18:52', '1'), ('2', '5', '<p><span class=\"ql-cursor\">﻿</span><img src=\"https://czw-netmi.oss-cn-hangzhou.aliyuncs.com/__liemi__/image/png/ABWXZMNHK1235678_1576731942.png\"></p>', '2019-12-19 18:12:47', '0');
COMMIT;

-- ----------------------------
--  Table structure for `project_intent_follow`
-- ----------------------------
CREATE TABLE `project_intent_follow` (
  `id` bigint(20) unsigned NOT NULL AUTO_INCREMENT COMMENT '履历跟进记录表id',
  `pi_id` bigint(20) unsigned DEFAULT NULL COMMENT '用户id',
  `content` text COMMENT '跟进内容',
  `name` varchar(255) DEFAULT NULL COMMENT '跟进人账号名',
  `create_time` datetime DEFAULT NULL COMMENT '跟进时间',
  PRIMARY KEY (`id`) USING BTREE,
  KEY `uid` (`pi_id`) USING BTREE,
  CONSTRAINT `project_intent_follow_ibfk_1` FOREIGN KEY (`pi_id`) REFERENCES `project_intent` (`id`) ON DELETE CASCADE ON UPDATE NO ACTION
) ENGINE=InnoDB AUTO_INCREMENT=4 DEFAULT CHARSET=utf8mb4 ROW_FORMAT=DYNAMIC COMMENT='跟进记录';

-- ----------------------------
--  Records of `project_intent_follow`
-- ----------------------------
BEGIN;
INSERT INTO `project_intent_follow` VALUES ('1', '1', '包含韩语的项目?主要是什么内容呢,可以用中文表述一下嘛,也可以留下你的电话号码,让我们可以联系你们,线下交流', 'admin', '2019-12-18 14:24:03'), ('2', '1', '???????', 'admin', '2019-12-18 15:22:11'), ('3', '1', '去\\\r\n', 'root', '2019-12-19 18:01:10');
COMMIT;

-- ----------------------------
--  Table structure for `project_introduce_file`
-- ----------------------------
CREATE TABLE `project_introduce_file` (
  `id` bigint(20) unsigned NOT NULL AUTO_INCREMENT COMMENT '项目介绍id',
  `project_id` bigint(20) unsigned DEFAULT NULL COMMENT '项目id',
  `file_path` varchar(500) DEFAULT NULL COMMENT '文档地址',
  `file_name` varchar(255) DEFAULT NULL COMMENT '文档名称',
  `file_type` varchar(125) DEFAULT NULL COMMENT '文件类型',
  `create_time` timestamp NULL DEFAULT NULL COMMENT '创建时间',
  PRIMARY KEY (`id`) USING BTREE,
  KEY `introduce_project_id` (`project_id`) USING BTREE,
  CONSTRAINT `introduce_project_id` FOREIGN KEY (`project_id`) REFERENCES `project` (`id`) ON DELETE CASCADE ON UPDATE NO ACTION
) ENGINE=InnoDB AUTO_INCREMENT=29 DEFAULT CHARSET=utf8mb4 ROW_FORMAT=DYNAMIC COMMENT='项目介绍文档表\r\n';

-- ----------------------------
--  Records of `project_introduce_file`
-- ----------------------------
BEGIN;
INSERT INTO `project_introduce_file` VALUES ('14', '1', 'https://czw-netmi.oss-cn-hangzhou.aliyuncs.com/__liemi__/application/pdf/ABFXZMNT01245789_1576657061.pdf', '重构-改善既有代码的设计.pdf', 'pdf', '2019-12-18 16:24:53'), ('21', '7', 'https://czw-netmi.oss-cn-hangzhou.aliyuncs.com/__liemi__/image/gif/ABFWXZNH12345678_1576915078.gif', '稿定设计导出-20191128-182513.gif', 'gif', '2019-12-21 16:03:19'), ('25', '8', 'https://czw-netmi.oss-cn-hangzhou.aliyuncs.com/__liemi__/application/msword/ABWXMNTHK0234678_1576923038.doc', '新建 DOC 文档.doc', 'doc', '2019-12-21 18:24:28'), ('28', '14', 'https://czw-netmi.oss-cn-hangzhou.aliyuncs.com/__liemi__/application/vnd.openxmlformats-officedocument.spreadsheetml.sheet/ABWXMNTK01356789_1577174691.xlsx', '程栈网功能清单 2.xlsx', 'xlsx', '2019-12-24 16:19:42');
COMMIT;

-- ----------------------------
--  Table structure for `project_progress`
-- ----------------------------
CREATE TABLE `project_progress` (
  `id` bigint(20) unsigned NOT NULL AUTO_INCREMENT COMMENT '开发进度id',
  `project_id` bigint(20) unsigned DEFAULT NULL COMMENT '项目id',
  `info` varchar(255) DEFAULT NULL COMMENT '工作内容',
  `finish_time` datetime DEFAULT NULL COMMENT '完成日期',
  `status` int(1) DEFAULT NULL COMMENT '状态。1：未开始，2：开发中，3：已完成，4：已超时',
  `create_time` timestamp NULL DEFAULT NULL COMMENT '创建时间',
  `update_time` timestamp NULL DEFAULT NULL COMMENT '更新时间',
  PRIMARY KEY (`id`) USING BTREE,
  KEY `project_progress_id` (`project_id`) USING BTREE,
  CONSTRAINT `project_progress_id` FOREIGN KEY (`project_id`) REFERENCES `project` (`id`) ON DELETE CASCADE ON UPDATE NO ACTION
) ENGINE=InnoDB AUTO_INCREMENT=196 DEFAULT CHARSET=utf8mb4 ROW_FORMAT=DYNAMIC COMMENT='项目开发进度表\r\n';

-- ----------------------------
--  Records of `project_progress`
-- ----------------------------
BEGIN;
INSERT INTO `project_progress` VALUES ('70', '1', '需求整理', '2019-12-18 00:00:00', '3', '2019-12-18 16:24:53', null), ('71', '1', '概要设计', '2019-12-20 00:00:00', '3', '2019-12-18 16:24:53', null), ('72', '1', '详细设计', '2019-12-22 00:00:00', '3', '2019-12-18 16:24:53', null), ('73', '1', '软件编码', '2019-12-24 00:00:00', '3', '2019-12-18 16:24:53', null), ('74', '1', '测试', '2020-01-04 00:00:00', '3', '2019-12-18 16:24:53', null), ('75', '1', '维护', '2020-01-09 00:00:00', '3', '2019-12-18 16:24:53', null), ('80', '2', '需求整理', '2019-12-19 00:00:00', '3', '2019-12-19 17:57:09', null), ('86', '3', '需求整理', '2019-12-20 00:00:00', '3', '2019-12-20 14:00:03', null), ('91', '4', '需求文档', '2019-12-20 00:00:00', '3', '2019-12-20 15:32:17', null), ('95', '5', '需求', '2019-12-20 00:00:00', '3', '2019-12-20 15:37:16', null), ('102', '6', '需求', '2019-12-20 00:00:00', '3', '2019-12-20 17:40:02', null), ('126', '7', '需求设计', '2019-12-21 00:00:00', '3', '2019-12-21 16:03:19', null), ('127', '7', '产品开发', '2019-12-21 00:00:00', '2', '2019-12-21 16:03:19', null), ('128', '7', '验收测试', '2019-12-21 00:00:00', '1', '2019-12-21 16:03:19', null), ('134', '9', '', '2019-12-21 00:00:00', '3', '2019-12-21 18:40:29', null), ('135', '10', '', '2019-12-21 00:00:00', '3', '2019-12-21 18:40:29', null), ('154', '8', '产品需求调研', '2019-12-01 00:00:00', '3', '2019-12-22 19:06:45', null), ('155', '8', '产品型及功能标注说明', '2019-12-10 00:00:00', '3', '2019-12-22 19:06:45', null), ('156', '8', 'UI视设计', '2019-12-15 00:00:00', '3', '2019-12-22 19:06:45', null), ('157', '8', 'web前端开发环境搭建', '2019-12-16 00:00:00', '3', '2019-12-22 19:06:45', null), ('158', '8', '管理后台开发环境搭建', '2019-12-16 00:00:00', '3', '2019-12-22 19:06:45', null), ('159', '8', '登录注册模式开发', '2019-12-17 00:00:00', '1', '2019-12-22 19:06:45', null), ('160', '8', '首页', '2019-12-18 00:00:00', '4', '2019-12-22 19:06:45', null), ('161', '8', '技术方案页面', '2019-12-19 00:00:00', '1', '2019-12-22 19:06:45', null), ('162', '8', '程序员列表', '2019-12-20 00:00:00', '1', '2019-12-22 19:06:45', null), ('163', '8', '帮助中心', '2019-12-21 00:00:00', '1', '2019-12-22 19:06:45', null), ('164', '8', '个人中心', '2019-12-22 00:00:00', '1', '2019-12-22 19:06:45', null), ('168', '11', '', '2019-12-23 00:00:00', '3', '2019-12-23 19:52:38', null), ('180', '12', '需求', '2019-12-24 00:00:00', '3', '2019-12-24 14:37:52', null), ('182', '13', '需求', '2019-12-24 00:00:00', '3', '2019-12-24 14:54:03', null), ('187', '14', '测试', '2019-12-24 00:00:00', '3', '2019-12-24 16:19:42', null), ('188', '14', '测试', '2019-12-24 00:00:00', '2', '2019-12-24 16:19:42', null), ('195', '15', '需求', '2019-12-25 00:00:00', '3', '2019-12-25 15:09:12', null);
COMMIT;

-- ----------------------------
--  Table structure for `project_team`
-- ----------------------------
CREATE TABLE `project_team` (
  `id` bigint(20) unsigned NOT NULL AUTO_INCREMENT COMMENT '项目技术团队id',
  `project_id` bigint(20) unsigned DEFAULT NULL COMMENT '项目id',
  `member_name` varchar(20) DEFAULT NULL COMMENT '成员名',
  `member_position` varchar(20) DEFAULT NULL COMMENT '成员职位',
  `member_url` varchar(255) DEFAULT NULL COMMENT '成员履历链接',
  `member_cv_id` bigint(20) unsigned DEFAULT NULL COMMENT '成员履历id',
  `create_time` timestamp NULL DEFAULT NULL COMMENT '创建时间',
  PRIMARY KEY (`id`) USING BTREE,
  KEY `team_project_id` (`project_id`) USING BTREE,
  CONSTRAINT `team_project_id` FOREIGN KEY (`project_id`) REFERENCES `project` (`id`) ON DELETE CASCADE ON UPDATE NO ACTION
) ENGINE=InnoDB AUTO_INCREMENT=94 DEFAULT CHARSET=utf8mb4 ROW_FORMAT=DYNAMIC COMMENT='项目技术团队表';

-- ----------------------------
--  Records of `project_team`
-- ----------------------------
BEGIN;
INSERT INTO `project_team` VALUES ('15', '1', '洪薇', '测试工程师', 'https://www.czw.net/personalResume?id=1', '1', '2019-12-18 16:24:53'), ('20', '2', '洪薇', '测试', 'https://www.czw.net/personalResume?id=1', '1', '2019-12-19 17:57:09'), ('26', '3', '洪薇薇', '测试工程师', 'https://www.czw.net/personalResume?id=1', '1', '2019-12-20 14:00:03'), ('31', '4', '红点点', 'php开发', 'https://www.czw.net/personalResume?id=1', '1', '2019-12-20 15:32:17'), ('35', '5', '红点点', '测试', 'https://www.czw.net/personalResume?id=1', '1', '2019-12-20 15:37:16'), ('42', '6', '红点点', '测试', 'https://www.czw.net/personalResume?id=1', '1', '2019-12-20 17:40:02'), ('54', '7', '向盼', '产品经理', 'https://www.czw.net/personalResume?id=4', '4', '2019-12-21 16:03:19'), ('62', '8', '程栈网官方', '程栈网官方', 'https://www.czw.net/personalResume?id=5', '5', '2019-12-21 18:24:28'), ('63', '8', '发起方测试账号', '发起方测试账号', 'https://www.czw.net/personalResume?id=7', '7', '2019-12-21 18:24:28'), ('64', '9', '', '', '', '0', '2019-12-21 18:40:29'), ('65', '10', '', '', '', '0', '2019-12-21 18:40:29'), ('69', '11', '', '', 'https://www.czw.net/personalResume?id=11', '11', '2019-12-23 19:52:38'), ('81', '12', '洪薇', '测试', 'https://www.czw.net/personalResume?id=1', '1', '2019-12-24 14:37:52'), ('83', '13', '杨起帆', 'php开发', 'https://www.czw.net/personalResume?id=1', '1', '2019-12-24 14:54:03'), ('86', '14', '请问', '哈哈', 'https://www.czw.net/personalResume?id=1', '1', '2019-12-24 16:19:42'), ('93', '15', '洪薇', '测试', 'https://www.czw.net/personalResume?id=1', '1', '2019-12-25 15:09:12');
COMMIT;

-- ----------------------------
--  Table structure for `question`
-- ----------------------------
CREATE TABLE `question` (
  `id` bigint(20) unsigned NOT NULL AUTO_INCREMENT COMMENT '问题id',
  `type_id` bigint(20) unsigned DEFAULT NULL COMMENT '问题类型id',
  `title` varchar(20) DEFAULT NULL COMMENT '项目标题',
  `content` mediumtext COMMENT '问题内容',
  `is_common` int(1) DEFAULT NULL COMMENT '是否常见。0：否，1：是',
  `create_time` datetime DEFAULT NULL COMMENT '创建时间',
  `update_time` datetime DEFAULT NULL COMMENT '修改时间',
  PRIMARY KEY (`id`) USING BTREE,
  KEY `question_type_id` (`type_id`) USING BTREE,
  CONSTRAINT `question_type_id` FOREIGN KEY (`type_id`) REFERENCES `question_type` (`id`) ON DELETE CASCADE ON UPDATE NO ACTION
) ENGINE=InnoDB AUTO_INCREMENT=36 DEFAULT CHARSET=utf8mb4 ROW_FORMAT=DYNAMIC COMMENT='问题表';

-- ----------------------------
--  Records of `question`
-- ----------------------------
BEGIN;
INSERT INTO `question` VALUES ('1', '12', ' 程栈网平台模式介绍', '<p style=\"margin-bottom: 1em; padding: 0px; border: 0px; vertical-align: baseline; color: rgb(51, 51, 51); overflow-wrap: break-word; font-family: -apple-system, &quot;Helvetica Neue&quot;, Helvetica, &quot;PingFang SC&quot;, &quot;Hiragino Sans GB&quot;, &quot;Microsoft YaHei&quot;, SimSun, &quot;Segoe UI&quot;, Roboto, sans-serif; white-space: normal; background-color: rgb(255, 255, 255); margin-top: 0px !important; text-align: center;\"><strong><span style=\"margin: 0px; padding: 0px; border: 0px; vertical-align: baseline;\"><img src=\"https://czw-netmi.oss-cn-hangzhou.aliyuncs.com/__liemi__/image/png/ABFWZMNTHK246789_1577334120.png\" title=\"ABFWZMNTHK246789_1577334120.png\" _src=\"https://czw-netmi.oss-cn-hangzhou.aliyuncs.com/__liemi__/image/png/ABFWZMNTHK246789_1577334120.png\" alt=\"image.png\"/></span></strong></p><p style=\"margin-bottom: 1em; padding: 0px; border: 0px; vertical-align: baseline; color: rgb(51, 51, 51); overflow-wrap: break-word; font-family: -apple-system, &quot;Helvetica Neue&quot;, Helvetica, &quot;PingFang SC&quot;, &quot;Hiragino Sans GB&quot;, &quot;Microsoft YaHei&quot;, SimSun, &quot;Segoe UI&quot;, Roboto, sans-serif; white-space: normal; background-color: rgb(255, 255, 255); margin-top: 0px !important;\"><strong><span style=\"margin: 0px; padding: 0px; border: 0px; vertical-align: baseline;\">一、对平台模式理解</span></strong><br/></p><p style=\"margin-top: 0px; margin-bottom: 1em; padding: 0px; border: 0px; vertical-align: baseline; color: rgb(51, 51, 51); overflow-wrap: break-word; font-family: -apple-system, &quot;Helvetica Neue&quot;, Helvetica, &quot;PingFang SC&quot;, &quot;Hiragino Sans GB&quot;, &quot;Microsoft YaHei&quot;, SimSun, &quot;Segoe UI&quot;, Roboto, sans-serif; white-space: normal; background-color: rgb(255, 255, 255);\"><span style=\"margin: 0px; padding: 0px; border: 0px; vertical-align: baseline;\">程栈网是一个互联科技信息技术众筹平台，模式类似小米众筹、京东众筹和淘宝众筹。程栈网的创新是只专注一个细分领域，平台上发起的众筹项目只限于互联网科技信息技术应用程序类，交付方式是互联网科技信息技术程序的源代码和使用权。我们要在每个细分领域内寻找有丰富经验沉淀的技术团队研发出更高性价比的产品，通过众</span><span style=\"margin: 0px; padding: 0px; border: 0px; vertical-align: baseline;\">筹和拼团的开发模式降低技术研发成本和使用门槛，让每个人都能很容易的享受到互联网技术带来的便利和高效是我原景，加快互联网科技信息技术应用的发展和普及是我们的使命，降低技术研发成本、提高技术团队收入、做高性价比产品是我们正在做的事情。</span></p><p style=\"margin-top: 0px; margin-bottom: 1em; padding: 0px; border: 0px; vertical-align: baseline; color: rgb(51, 51, 51); overflow-wrap: break-word; font-family: -apple-system, &quot;Helvetica Neue&quot;, Helvetica, &quot;PingFang SC&quot;, &quot;Hiragino Sans GB&quot;, &quot;Microsoft YaHei&quot;, SimSun, &quot;Segoe UI&quot;, Roboto, sans-serif; white-space: normal; background-color: rgb(255, 255, 255);\"><span style=\"margin: 0px; padding: 0px; border: 0px; vertical-align: baseline;\"><br/></span></p><p style=\"margin-top: 0px; margin-bottom: 1em; padding: 0px; border: 0px; vertical-align: baseline; color: rgb(51, 51, 51); overflow-wrap: break-word; font-family: -apple-system, &quot;Helvetica Neue&quot;, Helvetica, &quot;PingFang SC&quot;, &quot;Hiragino Sans GB&quot;, &quot;Microsoft YaHei&quot;, SimSun, &quot;Segoe UI&quot;, Roboto, sans-serif; white-space: normal; background-color: rgb(255, 255, 255);\"><strong>二、支持方角度理解</strong></p><p style=\"margin-top: 0px; margin-bottom: 1em; padding: 0px; border: 0px; vertical-align: baseline; color: rgb(51, 51, 51); overflow-wrap: break-word; font-family: -apple-system, &quot;Helvetica Neue&quot;, Helvetica, &quot;PingFang SC&quot;, &quot;Hiragino Sans GB&quot;, &quot;Microsoft YaHei&quot;, SimSun, &quot;Segoe UI&quot;, Roboto, sans-serif; white-space: normal; background-color: rgb(255, 255, 255);\">支持方的在平台上找到自己需求与众筹项目交付标准相符的项目，支持方可根据众筹项目不同的交付方式自由选择，支持的项目会通过源代码和使用权两种方式交付给支持方验收。众筹项目性价比更高，平台托管费用资金更有保障。</p><p style=\"margin-top: 0px; margin-bottom: 1em; padding: 0px; border: 0px; vertical-align: baseline; color: rgb(51, 51, 51); overflow-wrap: break-word; font-family: -apple-system, &quot;Helvetica Neue&quot;, Helvetica, &quot;PingFang SC&quot;, &quot;Hiragino Sans GB&quot;, &quot;Microsoft YaHei&quot;, SimSun, &quot;Segoe UI&quot;, Roboto, sans-serif; white-space: normal; background-color: rgb(255, 255, 255); text-align: center;\"><img src=\"https://czw-netmi.oss-cn-hangzhou.aliyuncs.com/__liemi__/image/png/ABWXZMTK01235689_1577353440.png\" alt=\"image.png\"/></p><p style=\"margin-top: 0px; margin-bottom: 1em; padding: 0px; border: 0px; vertical-align: baseline; color: rgb(51, 51, 51); overflow-wrap: break-word; font-family: -apple-system, &quot;Helvetica Neue&quot;, Helvetica, &quot;PingFang SC&quot;, &quot;Hiragino Sans GB&quot;, &quot;Microsoft YaHei&quot;, SimSun, &quot;Segoe UI&quot;, Roboto, sans-serif; white-space: normal; background-color: rgb(255, 255, 255);\"><strong>三、发起方角度理解</strong></p><p style=\"margin-top: 0px; margin-bottom: 1em; padding: 0px; border: 0px; vertical-align: baseline; color: rgb(51, 51, 51); overflow-wrap: break-word; font-family: -apple-system, &quot;Helvetica Neue&quot;, Helvetica, &quot;PingFang SC&quot;, &quot;Hiragino Sans GB&quot;, &quot;Microsoft YaHei&quot;, SimSun, &quot;Segoe UI&quot;, Roboto, sans-serif; white-space: normal; background-color: rgb(255, 255, 255);\">平台上发起的项目有几种情形：<br/></p><p style=\"margin-top: 0px; margin-bottom: 1em; padding: 0px; border: 0px; vertical-align: baseline; color: rgb(51, 51, 51); overflow-wrap: break-word; font-family: -apple-system, &quot;Helvetica Neue&quot;, Helvetica, &quot;PingFang SC&quot;, &quot;Hiragino Sans GB&quot;, &quot;Microsoft YaHei&quot;, SimSun, &quot;Segoe UI&quot;, Roboto, sans-serif; white-space: normal; background-color: rgb(255, 255, 255);\">1、发起方只把产品设计好并没有进入开发阶段，想<span style=\"margin: 0px; padding: 0px; border: 0px; vertical-align: baseline;\">通过平台众筹方式获得原始研发费用和客户，</span>需要在平台众筹到目标金额后才开始研发。</p><p style=\"margin-top: 0px; margin-bottom: 1em; padding: 0px; border: 0px; vertical-align: baseline; color: rgb(51, 51, 51); overflow-wrap: break-word; font-family: -apple-system, &quot;Helvetica Neue&quot;, Helvetica, &quot;PingFang SC&quot;, &quot;Hiragino Sans GB&quot;, &quot;Microsoft YaHei&quot;, SimSun, &quot;Segoe UI&quot;, Roboto, sans-serif; white-space: normal; background-color: rgb(255, 255, 255);\">2、发起方的项目已经在开发中，<span style=\"margin: 0px; padding: 0px; border: 0px; vertical-align: baseline;\">通过平台众筹方式可以获得更多客户及研发费用。</span></p><p style=\"margin-top: 0px; margin-bottom: 1em; padding: 0px; border: 0px; vertical-align: baseline; color: rgb(51, 51, 51); overflow-wrap: break-word; font-family: -apple-system, &quot;Helvetica Neue&quot;, Helvetica, &quot;PingFang SC&quot;, &quot;Hiragino Sans GB&quot;, &quot;Microsoft YaHei&quot;, SimSun, &quot;Segoe UI&quot;, Roboto, sans-serif; white-space: normal; background-color: rgb(255, 255, 255);\">3、发起方的项目已经开发完成，想过平台众筹模式作为一个营销渠道<span style=\"margin: 0px; padding: 0px; border: 0px; vertical-align: baseline;\">获得更多客户。</span></p><p style=\"margin-top: 0px; margin-bottom: 1em; padding: 0px; border: 0px; vertical-align: baseline; color: rgb(51, 51, 51); overflow-wrap: break-word; font-family: -apple-system, &quot;Helvetica Neue&quot;, Helvetica, &quot;PingFang SC&quot;, &quot;Hiragino Sans GB&quot;, &quot;Microsoft YaHei&quot;, SimSun, &quot;Segoe UI&quot;, Roboto, sans-serif; white-space: normal; background-color: rgb(255, 255, 255); text-align: center;\"><span style=\"margin: 0px; padding: 0px; border: 0px; vertical-align: baseline;\"><img src=\"https://czw-netmi.oss-cn-hangzhou.aliyuncs.com/__liemi__/image/png/AFWZMNTH01234567_1577429665.png\" title=\"AFWZMNTH01234567_1577429665.png\" _src=\"https://czw-netmi.oss-cn-hangzhou.aliyuncs.com/__liemi__/image/png/AFWZMNTH01234567_1577429665.png\" alt=\"image.png\"/></span></p><p style=\"text-align: center;\"><span style=\"font-family: myFont; font-size: medium; letter-spacing: 1px; white-space: normal; background-color: rgb(255, 255, 255);\"></span></p>', '1', '2019-12-17 20:38:01', '2019-12-27 14:54:46'), ('2', '12', '发起项目规范要求', '<p><span style=\"white-space: nowrap;\">准备基础资料如下：</span></p><p><span style=\"white-space: nowrap;\"><br/></span></p><p><strong><span style=\"white-space: nowrap;\">一、项目介绍</span></strong></p><p><span style=\"white-space: nowrap;\">要有项目路演视频（视频内容包含项目简介，团队介绍、众筹目的等信息），项目需求明确清晰，有完整产品原型图（含交互标注说明），有完整的UI设计图（含交互标注说明），要有一份关于项目的百问百答在线文档</span></p><p><span style=\"white-space: nowrap;\"><br/></span></p><p><strong><span style=\"white-space: nowrap;\">二、技术团队</span></strong></p><p><span style=\"white-space: nowrap;\">发起众筹项目团队所有人需求在平台完善个人履历和实名认证</span></p><p><span style=\"white-space: nowrap;\"><br/></span></p><p><strong><span style=\"white-space: nowrap;\">三、开发进度</span></strong></p><p><span style=\"white-space: nowrap;\">要有合理的项目开发里程碑计划</span></p><p><span style=\"white-space: nowrap;\"><br/></span></p><p><strong><span style=\"white-space: nowrap;\">四、档位交付说明内容</span></strong></p><p><span style=\"white-space: nowrap;\">1、付款阶段说明</span></p><p><span style=\"white-space: nowrap;\">所有项目款分为两个阶段支付，需要说明定金及尾款支付</span></p><p><span style=\"white-space: nowrap;\">2、项目交付说明</span></p><p><span style=\"white-space: nowrap;\">交付方式有三种：可以全选，也可以单选</span></p><p><span style=\"white-space: nowrap;\">1、使用权交付（需要说使用期限，使用功能版本等信息）</span></p><p><span style=\"white-space: nowrap;\">2、源代码交付（需求说明源代码交付方式（是否包含部署上线、开发文档包含那些）</span></p><p><span style=\"white-space: nowrap;\">3、天使共创人（天使共创人权益说明）</span></p><p><span style=\"white-space: nowrap;\">其它说明:</span></p><p><span style=\"white-space: nowrap;\"><br/></span></p><p><span style=\"white-space: nowrap;\">终端类型：对浏览器、机型、安卓系统、苹果系统等有版本和适配等相关有要求的需注明</span></p><p><span style=\"white-space: nowrap;\">数 据&nbsp; 库：SQL...详细说明开发程中所使用到的主要数据库类型</span></p><p><span style=\"white-space: nowrap;\">开发语言：PHP，C++......详细说明开发程中所使用到的主要技术语言</span></p><p><span style=\"white-space: nowrap;\">开发框架：ThinkPHP5.....详细说明开发程中所使用到的主要技术框架</span></p><p><span style=\"white-space: nowrap;\">开发环境： window.....详细说明开发技术开发环境</span></p><p><span style=\"white-space: nowrap;\">系统性能：说明系统并发处理能力，如用户量、访问/业务请求并发等技术基础保障</span></p><p><span style=\"white-space: nowrap;\">交付方式：源码交付说明，使用权交付说明</span></p><p><span style=\"white-space: nowrap;\">后期维护：收费维护说明，免费维护说明</span></p><p><span style=\"white-space: nowrap;\">迭代更新：原技术开发团队是否有提供购买方产品在原基础上进行二次迭代或更新服务，收费说明，服务说明。</span></p><p><span style=\"white-space: nowrap;\">软著归属：说明软著归属相关权益问题，通常情况下，如软著归技术团队，购买方只享有产品的项目使用权;如软著归属购买方，购买方可对产品进行软件著作权登记，登记成功后享有发表权、开发者身份权、使用权、使用许可权和获得报酬权。</span></p><p><span style=\"white-space: nowrap;\">部署上线：部署方式（服务器选择），APP上架到那些应用商店</span></p><p><span style=\"white-space: nowrap;\">线上培训：培训通常有分产品使用培训或是技术交接培训，具体需要详细说明</span></p><p><span style=\"white-space: nowrap;\">线下培训：培训通常有分产品使用培训或是技术交接培训，具体需要详细说明</span></p><p><span style=\"white-space: nowrap;\">开发文档：程栈平台所指的开发有文档包含：项目需求文档、功能设计文档、产品原型文档、UI设计文档、ov测试报告、安装维护手册、数据库设计文档、API接口文档等文档内容，在填写金额的时候请评估相关文档编写所需要的时间及人力成本后再决定金额。</span></p><p><span style=\"white-space: nowrap;\">等等</span></p><p><span style=\"white-space: nowrap;\"><br/></span></p><p><span style=\"white-space: nowrap;\">3、技术售后服务</span></p><p><span style=\"white-space: nowrap;\">售后服务保障：参考范本如下</span></p><p><span style=\"white-space: nowrap;\">1、提供5*12（11：00至21：00）技术疑问咨询</span></p><p><span style=\"white-space: nowrap;\">2、保证系统正常运行，</span></p><p><span style=\"white-space: nowrap;\">3、出现BUG及时处理（XX时间内反馈结果），包括页面错误的修改。</span></p><p><span style=\"white-space: nowrap;\">4、原功能基础上的页面文字、图片简单修改，工作量大的修改需求需要另付费用</span></p><p><span style=\"white-space: nowrap;\">5、系统运营数据增加引起系统并发的情况增加运维工作量增加，企业方需要额外支付技术团队维护费用</span></p><p><span style=\"white-space: nowrap;\">6、并发：用户量、访问/业务请求并发</span></p><p><span style=\"white-space: nowrap;\">举例：</span></p><p><span style=\"white-space: nowrap;\">在项目完成后，我们免费维护6个月。维护内容如下：</span></p><p><span style=\"white-space: nowrap;\">1. 项目技术维护，保证正常运行；</span></p><p><span style=\"white-space: nowrap;\">2. 出现bug及时处理，包括页面错误的修改；</span></p><p><span style=\"white-space: nowrap;\">3. 原功能基础上的页面、文字、图片简单修改。</span></p><p><br/></p>', '1', '2019-12-17 20:38:54', '2019-12-28 13:25:08'), ('3', '12', '发起项目流程', '<p>在首付找到发起项目按钮点击进入</p><p style=\"text-align: center;\"><img src=\"https://czw-netmi.oss-cn-hangzhou.aliyuncs.com/__liemi__/image/png/ABFWXZMNTH024579_1577069109.png\" title=\"ABFWXZMNTH024579_1577069109.png\" _src=\"https://czw-netmi.oss-cn-hangzhou.aliyuncs.com/__liemi__/image/png/ABFWXZMNTH024579_1577069109.png\" alt=\"ABFWXZMNTH024579_1577069109.png\"/></p><p>根据不同责任主体可以选择个人发布项目和企业发布项目</p><p style=\"text-align: center;\"><img src=\"https://czw-netmi.oss-cn-hangzhou.aliyuncs.com/__liemi__/image/png/AWXZMTHK02345679_1577069241.png\" title=\"AWXZMTHK02345679_1577069241.png\" _src=\"https://czw-netmi.oss-cn-hangzhou.aliyuncs.com/__liemi__/image/png/AWXZMTHK02345679_1577069241.png\" alt=\"AWXZMTHK02345679_1577069241.png\"/></p><p style=\"text-align: center;\">1</p><p><br/></p>', '1', '2019-12-17 20:39:20', '2019-12-23 10:51:47'), ('4', '12', '可以在平台发起什么类型项目', '<p style=\"text-align: center;\"><img src=\"https://czw-netmi.oss-cn-hangzhou.aliyuncs.com/__liemi__/image/png/ABFWZNK013456789_1577010907.png\" title=\"ABFWZNK013456789_1577010907.png\" _src=\"https://czw-netmi.oss-cn-hangzhou.aliyuncs.com/__liemi__/image/png/ABFWZNK013456789_1577010907.png\" alt=\"微信截图_20191222183849.png\"/></p><p><span style=\"color: rgb(51, 51, 51); font-family: -apple-system, &quot;Helvetica Neue&quot;, Helvetica, &quot;PingFang SC&quot;, &quot;Hiragino Sans GB&quot;, &quot;Microsoft YaHei&quot;, SimSun, &quot;Segoe UI&quot;, Roboto, sans-serif; white-space: normal; background-color: rgb(255, 255, 255);\">发起的项目只限于互联网科技信息技术程序或应用领域的APP、小程序、网站、桌面应用、代码工具、云服务、数据库、框架协议等</span></p>', '1', '2019-12-17 20:39:53', '2019-12-26 12:20:03'), ('5', '1', '企业实名认证流程', '<p>企业/组织认证资料</p><p>1、按平台要求填写真实有效的法定代表人身份信息、企业组织信息、银行对公账户信息（作为资金结算账户）</p><p>2、营业执照副本复印件加盖公章，并在复印件上写上“只限程栈网认证使用”并加盖公章。</p><p>3、<span style=\"font-size: 16px;\"></span><span style=\"color: rgb(51, 51, 51); font-family: -apple-system, &quot;Helvetica Neue&quot;, Helvetica, &quot;PingFang SC&quot;, &quot;Hiragino Sans GB&quot;, &quot;Microsoft YaHei&quot;, SimSun, &quot;Segoe UI&quot;, Roboto, sans-serif; letter-spacing: 1px; text-align: center; white-space: normal; background-color: rgb(255, 255, 255); font-size: 16px;\">程栈网企业组织认证申请公函</span></p><p><span style=\"color: rgb(51, 51, 51); font-family: -apple-system, &quot;Helvetica Neue&quot;, Helvetica, &quot;PingFang SC&quot;, &quot;Hiragino Sans GB&quot;, &quot;Microsoft YaHei&quot;, SimSun, &quot;Segoe UI&quot;, Roboto, sans-serif; letter-spacing: 1px; text-align: center; white-space: normal; background-color: rgb(255, 255, 255); font-size: 16px;\"><br/></span></p><p><br/></p><p style=\"text-align: center;\"><img src=\"https://czw-netmi.oss-cn-hangzhou.aliyuncs.com/__liemi__/image/png/ABFWXZMNTK034567_1577335783.png\" title=\"ABFWXZMNTK034567_1577335783.png\" _src=\"https://czw-netmi.oss-cn-hangzhou.aliyuncs.com/__liemi__/image/png/ABFWXZMNTK034567_1577335783.png\" alt=\"image.png\"/></p><p style=\"text-align: left;\">如果开户银行找不到，请联系平台项目助理<br/></p><p><br/></p>', '1', '2019-12-17 20:41:05', '2020-01-02 14:25:17'), ('6', '11', '履历信息填写规范指引', '<p>完善履历第一步:先到“个人中心”按要求规范完善“基础信息”</p><p style=\"text-align: center;\"><img src=\"https://czw-netmi.oss-cn-hangzhou.aliyuncs.com/__liemi__/image/png/ABFZMNTH01234569_1577005630.png\" title=\"ABFZMNTH01234569_1577005630.png\" _src=\"https://czw-netmi.oss-cn-hangzhou.aliyuncs.com/__liemi__/image/png/ABFZMNTH01234569_1577005630.png\" alt=\"ABFZMNTH01234569_1577005630.png\"/></p><p style=\"text-align: center;\"><br/></p><p><strong>昵称</strong>：<span style=\"color: rgb(51, 51, 51); font-family: -apple-system, &quot;Helvetica Neue&quot;, Helvetica, &quot;PingFang SC&quot;, &quot;Hiragino Sans GB&quot;, &quot;Microsoft YaHei&quot;, SimSun, &quot;Segoe UI&quot;, Roboto, sans-serif; white-space: normal; background-color: rgb(255, 255, 255);\">可以填写真实名字、绰号/花名、公司名称</span></p><p><br/></p><p><strong>职位</strong>：<span style=\"color: rgb(51, 51, 51); font-family: -apple-system, &quot;Helvetica Neue&quot;, Helvetica, &quot;PingFang SC&quot;, &quot;Hiragino Sans GB&quot;, &quot;Microsoft YaHei&quot;, SimSun, &quot;Segoe UI&quot;, Roboto, sans-serif; white-space: normal; background-color: rgb(255, 255, 255);\">填写目前工作岗位职称或上个公司的工作岗位职称，格式如下：</span></p><p><span style=\"color: rgb(51, 51, 51); font-family: -apple-system, &quot;Helvetica Neue&quot;, Helvetica, &quot;PingFang SC&quot;, &quot;Hiragino Sans GB&quot;, &quot;Microsoft YaHei&quot;, SimSun, &quot;Segoe UI&quot;, Roboto, sans-serif; white-space: normal; background-color: rgb(255, 255, 255);\"></span></p><p style=\"margin-top: 0px; margin-bottom: 1em; padding: 0px; border: 0px; vertical-align: baseline; color: rgb(51, 51, 51); overflow-wrap: break-word; font-family: -apple-system, &quot;Helvetica Neue&quot;, Helvetica, &quot;PingFang SC&quot;, &quot;Hiragino Sans GB&quot;, &quot;Microsoft YaHei&quot;, SimSun, &quot;Segoe UI&quot;, Roboto, sans-serif; white-space: normal; background-color: rgb(255, 255, 255);\"><strong>目前公司简称+技能+职位/职称，举例：百度C++资深工程师</strong></p><p style=\"margin-top: 0px; margin-bottom: 1em; padding: 0px; border: 0px; vertical-align: baseline; color: rgb(51, 51, 51); overflow-wrap: break-word; font-family: -apple-system, &quot;Helvetica Neue&quot;, Helvetica, &quot;PingFang SC&quot;, &quot;Hiragino Sans GB&quot;, &quot;Microsoft YaHei&quot;, SimSun, &quot;Segoe UI&quot;, Roboto, sans-serif; white-space: normal; background-color: rgb(255, 255, 255);\"><strong><span style=\"color: rgb(51, 51, 51); font-family: -apple-system, &quot;Helvetica Neue&quot;, Helvetica, &quot;PingFang SC&quot;, &quot;Hiragino Sans GB&quot;, &quot;Microsoft YaHei&quot;, SimSun, &quot;Segoe UI&quot;, Roboto, sans-serif; white-space: normal; background-color: rgb(255, 255, 255);\">上个公司简称+技能+职位/职称，举例：前网易Java</span><span style=\"margin: 0px; padding: 0px; border: 0px; vertical-align: baseline; color: rgb(51, 51, 51); font-family: -apple-system, &quot;Helvetica Neue&quot;, Helvetica, &quot;PingFang SC&quot;, &quot;Hiragino Sans GB&quot;, &quot;Microsoft YaHei&quot;, SimSun, &quot;Segoe UI&quot;, Roboto, sans-serif; white-space: normal; background-color: rgb(255, 255, 255);\">高级</span><span style=\"color: rgb(51, 51, 51); font-family: -apple-system, &quot;Helvetica Neue&quot;, Helvetica, &quot;PingFang SC&quot;, &quot;Hiragino Sans GB&quot;, &quot;Microsoft YaHei&quot;, SimSun, &quot;Segoe UI&quot;, Roboto, sans-serif; white-space: normal; background-color: rgb(255, 255, 255);\">工程师</span></strong></p><p><strong>地区</strong>：<span style=\"color: rgb(51, 51, 51); font-family: -apple-system, &quot;Helvetica Neue&quot;, Helvetica, &quot;PingFang SC&quot;, &quot;Hiragino Sans GB&quot;, &quot;Microsoft YaHei&quot;, SimSun, &quot;Segoe UI&quot;, Roboto, sans-serif; white-space: normal; background-color: rgb(255, 255, 255);\">填写工作所在城市</span></p><p><br/></p><p><strong>状态</strong>：<span style=\"color: rgb(51, 51, 51); font-family: -apple-system, &quot;Helvetica Neue&quot;, Helvetica, &quot;PingFang SC&quot;, &quot;Hiragino Sans GB&quot;, &quot;Microsoft YaHei&quot;, SimSun, &quot;Segoe UI&quot;, Roboto, sans-serif; white-space: normal; background-color: rgb(255, 255, 255);\">填写工作状态，如：自由工作、在正创业、在找工作、在读学生</span></p><p><br/></p><p><strong>行业</strong>：电子务商、金融、企业服务、教育、文娱内容、游戏、生活、硬件、社交、旅游、体育、工具、汽车出行、物流运输、医疗健康、广告营销、数据服务、信息安全、人工智能、区块链、物联网、VR丨AR、软件开发、通讯电子、房产家居、移动互联</p><p><br/></p><p><strong>邮箱</strong>：<span style=\"color: rgb(51, 51, 51); font-family: -apple-system, &quot;Helvetica Neue&quot;, Helvetica, &quot;PingFang SC&quot;, &quot;Hiragino Sans GB&quot;, &quot;Microsoft YaHei&quot;, SimSun, &quot;Segoe UI&quot;, Roboto, sans-serif; white-space: normal; background-color: rgb(255, 255, 255);\">填写可以联系到你的邮箱地址，用于接收重要信息</span></p><p><br/></p><p><span style=\"white-space: normal;\">完善履历第二步：点击头像下拉进入“履历主页”然后点击右上角编辑图标进入履历编辑页面</span></p><p style=\"text-align: center;\"><span style=\"white-space: normal;\"><img src=\"https://czw-netmi.oss-cn-hangzhou.aliyuncs.com/__liemi__/image/png/BFWZMNTK01234579_1577006112.png\" title=\"BFWZMNTK01234579_1577006112.png\" _src=\"https://czw-netmi.oss-cn-hangzhou.aliyuncs.com/__liemi__/image/png/BFWZMNTK01234579_1577006112.png\" alt=\"微信截图_20191222171857.png\"/></span></p><p style=\"text-align: center;\"><img src=\"https://czw-netmi.oss-cn-hangzhou.aliyuncs.com/__liemi__/image/png/AFWXZNTHK3456789_1577006394.png\" title=\"AFWXZNTHK3456789_1577006394.png\" _src=\"https://czw-netmi.oss-cn-hangzhou.aliyuncs.com/__liemi__/image/png/AFWXZNTHK3456789_1577006394.png\" alt=\"微信截图_20191222172305.png\"/></p><p><br/></p><p><span style=\"white-space: normal;\">完善履历第三步：按要求规范完善履历内容</span></p><p>1、个人简介</p><p style=\"text-align: center;\"><img src=\"https://czw-netmi.oss-cn-hangzhou.aliyuncs.com/__liemi__/image/png/AFWXZMHK02345679_1577006831.png\" title=\"AFWXZMHK02345679_1577006831.png\" _src=\"https://czw-netmi.oss-cn-hangzhou.aliyuncs.com/__liemi__/image/png/AFWXZMHK02345679_1577006831.png\" alt=\"微信截图_20191222172824.png\"/></p><p><strong>规范要求：</strong>填写个人兴趣爱好，擅长的技能（技术/语言）、工作经验，获得荣誉、个人github/博客网址、项目经验等信息有助于TA更了解你</p><p><br/></p><p>2、学习经历</p><p style=\"text-align: center;\"><img src=\"https://czw-netmi.oss-cn-hangzhou.aliyuncs.com/__liemi__/image/png/ABFWXZMNK1234689_1577006914.png\" title=\"ABFWXZMNK1234689_1577006914.png\" _src=\"https://czw-netmi.oss-cn-hangzhou.aliyuncs.com/__liemi__/image/png/ABFWXZMNK1234689_1577006914.png\" alt=\"微信截图_20191222172908.png\"/></p><p><strong><span style=\"white-space: normal;\">规范要求：</span></strong><span style=\"white-space: normal;\">可以增加多条学习经历，建议写最高学历前两条即可，</span><span style=\"white-space: normal;\">填写你在学习的专业课程/技能、参与过什么项目、获得荣誉/</span></p><p><span style=\"white-space: normal;\"><br/></span></p><p>3、工作经历</p><p style=\"text-align: center;\"><img src=\"https://czw-netmi.oss-cn-hangzhou.aliyuncs.com/__liemi__/image/png/ABFXMNK012345679_1577006923.png\" title=\"ABFXMNK012345679_1577006923.png\" _src=\"https://czw-netmi.oss-cn-hangzhou.aliyuncs.com/__liemi__/image/png/ABFXMNK012345679_1577006923.png\" alt=\"微信截图_20191222172925.png\"/></p><p><strong><span style=\"white-space: normal;\">规范要求：</span></strong><span style=\"white-space: normal;\">可以增加多条工作经验，可以从实习开始，</span><span style=\"white-space: normal;\">填写你在这家公司的担任的职位，参与过的项目负责什么工作内容，获得什么荣誉/成就/经验</span></p><p><span style=\"white-space: normal;\"><br/></span></p><p>4、专业技能</p><p style=\"text-align: center;\"><img src=\"https://czw-netmi.oss-cn-hangzhou.aliyuncs.com/__liemi__/image/png/AXMNTHK023456789_1577006931.png\" title=\"AXMNTHK023456789_1577006931.png\" _src=\"https://czw-netmi.oss-cn-hangzhou.aliyuncs.com/__liemi__/image/png/AXMNTHK023456789_1577006931.png\" alt=\"微信截图_20191222172938.png\"/></p><p><strong><span style=\"white-space: normal;\">规范要求：</span></strong><span style=\"white-space: normal;\">填写工具名称、技术语言名称等根据实质掌握的熟练成度给自己打分</span></p><p><span style=\"white-space: normal;\"><br/></span></p><p>5、项目案例</p><p style=\"text-align: center;\"><span style=\"white-space: normal;\"><img src=\"https://czw-netmi.oss-cn-hangzhou.aliyuncs.com/__liemi__/image/png/ABFWXZMNTH135678_1577006939.png\" title=\"ABFWXZMNTH135678_1577006939.png\" _src=\"https://czw-netmi.oss-cn-hangzhou.aliyuncs.com/__liemi__/image/png/ABFWXZMNTH135678_1577006939.png\" alt=\"微信截图_20191222173019.png\"/></span></p><p><strong><span style=\"white-space: normal;\">规范要求：</span></strong><span style=\"white-space: normal;\">上传项目案例图片、填写项目名称、填写内容：项目介绍、你在这个项目中担任什么角色且做了什么贡献，最好加上项目访问网址</span></p><p><span style=\"white-space: normal;\"><br/></span></p><p>6、提交认证</p><p style=\"text-align: center;\"><span style=\"white-space: normal;\"><img src=\"https://czw-netmi.oss-cn-hangzhou.aliyuncs.com/__liemi__/image/png/ABWXZMTH12345689_1577006949.png\" title=\"ABWXZMTH12345689_1577006949.png\" _src=\"https://czw-netmi.oss-cn-hangzhou.aliyuncs.com/__liemi__/image/png/ABWXZMTH12345689_1577006949.png\" alt=\"微信截图_20191222173035.png\"/></span></p><p>提交认证时需要完善履历、完善个人基础信息、完成个人身份实名认证，提交后等待平台审核，审核时间1个工作日内反馈结果，请保持注册手机号码、邮箱及平台信息通知</p>', '1', '2019-12-17 20:41:40', '2019-12-23 12:42:57'), ('7', '11', '完善履历信息有什么好处', '<p><br/></p><p><span style=\"color: rgb(51, 51, 51); font-family: -apple-system, &quot;Helvetica Neue&quot;, Helvetica, &quot;PingFang SC&quot;, &quot;Hiragino Sans GB&quot;, &quot;Microsoft YaHei&quot;, SimSun, &quot;Segoe UI&quot;, Roboto, sans-serif; white-space: normal; background-color: rgb(255, 255, 255);\">完善履历可以增加个人影响力及用户对你的关注度，按平台要求规范填写履历能让大家更容易找到你。</span></p><p><span style=\"color: rgb(51, 51, 51); font-family: -apple-system, &quot;Helvetica Neue&quot;, Helvetica, &quot;PingFang SC&quot;, &quot;Hiragino Sans GB&quot;, &quot;Microsoft YaHei&quot;, SimSun, &quot;Segoe UI&quot;, Roboto, sans-serif; white-space: normal; background-color: rgb(255, 255, 255);\"><br/></span></p><p><span style=\"color: rgb(51, 51, 51); font-family: -apple-system, &quot;Helvetica Neue&quot;, Helvetica, &quot;PingFang SC&quot;, &quot;Hiragino Sans GB&quot;, &quot;Microsoft YaHei&quot;, SimSun, &quot;Segoe UI&quot;, Roboto, sans-serif; white-space: normal; background-color: rgb(255, 255, 255);\">完善履历不但能在平台上遇到志同道合的朋友，并且还能和价值观相同的人一起组建线上开发团队。</span></p><p><br/></p><p><span style=\"color: rgb(51, 51, 51); font-family: -apple-system, &quot;Helvetica Neue&quot;, Helvetica, &quot;PingFang SC&quot;, &quot;Hiragino Sans GB&quot;, &quot;Microsoft YaHei&quot;, SimSun, &quot;Segoe UI&quot;, Roboto, sans-serif; white-space: normal; background-color: rgb(255, 255, 255);\">完善履历的开发者可以接到平台推荐的开发</span><span style=\"color: rgb(51, 51, 51); font-family: -apple-system, &quot;Helvetica Neue&quot;, Helvetica, &quot;PingFang SC&quot;, &quot;Hiragino Sans GB&quot;, &quot;Microsoft YaHei&quot;, SimSun, &quot;Segoe UI&quot;, Roboto, sans-serif; white-space: normal; background-color: rgb(255, 255, 255);\">任务，开发者</span><span style=\"margin: 0px; padding: 0px; border: 0px; vertical-align: baseline; color: rgb(51, 51, 51); font-family: -apple-system, &quot;Helvetica Neue&quot;, Helvetica, &quot;PingFang SC&quot;, &quot;Hiragino Sans GB&quot;, &quot;Microsoft YaHei&quot;, SimSun, &quot;Segoe UI&quot;, Roboto, sans-serif; white-space: normal; background-color: rgb(255, 255, 255);\">可以是远程开发、兼职开发、驻场开发等多种模式参与。</span></p><p><span style=\"margin: 0px; padding: 0px; border: 0px; vertical-align: baseline; color: rgb(51, 51, 51); font-family: -apple-system, &quot;Helvetica Neue&quot;, Helvetica, &quot;PingFang SC&quot;, &quot;Hiragino Sans GB&quot;, &quot;Microsoft YaHei&quot;, SimSun, &quot;Segoe UI&quot;, Roboto, sans-serif; white-space: normal; background-color: rgb(255, 255, 255);\"><br/></span></p><p><span style=\"margin: 0px; padding: 0px; border: 0px; vertical-align: baseline; color: rgb(51, 51, 51); font-family: -apple-system, &quot;Helvetica Neue&quot;, Helvetica, &quot;PingFang SC&quot;, &quot;Hiragino Sans GB&quot;, &quot;Microsoft YaHei&quot;, SimSun, &quot;Segoe UI&quot;, Roboto, sans-serif; white-space: normal; background-color: rgb(255, 255, 255);\"><span style=\"color: rgb(51, 51, 51); font-family: -apple-system, &quot;Helvetica Neue&quot;, Helvetica, &quot;PingFang SC&quot;, &quot;Hiragino Sans GB&quot;, &quot;Microsoft YaHei&quot;, SimSun, &quot;Segoe UI&quot;, Roboto, sans-serif; white-space: normal; background-color: rgb(255, 255, 255);\">在平台发起项目众筹成功后，大部分项目的工作量都可以持续稳定开发半年至一年以上的时间，每一个项目众筹成功后都有机会能成为一个细分领域的绞绞者，更有利于没有团队的发起方找到你。</span></span></p><p><span style=\"margin: 0px; padding: 0px; border: 0px; vertical-align: baseline; color: rgb(51, 51, 51); font-family: -apple-system, &quot;Helvetica Neue&quot;, Helvetica, &quot;PingFang SC&quot;, &quot;Hiragino Sans GB&quot;, &quot;Microsoft YaHei&quot;, SimSun, &quot;Segoe UI&quot;, Roboto, sans-serif; white-space: normal; background-color: rgb(255, 255, 255);\"><span style=\"color: rgb(51, 51, 51); font-family: -apple-system, &quot;Helvetica Neue&quot;, Helvetica, &quot;PingFang SC&quot;, &quot;Hiragino Sans GB&quot;, &quot;Microsoft YaHei&quot;, SimSun, &quot;Segoe UI&quot;, Roboto, sans-serif; white-space: normal; background-color: rgb(255, 255, 255);\"><br/></span></span></p><p><font color=\"#333333\" face=\"-apple-system, Helvetica Neue, Helvetica, PingFang SC, Hiragino Sans GB, Microsoft YaHei, SimSun, Segoe UI, Roboto, sans-serif\"><span style=\"background-color: rgb(255, 255, 255);\">履历信息填写规范指引<a href=\"https://www.czw.net/helpCenter?qId=6\">https://www.czw.net/helpCenter?qId=6</a></span></font></p>', '1', '2019-12-17 20:42:52', '2019-12-23 22:38:05'), ('8', '14', '首付款/尾款退款问题', '<p>1、首付款退款</p><p>支持方支付首付款后进入需求协商中流程，在支持方认证交付标准与发起方的项目介绍内容不一至时，可以在确认需求前向平台申请退还首付款，平台收到退款申请并审核通过后把支持方的首付款退回约定账户。</p><p><br/></p><p>2、尾款退款</p><p>支持方确认需求并支持项目尾款后不支持退款申请，但可以在项目验收阶段向平台申请仲裁，平台会根据开发及交付实质情况客观判断双方责任比例为依据结算意资金。</p><p><br/></p><p>退款条件:</p><p>1、Ui设计与产品原型功能页面不符</p><p>2、交付项目与功能清单、Ui设计不符</p><p>3、没有按约定实现交付标准</p><p><br/></p>', '1', '2019-12-17 20:43:45', '2019-12-24 18:53:59'), ('9', '5', '项目知识产权归属问题', '<p>知识产权归属项目发起方</p>', '1', '2019-12-17 20:44:29', '2019-12-23 10:18:25'), ('10', '7', '如何了解项目开发进度', '<p style=\"text-align: center;\"><img src=\"https://czw-netmi.oss-cn-hangzhou.aliyuncs.com/__liemi__/image/png/BWXZMHK013456789_1577068927.png\" title=\"BWXZMHK013456789_1577068927.png\" _src=\"https://czw-netmi.oss-cn-hangzhou.aliyuncs.com/__liemi__/image/png/BWXZMHK013456789_1577068927.png\" alt=\"微信截图_20191223104459.png\"/><img src=\"https://czw-netmi.oss-cn-hangzhou.aliyuncs.com/__liemi__/image/png/ABWXMNHK12345679_1577068934.png\" title=\"ABWXMNHK12345679_1577068934.png\" _src=\"https://czw-netmi.oss-cn-hangzhou.aliyuncs.com/__liemi__/image/png/ABWXMNHK12345679_1577068934.png\" alt=\"微信截图_20191223104520.png\"/></p>', '1', '2019-12-17 20:44:57', '2019-12-23 10:42:22'), ('11', '8', '项目延期交付处理', '<p>具体交付方式、交付标准、交付时间由发起方和支持方约定，相关约定资料信息上传平台确认</p><p><br/></p><p>&nbsp;</p>', '1', '2019-12-17 20:45:49', '2019-12-24 18:33:10'), ('12', '10', '项目纠纷仲裁处理', '<p style=\"margin-bottom: 1em; padding: 0px; border: 0px; vertical-align: baseline; color: rgb(51, 51, 51); overflow-wrap: break-word; font-family: -apple-system, &quot;Helvetica Neue&quot;, Helvetica, &quot;PingFang SC&quot;, &quot;Hiragino Sans GB&quot;, &quot;Microsoft YaHei&quot;, SimSun, &quot;Segoe UI&quot;, Roboto, sans-serif; white-space: normal; background-color: rgb(255, 255, 255); margin-top: 0px !important;\">项目在验收阶段出现纠纷时，支持方和发起方都可以向平台申请介入仲裁处理，平台会以公平公证原则协商处理，纷纷处理依据会根据双方在平台上传及确认的需求资料、聊天记录等信息作为判断参考。</p><p style=\"margin-top: 0px; margin-bottom: 1em; padding: 0px; border: 0px; vertical-align: baseline; color: rgb(51, 51, 51); overflow-wrap: break-word; font-family: -apple-system, &quot;Helvetica Neue&quot;, Helvetica, &quot;PingFang SC&quot;, &quot;Hiragino Sans GB&quot;, &quot;Microsoft YaHei&quot;, SimSun, &quot;Segoe UI&quot;, Roboto, sans-serif; white-space: normal; background-color: rgb(255, 255, 255);\">处理结果有三种;</p><p style=\"margin-top: 0px; margin-bottom: 1em; padding: 0px; border: 0px; vertical-align: baseline; color: rgb(51, 51, 51); overflow-wrap: break-word; font-family: -apple-system, &quot;Helvetica Neue&quot;, Helvetica, &quot;PingFang SC&quot;, &quot;Hiragino Sans GB&quot;, &quot;Microsoft YaHei&quot;, SimSun, &quot;Segoe UI&quot;, Roboto, sans-serif; white-space: normal; background-color: rgb(255, 255, 255);\">1、双方都有责任，责任大小不同</p><p style=\"margin-top: 0px; margin-bottom: 1em; padding: 0px; border: 0px; vertical-align: baseline; color: rgb(51, 51, 51); overflow-wrap: break-word; font-family: -apple-system, &quot;Helvetica Neue&quot;, Helvetica, &quot;PingFang SC&quot;, &quot;Hiragino Sans GB&quot;, &quot;Microsoft YaHei&quot;, SimSun, &quot;Segoe UI&quot;, Roboto, sans-serif; white-space: normal; background-color: rgb(255, 255, 255);\">2、发起方全责</p><p style=\"margin-top: 0px; margin-bottom: 1em; padding: 0px; border: 0px; vertical-align: baseline; color: rgb(51, 51, 51); overflow-wrap: break-word; font-family: -apple-system, &quot;Helvetica Neue&quot;, Helvetica, &quot;PingFang SC&quot;, &quot;Hiragino Sans GB&quot;, &quot;Microsoft YaHei&quot;, SimSun, &quot;Segoe UI&quot;, Roboto, sans-serif; white-space: normal; background-color: rgb(255, 255, 255);\">3、支持方全责</p><p><br/></p>', '0', '2019-12-17 20:47:23', '2019-12-26 11:54:52'), ('13', '12', '如何组建技术团队', '<p>平台暂时没有开放线上组建团队功能，如果你要组建线上团队，可以通过私信联系合适的小伙伴自由组建，然后指定代表和平台签约发起项目，如需了解更多可以联系平台项目助理。</p>', '1', '2019-12-18 17:23:58', '2019-12-23 16:18:08'), ('15', '13', '支持方拒绝验收项目怎么处理', '<p>支持方和发起方都可以向平台介入协商处理</p>', '0', '2019-12-19 13:11:24', '2019-12-28 13:04:48'), ('16', '6', '支持方与开发方如何联系', '<p>支持方支付项目首付款后，平台及项目发起方在1个工作日内主动与支持方取得联系，如支持方想在支付首付款前和项目发起方沟通，可以向平台项目助理联系。</p>', '0', '2019-12-19 13:13:08', '2019-12-26 11:59:47'), ('18', '14', '平台服务费与款项发放', '<p><font face=\"宋体\"><span style=\"font-size: 14px;\"><b>平台服务费</b></span></font></p><p><span style=\"font-size: 14px;\">平台收取项目</span><span style=\"font-size: 14px;\">总收入金额</span><span style=\"font-size: 14px;\">发起从10%服务费</span></p><p><span style=\"font-size: 14px;\">平台交易手续费1%由项目发起方支付</span></p><p><strong><br/></strong></p><p><strong><span style=\"font-family: 宋体;font-size: 14px\"><span style=\"font-family:宋体\">款项结算与发放</span></span></strong><strong></strong></p><p><span style=\";font-family:宋体;font-size:14px\"><span style=\"font-family:宋体\">1、支持方支付首付款后可以在需求未确认前向平台申请退还首付款，平台收到支持方退款申请并审核通过后可将支持方的首付款退回支持方支付首付款的账户。</span></span></p><p><span style=\";font-family:宋体;font-size:14px\">&nbsp;</span></p><p><span style=\";font-family:宋体;font-size:14px\"><span style=\"font-family:宋体\">2、用户在平台支持项目所支付的费用</span></span><span style=\";font-family:宋体;font-size:14px\"><span style=\"font-family:宋体\">交由平台</span></span><span style=\";font-family:宋体;font-size:14px\"><span style=\"font-family:宋体\">托</span></span><span style=\";font-family:宋体;font-size:14px\"><span style=\"font-family:宋体\">管</span></span><span style=\";font-family:宋体;font-size:14px\"><span style=\"font-family:宋体\">，平台根据开发进度或项目类型不同阶段性把支持方托管在平台的所有费用与支持方所支持项目的开发方结算。具体结算方式不限于以下三种：</span></span><span style=\";font-family:宋体;font-size:14px\">1<span style=\"font-family:宋体\">、</span></span><span style=\";font-family:宋体;font-size:14px\"><span style=\"font-family:宋体\">支持方确认需求后，平台把支持方的首付款支付给项目发起方，支持方确认验收项目后，平台把支持方尾款的</span>70%<span style=\"font-family:宋体\">支付给项目发起方，</span><span style=\"font-family:Calibri\">3</span><span style=\"font-family:宋体\">个月后平台再把支持方尾款剩余的</span><span style=\"font-family:Calibri\">30%</span><span style=\"font-family:宋体\">支付给项目发起方。</span></span><span style=\";font-family:宋体;font-size:14px\">2<span style=\"font-family:宋体\">、</span></span><span style=\";font-family:宋体;font-size:14px\"><span style=\"font-family:宋体\">支持方确认验收项目后，平台把支持方的首付款和尾款一次</span>100%<span style=\"font-family:宋体\">支付给项目发起方</span></span><span style=\";font-family:宋体;font-size:14px\"><span style=\"font-family:宋体\">。</span></span><span style=\";font-family:宋体;font-size:14px\">3<span style=\"font-family:宋体\">、</span></span><span style=\";font-family:宋体;font-size:14px\"><span style=\"font-family:宋体\">支持方确认验收项目后，平台把支持方的首付款加尾款总额的</span>70%<span style=\"font-family:宋体\">支付给项目发起方，</span></span><span style=\";font-family:宋体;font-size:14px\"><span style=\"font-family:宋体\">三</span></span><span style=\";font-family:宋体;font-size:14px\"><span style=\"font-family:宋体\">个月后再把剩余首付款加尾款总额的</span>30%<span style=\"font-family:宋体\">支付给项目发起</span></span><span style=\";font-family:宋体;font-size:14px\"><span style=\"font-family:宋体\">。</span></span></p><p><span style=\";font-family:宋体;font-size:14px\">&nbsp;</span></p><p><span style=\";font-family:宋体;font-size:14px\"><span style=\"font-family:宋体\">3、平台为保障项目结算资金的划转安全，对</span></span><span style=\";font-family:宋体;font-size:14px\"><span style=\"font-family:宋体\">支持</span></span><span style=\";font-family:宋体;font-size:14px\"><span style=\"font-family:宋体\">通过平台、第三方服务商及其支付通道</span></span><span style=\"font-family: 宋体; font-size: 14px;\">将</span><span style=\"font-family: 宋体; font-size: 14px;\">支持</span><span style=\"font-family: 宋体; font-size: 14px;\">款项划入指定的存管账户</span><span style=\"font-family: 宋体; font-size: 14px;\">，</span><span style=\"font-family: 宋体; font-size: 14px;\">存管资金由平台或第三方管理的资金均不计付存款利息，在此期间所产生的其他相关费用平台不承担责任。</span></p><p><span style=\";font-family:宋体;font-size:14px\">&nbsp;</span></p><p><span style=\"font-family: 宋体;font-size: 14px\"><span style=\"font-family:宋体\">4、用户知悉并认可：项目服务费与手续费由</span></span><span style=\"font-family: 宋体;font-size: 14px\"><span style=\"font-family:宋体\">开发</span></span><span style=\"font-family: 宋体;font-size: 14px\"><span style=\"font-family:宋体\">方承担，</span></span><span style=\"font-family: 宋体;font-size: 14px\"><span style=\"font-family:宋体\">开发</span></span><span style=\"font-family: 宋体;font-size: 14px\"><span style=\"font-family:宋体\">方应当足额支付该笔费用，</span></span><span style=\"font-family: 宋体; font-size: 14px;\">平台有权在</span><span style=\"font-family: 宋体; font-size: 14px;\">众筹所得</span><span style=\"font-family: 宋体; font-size: 14px;\">款项中扣除该款。</span></p><p><span style=\";font-family:宋体;font-size:14px\">&nbsp;</span></p><p><span style=\";font-family:宋体;font-size:14px\"><span style=\"font-family:宋体\">5、用户与</span></span><span style=\";font-family:宋体;font-size:14px\"><span style=\"font-family:宋体\">开发</span></span><span style=\";font-family:宋体;font-size:14px\"><span style=\"font-family:宋体\">方另行达成协议的，平台有权根据本协议或项目方协议约定安排资金使用。</span></span></p><p><br/></p>', '0', '2019-12-19 20:15:23', '2019-12-19 20:48:57'), ('19', '14', '个人账户/企业账户余额提现', '<p style=\"margin-bottom: 1em; padding: 0px; border: 0px; vertical-align: baseline; color: rgb(51, 51, 51); overflow-wrap: break-word; font-family: -apple-system, &quot;Helvetica Neue&quot;, Helvetica, &quot;PingFang SC&quot;, &quot;Hiragino Sans GB&quot;, &quot;Microsoft YaHei&quot;, SimSun, &quot;Segoe UI&quot;, Roboto, sans-serif; white-space: normal; background-color: rgb(255, 255, 255); margin-top: 0px !important;\">提现每笔扣除2元（由第三方支付通道合作方连连支付收取），如提现10000元，实现到账9998元。<br/></p><p style=\"margin-top: 0px; margin-bottom: 1em; padding: 0px; border: 0px; vertical-align: baseline; color: rgb(51, 51, 51); overflow-wrap: break-word; font-family: -apple-system, &quot;Helvetica Neue&quot;, Helvetica, &quot;PingFang SC&quot;, &quot;Hiragino Sans GB&quot;, &quot;Microsoft YaHei&quot;, SimSun, &quot;Segoe UI&quot;, Roboto, sans-serif; white-space: normal; background-color: rgb(255, 255, 255); text-align: center;\"><img alt=\"image.png\" class=\"\" src=\"https://attachments.tower.im/tower/27d3bffc92757fe00c1327a263c26d6d?version=auto\" width=\"927\" height=\"189\" data-image-size=\"927,189\" style=\"margin: 0.2em 0px; padding: 0px; border: 0px; vertical-align: middle; cursor: pointer; max-width: 100%; height: auto; box-sizing: border-box;\"/><br/></p><p style=\"margin-top: 0px; margin-bottom: 1em; padding: 0px; border: 0px; vertical-align: baseline; color: rgb(51, 51, 51); overflow-wrap: break-word; font-family: -apple-system, &quot;Helvetica Neue&quot;, Helvetica, &quot;PingFang SC&quot;, &quot;Hiragino Sans GB&quot;, &quot;Microsoft YaHei&quot;, SimSun, &quot;Segoe UI&quot;, Roboto, sans-serif; white-space: normal; background-color: rgb(255, 255, 255);\"><br/></p><p style=\"margin-top: 0px; margin-bottom: 1em; padding: 0px; border: 0px; vertical-align: baseline; color: rgb(51, 51, 51); overflow-wrap: break-word; font-family: -apple-system, &quot;Helvetica Neue&quot;, Helvetica, &quot;PingFang SC&quot;, &quot;Hiragino Sans GB&quot;, &quot;Microsoft YaHei&quot;, SimSun, &quot;Segoe UI&quot;, Roboto, sans-serif; white-space: normal; background-color: rgb(255, 255, 255); text-align: center;\"><img alt=\"image.png\" class=\"\" src=\"https://attachments.tower.im/tower/aba11f4306e9201aa463722ff5cc40cb?version=auto\" width=\"939\" height=\"665\" data-image-size=\"939,665\" style=\"margin: 0.2em 0px; padding: 0px; border: 0px; vertical-align: middle; cursor: pointer; max-width: 100%; height: auto; box-sizing: border-box;\"/></p><p><br/></p>', '0', '2019-12-21 16:41:58', '2019-12-26 12:04:45'), ('20', '12', '源代码交付说明参考范本', '<p><strong></strong></p><p><span style=\";font-family:宋体;font-size:14px\"><span style=\"font-family:宋体\">感谢您支持</span>“</span><span style=\";font-family:宋体;font-size:14px\">XXX<span style=\"font-family:宋体\">项目”（以下统称为“本项目”），你所支持本项目交付方式是“源代码交付”，支付总金额为</span><span style=\"font-family:Calibri\">XXX</span><span style=\"font-family:宋体\">元，共分两笔支付完成。第一笔费用是首付款，金额</span><span style=\"font-family:Calibri\">XXX</span><span style=\"font-family:宋体\">元。第二笔费用是尾款，金额</span><span style=\"font-family:Calibri\">XXX</span><span style=\"font-family:宋体\">元。你支付的所有款项均由程栈网代收代付管理，首付款支付成功后，可在平台流程为需求协商中及需求未确认状态申请退款，成功支付首付款并确认需求后不能申请退款。尾款在支付首付款并确认需求后支付，在你确认验收项目后，平台会把本项目的所有款项支付给项目发起方。如你在项目验收阶段有疑义，可以拒绝验收项目并可申请平台介入仲裁或协调处理。</span></span></p><p><span style=\";font-family:宋体;font-size:14px\">&nbsp;</span></p><p><strong><span style=\"font-family: 宋体;font-size: 14px\"><span style=\"font-family:宋体\">二、开发说明</span></span></strong><strong></strong></p><p><span style=\";font-family:宋体;font-size:14px\"><span style=\"font-family:宋体\">开发语言：</span></span></p><p><span style=\";font-family:宋体;font-size:14px\"><span style=\"font-family:宋体\">数据库：</span></span></p><p><span style=\";font-family:宋体;font-size:14px\"><span style=\"font-family:宋体\">技术框架：</span></span></p><p><span style=\";font-family:宋体;font-size:14px\"><span style=\"font-family:宋体\">接入第三方服务：</span></span></p><p><span style=\";font-family:宋体;font-size:14px\"><span style=\"font-family:宋体\">系统适配：</span></span></p><p><span style=\"font-family: 宋体;font-size: 14px\"><span style=\"font-family:宋体\">系统性能：</span></span></p><p><span style=\"font-family: 宋体;font-size: 14px\">&nbsp;</span></p><p><span style=\"font-family: 宋体;font-size: 14px\">&nbsp;</span></p><p><strong><span style=\"font-family: 宋体;font-size: 14px\"><span style=\"font-family:宋体\">三、交付说明</span></span></strong></p><p><span style=\"font-family: 宋体;font-size: 14px\"><span style=\"font-family:宋体\">软著知识产权归属：</span></span></p><p><span style=\";font-family:宋体;font-size:14px\"><span style=\"font-family:宋体\">交付类型：</span></span></p><p><span style=\";font-family:宋体;font-size:14px\"><span style=\"font-family:宋体\">部署文档：</span></span></p><p><span style=\";font-family:宋体;font-size:14px\"><span style=\"font-family:宋体\">接口文档：</span></span></p><p><span style=\";font-family:宋体;font-size:14px\"><span style=\"font-family:宋体\">其它文档</span></span></p><p><strong><span style=\"font-family: 宋体;font-size: 14px\">&nbsp;</span></strong></p><p><strong><span style=\"font-family: 宋体;font-size: 14px\"><span style=\"font-family:宋体\">四、售后说明</span></span></strong><strong></strong></p><p><span style=\"font-family: 宋体;font-size: 14px\"><span style=\"font-family:宋体\">系统维护：</span></span></p><p><span style=\"font-family: 宋体;font-size: 14px\"><span style=\"font-family:宋体\">迭代升级：</span></span></p><p><span style=\"font-family: 宋体;font-size: 14px\"><span style=\"font-family:宋体\">技术咨询：</span></span></p><p><br/></p>', '0', '2019-12-22 18:42:22', '2019-12-22 18:42:22'), ('22', '12', '使用权交付说明参考范本', '<p style=\"text-align:center\"><span style=\";font-family:宋体;font-size:14px\"><span style=\"font-family:宋体\">交付说明模板</span></span></p><p><span style=\";font-family:宋体;font-size:14px\">&nbsp;</span></p><p><strong><span style=\"font-family: 宋体;font-size: 14px\"><span style=\"font-family:宋体\">一、支付说明</span></span></strong><strong></strong></p><p><span style=\";font-family:宋体;font-size:14px\"><span style=\"font-family:宋体\">感谢您支持</span>“</span><span style=\";font-family:宋体;font-size:14px\">XXX<span style=\"font-family:宋体\">项目”（以下统称为“本项目”），你所支持本项目交付方式是“使用权交付”，支付总金额为</span><span style=\"font-family:Calibri\">XXX</span><span style=\"font-family:宋体\">元，共分两笔支付完成。第一笔费用是首付款，金额</span><span style=\"font-family:Calibri\">XXX</span><span style=\"font-family:宋体\">元。第二笔费用是尾款，金额</span><span style=\"font-family:Calibri\">XXX</span><span style=\"font-family:宋体\">元。你支付的所有款项均由程栈网代收代付管理，首付款支付成功后，可在平台流程为需求协商中及需求未确认状态申请退款，成功支付首付款并确认需求后不能申请退款。尾款在支付首付款并确认需求后支付，在你确认验收项目后，平台会把本项目的所有款项支付给项目发起方。如你在项目验收阶段有疑义，可以拒绝验收项目并可申请平台介入仲裁或协调处理。</span></span></p><p><strong><span style=\"font-family: 宋体;font-size: 14px\">&nbsp;</span></strong></p><p><strong><span style=\"font-family: 宋体;font-size: 14px\"><span style=\"font-family:宋体\">二、开发说明</span></span></strong><strong></strong></p><p><span style=\";font-family:宋体;font-size:14px\"><span style=\"font-family:宋体\">开发语言：</span></span></p><p><span style=\";font-family:宋体;font-size:14px\"><span style=\"font-family:宋体\">数据库：</span></span></p><p><span style=\";font-family:宋体;font-size:14px\"><span style=\"font-family:宋体\">技术框架：</span></span></p><p><span style=\";font-family:宋体;font-size:14px\"><span style=\"font-family:宋体\">接入第三方服务：</span></span></p><p><span style=\";font-family:宋体;font-size:14px\"><span style=\"font-family:宋体\">系统适配：</span></span></p><p><span style=\"font-family: 宋体;font-size: 14px\"><span style=\"font-family:宋体\">系统性能：</span></span></p><p><span style=\"font-family: 宋体;font-size: 14px\">&nbsp;</span></p><p><strong><span style=\"font-family: 宋体;font-size: 14px\"><span style=\"font-family:宋体\">三、交付说明</span></span></strong></p><p><span style=\"font-family: 宋体;font-size: 14px\"><span style=\"font-family:宋体\">软著知识产权归属：</span></span></p><p><span style=\";font-family:宋体;font-size:14px\"><span style=\"font-family:宋体\">交付类型：</span></span></p><p><span style=\";font-family:宋体;font-size:14px\"><span style=\"font-family:宋体\">部署文档：</span></span></p><p><span style=\";font-family:宋体;font-size:14px\"><span style=\"font-family:宋体\">接口文档：</span></span></p><p><span style=\";font-family:宋体;font-size:14px\"><span style=\"font-family:宋体\">其它文档</span></span></p><p><strong><span style=\"font-family: 宋体;font-size: 14px\">&nbsp;</span></strong></p><p><strong><span style=\"font-family: 宋体;font-size: 14px\"><span style=\"font-family:宋体\">四、售后说明</span></span></strong><strong></strong></p><p><span style=\"font-family: 宋体;font-size: 14px\"><span style=\"font-family:宋体\">系统维护：</span></span></p><p><span style=\"font-family: 宋体;font-size: 14px\"><span style=\"font-family:宋体\">迭代升级：</span></span></p><p><span style=\"font-family: 宋体;font-size: 14px\"><span style=\"font-family:宋体\">技术咨询：</span></span></p><p><span style=\"font-family: Calibri;font-size: 14px\">&nbsp;</span></p><p><br/></p>', '0', '2019-12-22 18:43:08', '2019-12-22 18:43:08'), ('25', '12', '天使共创人说明参考范本', '<p>暂时没开放些交付方式</p>', '0', '2019-12-22 18:46:01', '2019-12-22 18:46:01'), ('26', '1', '个人实名认证指引', '<p>在个人中心按平台要求提交实名认证信息，提交实名认证信息要确保真实，账号持有人与实名信息必需为同一个人，如果平台发现实名信息与实质账号持有人身份不一致，平台有权单方面终止账号使用权。<br/></p><p style=\"text-align: center;\"><img src=\"https://czw-netmi.oss-cn-hangzhou.aliyuncs.com/__liemi__/image/png/FWXZMNTHK0134789_1577275405.png\" title=\"FWXZMNTHK0134789_1577275405.png\" _src=\"https://czw-netmi.oss-cn-hangzhou.aliyuncs.com/__liemi__/image/png/FWXZMNTHK0134789_1577275405.png\" alt=\"image.png\"/></p><p><br/></p><p><img src=\"https://czw-netmi.oss-cn-hangzhou.aliyuncs.com/__liemi__/image/png/ABWXZMNK12345789_1577275451.png\" title=\"ABWXZMNK12345789_1577275451.png\" _src=\"https://czw-netmi.oss-cn-hangzhou.aliyuncs.com/__liemi__/image/png/ABWXZMNK12345789_1577275451.png\" alt=\"image.png\"/></p><p><br/></p><p><br/></p>', '0', '2019-12-25 20:01:00', '2019-12-25 20:08:34'), ('27', '10', '首付款及尾款退款条件', '<p style=\"margin-top: 0px; margin-bottom: 0px; padding: 0px; font-family: PingFangSC; font-size: medium; letter-spacing: 1px; white-space: normal; background-color: rgb(255, 255, 255);\">1、首付款退款</p><p style=\"margin-top: 0px; margin-bottom: 0px; padding: 0px; font-family: PingFangSC; font-size: medium; letter-spacing: 1px; white-space: normal; background-color: rgb(255, 255, 255);\">支持方支付首付款后进入需求协商中流程，在支持方认证交付标准与发起方的项目介绍内容不一至时，可以在确认需求前向平台申请退还首付款，平台收到退款申请并审核通过后把支持方的首付款退回约定账户。</p><p style=\"margin-top: 0px; margin-bottom: 0px; padding: 0px; font-family: PingFangSC; font-size: medium; letter-spacing: 1px; white-space: normal; background-color: rgb(255, 255, 255);\"><br style=\"margin: 0px; padding: 0px;\"/></p><p style=\"margin-top: 0px; margin-bottom: 0px; padding: 0px; font-family: PingFangSC; font-size: medium; letter-spacing: 1px; white-space: normal; background-color: rgb(255, 255, 255);\">2、尾款退款</p><p style=\"margin-top: 0px; margin-bottom: 0px; padding: 0px; font-family: PingFangSC; font-size: medium; letter-spacing: 1px; white-space: normal; background-color: rgb(255, 255, 255);\">支持方确认需求并支持项目尾款后不支持退款申请，但可以在项目验收阶段向平台申请仲裁，平台会根据开发及交付实质情况客观判断双方责任比例为依据结算意资金。</p><p style=\"margin-top: 0px; margin-bottom: 0px; padding: 0px; font-family: PingFangSC; font-size: medium; letter-spacing: 1px; white-space: normal; background-color: rgb(255, 255, 255);\"><br style=\"margin: 0px; padding: 0px;\"/></p><p style=\"margin-top: 0px; margin-bottom: 0px; padding: 0px; font-family: PingFangSC; font-size: medium; letter-spacing: 1px; white-space: normal; background-color: rgb(255, 255, 255);\">退款条件:</p><p style=\"margin-top: 0px; margin-bottom: 0px; padding: 0px; font-family: PingFangSC; font-size: medium; letter-spacing: 1px; white-space: normal; background-color: rgb(255, 255, 255);\">1、Ui设计与产品原型功能页面不符</p><p style=\"margin-top: 0px; margin-bottom: 0px; padding: 0px; font-family: PingFangSC; font-size: medium; letter-spacing: 1px; white-space: normal; background-color: rgb(255, 255, 255);\">2、交付项目与功能清单、Ui设计不符</p><p style=\"margin-top: 0px; margin-bottom: 0px; padding: 0px; font-family: PingFangSC; font-size: medium; letter-spacing: 1px; white-space: normal; background-color: rgb(255, 255, 255);\">3、没有按约定实现交付标准</p><p><br/></p>', '0', '2019-12-26 11:56:34', '2019-12-26 11:56:34'), ('28', '1', '程栈网企业组织认证申请公函', '<p style=\"margin-bottom: 1em; padding: 0px; border: 0px; vertical-align: baseline; color: rgb(51, 51, 51); overflow-wrap: break-word; font-family: -apple-system, &quot;Helvetica Neue&quot;, Helvetica, &quot;PingFang SC&quot;, &quot;Hiragino Sans GB&quot;, &quot;Microsoft YaHei&quot;, SimSun, &quot;Segoe UI&quot;, Roboto, sans-serif; white-space: normal; background-color: rgb(255, 255, 255); text-align: center; margin-top: 0px !important;\"><span style=\"margin: 0px; padding: 0px; border: 0px; vertical-align: baseline; font-size: 24px;\">程栈网企业组织认证申请公函</span></p><p style=\"margin-bottom: 1em; padding: 0px; border: 0px; vertical-align: baseline; color: rgb(51, 51, 51); overflow-wrap: break-word; font-family: -apple-system, &quot;Helvetica Neue&quot;, Helvetica, &quot;PingFang SC&quot;, &quot;Hiragino Sans GB&quot;, &quot;Microsoft YaHei&quot;, SimSun, &quot;Segoe UI&quot;, Roboto, sans-serif; white-space: normal; background-color: rgb(255, 255, 255); margin-top: 0px !important;\"><span style=\"margin: 0px; padding: 0px; border: 0px; vertical-align: baseline; font-size: 18px;\"><br/></span></p><p style=\"margin-bottom: 1em; padding: 0px; border: 0px; vertical-align: baseline; color: rgb(51, 51, 51); overflow-wrap: break-word; font-family: -apple-system, &quot;Helvetica Neue&quot;, Helvetica, &quot;PingFang SC&quot;, &quot;Hiragino Sans GB&quot;, &quot;Microsoft YaHei&quot;, SimSun, &quot;Segoe UI&quot;, Roboto, sans-serif; white-space: normal; background-color: rgb(255, 255, 255); margin-top: 0px !important;\"><span style=\"margin: 0px; padding: 0px; border: 0px; vertical-align: baseline; font-size: 18px;\"><br/></span></p><p style=\"margin-top: 0px; margin-bottom: 1em; padding: 0px; border: 0px; vertical-align: baseline; color: rgb(51, 51, 51); overflow-wrap: break-word; font-family: -apple-system, &quot;Helvetica Neue&quot;, Helvetica, &quot;PingFang SC&quot;, &quot;Hiragino Sans GB&quot;, &quot;Microsoft YaHei&quot;, SimSun, &quot;Segoe UI&quot;, Roboto, sans-serif; white-space: normal; background-color: rgb(255, 255, 255);\"><span style=\"margin: 0px; padding: 0px; border: 0px; vertical-align: baseline;\"><span style=\"margin: 0px; padding: 0px; border: 0px; vertical-align: baseline; font-weight: 700; line-height: 1.25;\">XXXXXXXXXXXX公司</span></span></p><p style=\"margin-top: 0px; margin-bottom: 1em; padding: 0px; border: 0px; vertical-align: baseline; color: rgb(51, 51, 51); overflow-wrap: break-word; font-family: -apple-system, &quot;Helvetica Neue&quot;, Helvetica, &quot;PingFang SC&quot;, &quot;Hiragino Sans GB&quot;, &quot;Microsoft YaHei&quot;, SimSun, &quot;Segoe UI&quot;, Roboto, sans-serif; white-space: normal; background-color: rgb(255, 255, 255);\">本企业/组织&nbsp;<span style=\"text-decoration:underline;\">&nbsp; &nbsp; &nbsp; &nbsp; &nbsp; &nbsp; &nbsp; &nbsp; &nbsp; &nbsp; &nbsp; &nbsp; &nbsp; &nbsp; &nbsp; &nbsp; &nbsp; &nbsp; &nbsp; &nbsp; &nbsp; &nbsp; &nbsp;&nbsp;</span>&nbsp;&nbsp;<span style=\"margin: 0px; padding: 0px; border: 0px; vertical-align: baseline;\">授权在职员工姓名&nbsp;&nbsp;<span style=\"text-decoration:underline;\">&nbsp; &nbsp; &nbsp; &nbsp; &nbsp; &nbsp; &nbsp; &nbsp; &nbsp;&nbsp;</span>&nbsp; （身份证号码<span style=\"text-decoration:underline;\">&nbsp; &nbsp; &nbsp; &nbsp; &nbsp; &nbsp; &nbsp; &nbsp; &nbsp; &nbsp; &nbsp; &nbsp; &nbsp; &nbsp; &nbsp; &nbsp; &nbsp; &nbsp; &nbsp; &nbsp; &nbsp; &nbsp; &nbsp; &nbsp; &nbsp; &nbsp;</span>&nbsp;）</span></p><p style=\"margin-top: 0px; margin-bottom: 1em; padding: 0px; border: 0px; vertical-align: baseline; color: rgb(51, 51, 51); overflow-wrap: break-word; font-family: -apple-system, &quot;Helvetica Neue&quot;, Helvetica, &quot;PingFang SC&quot;, &quot;Hiragino Sans GB&quot;, &quot;Microsoft YaHei&quot;, SimSun, &quot;Segoe UI&quot;, Roboto, sans-serif; white-space: normal; background-color: rgb(255, 255, 255);\"><span style=\"margin: 0px; padding: 0px; border: 0px; vertical-align: baseline;\">为本企业/组织管理员。本企业/组织承诺遵守程栈网平台所有协议及规则，不限于《用户服务协议》、《平台服务规则》、</span></p><p style=\"margin-top: 0px; margin-bottom: 1em; padding: 0px; border: 0px; vertical-align: baseline; color: rgb(51, 51, 51); overflow-wrap: break-word; font-family: -apple-system, &quot;Helvetica Neue&quot;, Helvetica, &quot;PingFang SC&quot;, &quot;Hiragino Sans GB&quot;, &quot;Microsoft YaHei&quot;, SimSun, &quot;Segoe UI&quot;, Roboto, sans-serif; white-space: normal; background-color: rgb(255, 255, 255);\"><span style=\"margin: 0px; padding: 0px; border: 0px; vertical-align: baseline;\">《用户隐私政策》和《交易风险提示书》，保证填写信息真实有效并授权企业管理员代表本企业/组织阅读并确认程栈网平台所有服务协议及服务规则。</span></p><p>&nbsp; &nbsp; &nbsp; &nbsp; &nbsp; &nbsp; &nbsp; &nbsp; &nbsp; &nbsp; &nbsp; &nbsp; &nbsp; &nbsp; &nbsp; &nbsp; &nbsp; &nbsp; &nbsp; &nbsp; &nbsp; &nbsp; &nbsp; &nbsp; &nbsp; &nbsp; &nbsp; &nbsp; &nbsp; &nbsp; &nbsp; &nbsp; &nbsp; &nbsp; &nbsp; &nbsp; &nbsp; &nbsp; &nbsp; &nbsp; &nbsp; &nbsp; &nbsp; &nbsp; &nbsp; &nbsp;<br/></p><p><br/></p><p><br/></p><p style=\"text-align: right;\">申请认证企业/组织（盖章）：<span style=\"text-decoration: underline;\">&nbsp; &nbsp; &nbsp; &nbsp; &nbsp; &nbsp; &nbsp; &nbsp; &nbsp; &nbsp; &nbsp; &nbsp; &nbsp; &nbsp; &nbsp; &nbsp; &nbsp; &nbsp;</span></p><p style=\"text-align: right;\"><span style=\"text-decoration: none;\">&nbsp; &nbsp; &nbsp; &nbsp; &nbsp; &nbsp;</span></p><p style=\"text-align: right;\"><span style=\"text-decoration: none;\">&nbsp; &nbsp; &nbsp; &nbsp; &nbsp; &nbsp;授权管理员（签字）：</span><span><span style=\"text-decoration: underline;\">&nbsp; &nbsp; &nbsp; &nbsp; &nbsp; &nbsp; &nbsp; &nbsp; &nbsp; &nbsp; &nbsp; &nbsp; &nbsp; &nbsp; &nbsp; &nbsp; &nbsp; &nbsp;&nbsp;</span></span></p><p style=\"text-align: right;\">&nbsp; &nbsp; &nbsp; &nbsp; &nbsp;</p><p style=\"text-align: right;\">&nbsp; &nbsp; &nbsp; &nbsp; &nbsp; &nbsp; &nbsp; &nbsp; &nbsp; &nbsp; &nbsp; &nbsp; &nbsp; &nbsp; &nbsp; &nbsp; &nbsp; &nbsp;时间：<span style=\"text-decoration: underline;\">&nbsp; &nbsp; &nbsp; &nbsp; &nbsp; &nbsp;</span>年<span style=\"text-decoration: underline;\">&nbsp; &nbsp; &nbsp; &nbsp;</span>月<span style=\"text-decoration: underline;\">&nbsp; &nbsp; &nbsp; &nbsp;</span>日</p>', '0', '2019-12-26 12:42:53', '2019-12-26 12:42:53'), ('29', '13', '项目交付流程', '<p style=\"text-align: center;\"><img src=\"https://czw-netmi.oss-cn-hangzhou.aliyuncs.com/__liemi__/image/png/ABWXZMTK01235689_1577353440.png\" title=\"ABWXZMTK01235689_1577353440.png\" _src=\"https://czw-netmi.oss-cn-hangzhou.aliyuncs.com/__liemi__/image/png/ABWXZMTK01235689_1577353440.png\" alt=\"image.png\"/></p>', '0', '2019-12-26 17:44:13', '2019-12-26 17:44:13'), ('30', '8', '验收项目流程', '<p style=\"text-align: center;\"><img src=\"https://czw-netmi.oss-cn-hangzhou.aliyuncs.com/__liemi__/image/png/ABWXZMTK01235689_1577353440.png\" title=\"ABWXZMTK01235689_1577353440.png\" _src=\"https://czw-netmi.oss-cn-hangzhou.aliyuncs.com/__liemi__/image/png/ABWXZMTK01235689_1577353440.png\" alt=\"ABWXZMTK01235689_1577353440.png\"/></p>', '0', '2019-12-26 17:44:43', '2019-12-26 17:44:43'), ('31', '12', '发布项目——基础信息填写', '<p style=\"text-align: center;\"><img src=\"https://czw-netmi.oss-cn-hangzhou.aliyuncs.com/__liemi__/image/png/ABFWZNTH02345789_1577945737.png\" title=\"ABFWZNTH02345789_1577945737.png\" _src=\"https://czw-netmi.oss-cn-hangzhou.aliyuncs.com/__liemi__/image/png/ABFWZNTH02345789_1577945737.png\" alt=\"image.png\"/></p><p><br/></p><p>1</p>', '0', '2020-01-02 14:13:37', '2020-01-02 14:20:11'), ('32', '12', '发布项目——项目介绍填写', '<p style=\"text-align: center;\"><img src=\"https://czw-netmi.oss-cn-hangzhou.aliyuncs.com/__liemi__/image/png/AFWXZNTHK2345678_1577945689.png\" title=\"AFWXZNTHK2345678_1577945689.png\" _src=\"https://czw-netmi.oss-cn-hangzhou.aliyuncs.com/__liemi__/image/png/AFWXZNTHK2345678_1577945689.png\" alt=\"image.png\"/></p><p><br/></p><p>1</p>', '0', '2020-01-02 14:14:53', '2020-01-02 14:19:50'), ('33', '12', '发布项目——技术团队填写', '<p style=\"text-align: center;\">&nbsp;<img src=\"https://czw-netmi.oss-cn-hangzhou.aliyuncs.com/__liemi__/image/png/ABFWXZMTHK012469_1577945800.png\" title=\"ABFWXZMTHK012469_1577945800.png\" _src=\"https://czw-netmi.oss-cn-hangzhou.aliyuncs.com/__liemi__/image/png/ABFWXZMTHK012469_1577945800.png\" alt=\"image.png\"/></p><p><br/></p><p>1</p><p><br/></p>', '0', '2020-01-02 14:16:47', '2020-01-02 14:20:25'), ('34', '12', '发布项目——开发进度填写', '<p style=\"text-align: center;\"><img src=\"https://czw-netmi.oss-cn-hangzhou.aliyuncs.com/__liemi__/image/png/ABFWXZMHK0134679_1577945908.png\" title=\"ABFWXZMHK0134679_1577945908.png\" _src=\"https://czw-netmi.oss-cn-hangzhou.aliyuncs.com/__liemi__/image/png/ABFWXZMHK0134679_1577945908.png\" alt=\"image.png\"/></p><p>1</p>', '0', '2020-01-02 14:19:08', '2020-01-02 14:20:36'), ('35', '12', '发布项目——交付方式填写', '<p><img src=\"https://czw-netmi.oss-cn-hangzhou.aliyuncs.com/__liemi__/image/png/ABXZNTHK01256789_1577946129.png\" title=\"ABXZNTHK01256789_1577946129.png\" _src=\"https://czw-netmi.oss-cn-hangzhou.aliyuncs.com/__liemi__/image/png/ABXZNTHK01256789_1577946129.png\" alt=\"image.png\"/></p><p>1</p>', '0', '2020-01-02 14:22:11', '2020-01-02 14:22:11');
COMMIT;

-- ----------------------------
--  Table structure for `question_type`
-- ----------------------------
CREATE TABLE `question_type` (
  `id` bigint(20) unsigned NOT NULL AUTO_INCREMENT COMMENT '问题类型id',
  `name` varchar(20) DEFAULT NULL COMMENT '问题类型名',
  `type` int(1) DEFAULT NULL COMMENT '所属分类。1：开发方，2：支持方',
  `sort` int(10) DEFAULT NULL COMMENT '排序，数字越小越前',
  PRIMARY KEY (`id`) USING BTREE
) ENGINE=InnoDB AUTO_INCREMENT=17 DEFAULT CHARSET=utf8mb4 ROW_FORMAT=DYNAMIC COMMENT='问题类型表';

-- ----------------------------
--  Records of `question_type`
-- ----------------------------
BEGIN;
INSERT INTO `question_type` VALUES ('1', '实名认证', '1', '99'), ('5', '支持项目', '2', '99'), ('6', '协商需求', '2', '99'), ('7', '了解进度', '2', '99'), ('8', '项目验收', '2', '99'), ('10', '支付退款', '2', '99'), ('11', '完善履历', '1', '99'), ('12', '发起项目', '1', '99'), ('13', '交付项目', '1', '99'), ('14', '款项结算', '1', '99');
COMMIT;

-- ----------------------------
--  Table structure for `queue`
-- ----------------------------
CREATE TABLE `queue` (
  `id` int(11) NOT NULL AUTO_INCREMENT,
  `channel` varchar(255) NOT NULL,
  `job` blob NOT NULL,
  `pushed_at` int(11) NOT NULL,
  `ttr` int(11) NOT NULL,
  `delay` int(11) NOT NULL DEFAULT '0',
  `priority` int(11) unsigned NOT NULL DEFAULT '1024',
  `reserved_at` int(11) DEFAULT NULL,
  `attempt` int(11) DEFAULT NULL,
  `done_at` int(11) DEFAULT NULL,
  PRIMARY KEY (`id`) USING BTREE,
  KEY `reserved_at` (`reserved_at`) USING BTREE,
  KEY `priority` (`priority`) USING BTREE
) ENGINE=InnoDB DEFAULT CHARSET=utf8mb4 ROW_FORMAT=DYNAMIC COMMENT='队列示例表（可删除）';

-- ----------------------------
--  Records of `real_name_company`
-- ----------------------------
BEGIN;
COMMIT;

-- ----------------------------
--  Table structure for `real_name_company_follow`
-- ----------------------------
CREATE TABLE `real_name_company_follow` (
  `id` bigint(20) unsigned NOT NULL AUTO_INCREMENT COMMENT '履历跟进记录表id',
  `real_name_id` bigint(20) unsigned DEFAULT NULL COMMENT '用户id',
  `content` text COMMENT '跟进内容',
  `name` varchar(255) DEFAULT NULL COMMENT '跟进人账号名',
  `create_time` datetime DEFAULT NULL COMMENT '跟进时间',
  PRIMARY KEY (`id`) USING BTREE,
  KEY `uid` (`real_name_id`) USING BTREE,
  CONSTRAINT `real_name_company_follow_ibfk_1` FOREIGN KEY (`real_name_id`) REFERENCES `real_name_company` (`id`) ON DELETE CASCADE ON UPDATE NO ACTION
) ENGINE=InnoDB AUTO_INCREMENT=8 DEFAULT CHARSET=utf8mb4 ROW_FORMAT=DYNAMIC;

-- ----------------------------
--  Records of `real_name_company_follow`
-- ----------------------------
BEGIN;
INSERT INTO `real_name_company_follow` VALUES ('4', '5', 'rua', 'admin', '2019-12-21 10:41:11'), ('5', '5', 'rua', 'admin', '2019-12-21 10:41:23'), ('6', '6', '程栈网官方账号测试', 'root', '2019-12-21 17:57:32'), ('7', '14', '已经到公司实地考察认证', 'root', '2019-12-30 17:18:54');
COMMIT;

-- ----------------------------
--  Records of `real_name_personal`
-- ----------------------------
BEGIN;
COMMIT;

-- ----------------------------
--  Table structure for `recruit`
-- ----------------------------
CREATE TABLE `recruit` (
  `id` bigint(20) unsigned NOT NULL AUTO_INCREMENT,
  `post_name` varchar(125) DEFAULT NULL COMMENT '岗位名称',
  `serving_company` varchar(125) DEFAULT NULL COMMENT '任职公司',
  `education` varchar(125) DEFAULT NULL COMMENT '学历要求',
  `place` varchar(125) DEFAULT NULL COMMENT '工作地点',
  `recruit_number` varchar(125) DEFAULT NULL COMMENT '招聘人数',
  `working_life` varchar(125) DEFAULT NULL COMMENT '工作年限',
  `job_description` longtext COMMENT '岗位介绍',
  `job_requirements` longtext COMMENT '任职要求',
  `status` tinyint(4) DEFAULT '0' COMMENT '0:待提交 1:一审中 2:二审中  3:三审中 4:审核通过5:审核失败',
  `create_time` timestamp NULL DEFAULT NULL COMMENT '创建时间',
  `update_time` timestamp NULL DEFAULT NULL COMMENT '修改时间',
  PRIMARY KEY (`id`)
) ENGINE=InnoDB AUTO_INCREMENT=12 DEFAULT CHARSET=utf8mb4 COMMENT='人员招聘表';

-- ----------------------------
--  Records of `recruit`
-- ----------------------------
BEGIN;
INSERT INTO `recruit` VALUES ('1', '主办会计', '杭开集团', '本科', '杭州', '10人', '2年', '1.这是个很棒的职位\r\n2.这是个很棒的职位', '1.这是个很棒的职位\r\n2.这是个很棒的职位', '4', '2020-01-06 13:57:40', '2020-01-09 16:21:06'), ('2', '语文', '杭开', '本科', '上海', '5', '2-3', '啦啦啦', '她她她', '4', '2020-01-07 16:28:01', '2020-01-10 11:44:07'), ('3', '1', '2', '3', '4', '5', '6', '7', '8', null, '2020-01-07 16:28:09', '2020-01-07 16:28:09'), ('4', '1', '1', '3', '4', '5', '6', '7', '8', null, '2020-01-07 16:28:20', '2020-01-07 16:28:20'), ('5', '1', '2', '3', '4', '5', '6', '7', '8', null, '2020-01-07 16:28:30', '2020-01-07 16:28:30'), ('6', '1', '2', '3', '4', '5', '6', '8', '7', null, '2020-01-07 16:28:39', '2020-01-07 16:28:39'), ('7', '1', '2', '3', '4', '5', '6', '7', '8', null, '2020-01-07 16:28:49', '2020-01-07 16:28:49'), ('8', '1', '2', '3', '1', '5', '6', '7', '8', null, '2020-01-07 16:28:58', '2020-01-07 16:28:58'), ('9', '1', '7', '3', '4', '5', '6', '7', '8', null, '2020-01-07 16:29:06', '2020-01-07 16:29:06'), ('10', '1', '2', '3', '4', '5', '6', '8', '9', null, '2020-01-07 16:29:16', '2020-01-07 16:29:16'), ('11', '1', '2', '3', '4', '5', '6', '7', '8', null, '2020-01-07 16:29:39', '2020-01-07 16:29:39');
COMMIT;

-- ----------------------------
--  Records of `user`
-- ----------------------------
BEGIN;
COMMIT;

-- ----------------------------
--  Table structure for `user_account_log`
-- ----------------------------
CREATE TABLE `user_account_log` (
  `id` bigint(20) unsigned NOT NULL AUTO_INCREMENT,
  `uid` bigint(20) NOT NULL COMMENT '用户uid',
  `account_type` tinyint(4) NOT NULL COMMENT '1:个人 2:企业',
  `order_id` bigint(20) unsigned DEFAULT NULL COMMENT '订单id',
  `bank_number` varchar(125) DEFAULT NULL COMMENT '银行卡号',
  `bank_card_owner` varchar(125) DEFAULT NULL COMMENT '银行持卡人',
  `serial_number` varchar(125) DEFAULT NULL COMMENT '流水号',
  `type` tinyint(4) NOT NULL COMMENT '类型1:提现 2:收入',
  `amount` decimal(11,2) NOT NULL COMMENT '金额',
  `status` tinyint(4) DEFAULT NULL COMMENT '状态1:受理中 2:提现成功 3:提现失败 4:待入帐 5:已入帐',
  `create_time` timestamp NULL DEFAULT NULL COMMENT '创建时间',
  PRIMARY KEY (`id`) USING BTREE,
  KEY `uid` (`uid`) USING BTREE
) ENGINE=InnoDB AUTO_INCREMENT=52 DEFAULT CHARSET=utf8mb4 ROW_FORMAT=DYNAMIC COMMENT='用户账户交易明细表';

-- ----------------------------
--  Records of `user_account_log`
-- ----------------------------
BEGIN;
INSERT INTO `user_account_log` VALUES ('1', '1', '1', '4', '', '', '', '2', '0.03', '5', '2019-12-18 17:33:10'), ('2', '1', '1', null, '123456789123456', '洪薇', '392016714625235329', '1', '0.03', '3', '2019-12-18 18:14:28'), ('3', '1', '1', '6', '', '', '', '2', '0.01', '5', '2019-12-19 17:39:47'), ('4', '8', '1', '6', '', '', '', '2', '0.01', '5', '2019-12-19 17:39:47'), ('5', '1', '1', '7', '', '', '', '2', '4.50', '5', '2019-12-19 18:29:35'), ('6', '8', '1', '7', '', '', '', '2', '5.00', '5', '2019-12-19 18:29:35'), ('7', '1', '1', '8', '', '', '', '2', '9.90', '5', '2019-12-19 18:46:05'), ('8', '1', '1', '10', '', '', '', '2', '5.00', '5', '2019-12-19 19:39:51'), ('9', '9', '1', '10', '', '', '', '2', '4.50', '5', '2019-12-19 19:39:51'), ('10', '1', '1', '10', '', '', '', '2', '0.36', '5', '2019-12-19 19:56:33'), ('11', '1', '1', '11', '', '', '', '2', '0.02', '5', '2019-12-19 20:00:46'), ('12', '1', '1', '5', '', '', '', '2', '0.01', '5', '2019-12-20 11:19:17'), ('13', '1', '1', '5', '', '', '', '2', '0.01', '5', '2019-12-20 11:19:41'), ('14', '1', '1', '5', '', '', '', '2', '0.01', '5', '2019-12-20 11:21:26'), ('15', '9', '1', null, '123456789', '杨起帆', '392674161027236865', '1', '4.50', '3', '2019-12-20 13:46:55'), ('16', '1', '1', '7', '', '', '', '2', '0.01', '5', '2019-12-20 13:51:07'), ('17', '1', '1', '7', '', '', '', '2', '0.01', '5', '2019-12-20 13:53:26'), ('18', '6', '1', '19', '', '', '', '2', '13.37', '5', '2019-12-20 16:25:59'), ('19', '6', '1', '18', '', '', '', '2', '2.70', '5', '2019-12-20 16:50:57'), ('20', '8', '1', '18', '', '', '', '2', '1.95', '5', '2019-12-20 16:50:57'), ('21', '6', '2', '24', '', '', '', '2', '8.91', '5', '2019-12-20 18:05:17'), ('22', '4', '1', '26', '', '', '', '2', '9.00', '5', '2019-12-21 16:23:17'), ('23', '4', '1', null, '433454', '向盼', '393076315160360193', '1', '9.00', '3', '2019-12-21 16:24:56'), ('24', '4', '1', null, '6214835903776639', '向盼', '393077360720660225', '1', '9.00', '2', '2019-12-21 16:29:05'), ('25', '4', '1', '27', '', '', '', '2', '18.00', '5', '2019-12-21 16:39:36'), ('26', '7', '1', '27', '', '', '', '2', '10.00', '5', '2019-12-21 16:39:36'), ('27', '4', '1', '27', '', '', '', '2', '27.00', '5', '2019-12-21 16:44:36'), ('28', '7', '1', '27', '', '', '', '2', '10.00', '5', '2019-12-21 16:44:36'), ('29', '4', '1', '27', '', '', '', '2', '27.00', '5', '2019-12-21 16:45:01'), ('30', '7', '1', '27', '', '', '', '2', '10.00', '5', '2019-12-21 16:45:01'), ('31', '4', '1', '27', '', '', '', '2', '27.00', '5', '2019-12-21 16:46:42'), ('32', '7', '1', '27', '', '', '', '2', '10.00', '5', '2019-12-21 16:46:42'), ('33', '4', '1', '28', '', '', '', '2', '9.00', '5', '2019-12-21 16:55:14'), ('34', '10', '1', '28', '', '', '', '2', '9.80', '5', '2019-12-21 16:55:14'), ('40', '1', '1', '9', '', '', '', '2', '9.00', '5', '2019-12-23 14:39:58'), ('41', '5', '2', '31', '', '', '', '2', '17.10', '5', '2019-12-23 16:22:40'), ('42', '5', '2', null, '8110801012901565620', null, '393801015519901441', '1', '10.00', '2', '2019-12-23 16:24:38'), ('43', '5', '2', '33', '', '', '', '2', '9.00', '5', '2019-12-24 12:06:52'), ('44', '1', '1', null, '123456789123456', '洪薇', '394132398352132097', '1', '8.00', '3', '2019-12-24 14:21:26'), ('45', '9', '1', '37', '', '', '', '2', '0.45', '5', '2019-12-24 15:00:01'), ('46', '1', '1', '37', '', '', '', '2', '0.40', '5', '2019-12-24 15:00:01'), ('47', '5', '2', null, '8110801012901565620', null, '394143800655643137', '1', '10.00', '3', '2019-12-24 15:06:44'), ('48', '5', '2', null, '8110801012901565620', null, '394150491249988097', '1', '12.00', '2', '2019-12-24 15:33:20'), ('49', '9', '1', null, '6217730811754678', '洪薇', '394177216444916865', '1', '2.00', '2', '2019-12-24 17:19:31'), ('50', '1', '1', '41', '', '', '', '2', '0.45', '5', '2019-12-25 15:13:25'), ('51', '6', '1', '41', '', '', '', '2', '0.40', '5', '2019-12-25 15:13:25');
COMMIT;

-- ----------------------------
--  Table structure for `user_amount_log`
-- ----------------------------
CREATE TABLE `user_amount_log` (
  `id` bigint(20) unsigned NOT NULL AUTO_INCREMENT,
  `project_id` bigint(20) unsigned DEFAULT NULL COMMENT '项目id',
  `account_type` tinyint(4) NOT NULL COMMENT '1:个人 2:企业',
  `type` tinyint(4) NOT NULL COMMENT '类型 1:项目结算 2:仲裁退款 3:提现',
  `uid` bigint(20) unsigned NOT NULL COMMENT '用户',
  `create_time` timestamp NULL DEFAULT NULL COMMENT '创建时间',
  `amount` decimal(11,2) DEFAULT NULL COMMENT '金额',
  `commission` decimal(11,2) DEFAULT NULL COMMENT '佣金',
  `actual_amount` decimal(11,2) DEFAULT NULL COMMENT '实际金额',
  `remarks` varchar(125) DEFAULT NULL COMMENT '备注',
  PRIMARY KEY (`id`) USING BTREE,
  KEY `uid` (`uid`) USING BTREE,
  CONSTRAINT `user_amount_log_ibfk_1` FOREIGN KEY (`uid`) REFERENCES `user_data` (`uid`) ON DELETE CASCADE ON UPDATE NO ACTION
) ENGINE=InnoDB AUTO_INCREMENT=47 DEFAULT CHARSET=utf8mb4 ROW_FORMAT=DYNAMIC COMMENT='用户资金明细';

-- ----------------------------
--  Records of `user_amount_log`
-- ----------------------------
BEGIN;
INSERT INTO `user_amount_log` VALUES ('1', '1', '1', '1', '1', '2019-12-18 17:33:10', '0.03', '0.00', '0.03', ''), ('2', '1', '1', '2', '1', '2019-12-19 17:39:47', '0.01', '0.00', '0.01', ''), ('3', '1', '1', '2', '8', '2019-12-19 17:39:47', '0.01', null, null, ''), ('4', '2', '1', '2', '1', '2019-12-19 18:29:35', '4.50', null, null, ''), ('5', '2', '1', '2', '8', '2019-12-19 18:29:35', '5.00', null, null, ''), ('6', '2', '1', '2', '1', '2019-12-19 18:46:05', '9.90', '0.99', '8.91', '这个有问题'), ('7', '2', '1', '2', '1', '2019-12-19 19:39:51', '5.00', null, null, ''), ('8', '2', '1', '2', '9', '2019-12-19 19:39:51', '4.50', null, null, ''), ('9', '2', '1', '2', '1', '2019-12-19 19:56:33', '0.40', '0.04', '0.36', '这个有问题'), ('10', '1', '1', '2', '1', '2019-12-19 20:00:46', '0.02', '0.00', '0.02', ''), ('11', '1', '1', '1', '1', '2019-12-20 11:19:17', '0.01', '0.00', '0.01', ''), ('12', '1', '1', '1', '1', '2019-12-20 11:19:41', '0.01', '0.00', '0.01', ''), ('13', '1', '1', '1', '1', '2019-12-20 11:21:26', '0.01', '0.00', '0.01', ''), ('14', '2', '1', '1', '1', '2019-12-20 13:51:07', '0.01', '0.00', '0.01', ''), ('15', '2', '1', '1', '1', '2019-12-20 13:53:26', '0.01', '0.00', '0.01', ''), ('16', '4', '1', '2', '6', '2019-12-20 16:25:59', '14.85', '1.48', '13.37', ''), ('17', '4', '1', '2', '6', '2019-12-20 16:50:57', '3.00', '0.30', '2.70', ''), ('18', '4', '1', '2', '8', '2019-12-20 16:50:57', '1.95', null, null, ''), ('19', '6', '2', '1', '6', '2019-12-20 18:05:17', '9.90', '0.99', '8.91', ''), ('20', '7', '1', '1', '4', '2019-12-21 16:23:17', '10.00', '1.00', '9.00', ''), ('21', null, '1', '3', '4', '2019-12-21 16:30:15', '9.00', null, null, ''), ('22', '7', '1', '2', '4', '2019-12-21 16:39:36', '20.00', '2.00', '18.00', '测试'), ('23', '7', '1', '2', '7', '2019-12-21 16:39:36', '10.00', null, null, '测试'), ('24', '7', '1', '2', '4', '2019-12-21 16:44:36', '30.00', '3.00', '27.00', '测试'), ('25', '7', '1', '2', '7', '2019-12-21 16:44:36', '10.00', null, null, '测试'), ('26', '7', '1', '2', '4', '2019-12-21 16:45:01', '30.00', '3.00', '27.00', '测试'), ('27', '7', '1', '2', '7', '2019-12-21 16:45:01', '10.00', null, null, '测试'), ('28', '7', '1', '2', '4', '2019-12-21 16:46:42', '30.00', '3.00', '27.00', '测试'), ('29', '7', '1', '2', '7', '2019-12-21 16:46:42', '10.00', null, null, '测试'), ('30', '7', '1', '2', '4', '2019-12-21 16:55:14', '10.00', '1.00', '9.00', '仲裁测试'), ('31', '7', '1', '2', '10', '2019-12-21 16:55:14', '9.80', null, null, '仲裁测试'), ('37', '2', '1', '1', '1', '2019-12-23 14:39:58', '10.00', '1.00', '9.00', ''), ('38', '8', '2', '1', '5', '2019-12-23 16:22:40', '19.00', '1.90', '17.10', ''), ('39', '8', '2', '1', '5', '2019-12-24 12:06:52', '10.00', '1.00', '9.00', ''), ('40', '13', '1', '2', '9', '2019-12-24 15:00:01', '0.50', '0.05', '0.45', ''), ('41', '13', '1', '2', '1', '2019-12-24 15:00:01', '0.40', null, null, ''), ('42', null, '2', '3', '5', '2019-12-24 15:03:38', '10.00', null, null, ''), ('43', null, '2', '3', '5', '2019-12-24 15:34:07', '12.00', null, null, ''), ('44', null, '1', '3', '9', '2019-12-24 17:20:04', '2.00', null, null, ''), ('45', '15', '1', '2', '1', '2019-12-25 15:13:25', '0.50', '0.05', '0.45', ''), ('46', '15', '1', '2', '6', '2019-12-25 15:13:25', '0.40', null, null, '');
COMMIT;

-- ----------------------------
--  Table structure for `user_cash`
-- ----------------------------
CREATE TABLE `user_cash` (
  `id` bigint(20) unsigned NOT NULL AUTO_INCREMENT,
  `uid` bigint(20) unsigned NOT NULL COMMENT '用户id',
  `bank_number` varchar(125) DEFAULT NULL COMMENT '银行卡号',
  `bank_card_owner` varchar(125) DEFAULT NULL COMMENT '银行持卡人',
  `serial_number` varchar(125) DEFAULT NULL COMMENT '流水号',
  `amount` decimal(11,2) DEFAULT NULL COMMENT '提现金额',
  `type` tinyint(4) NOT NULL COMMENT '类型 1:个人 2:企业',
  `status` tinyint(4) DEFAULT '0' COMMENT '状态 0:待处理 1:通过 2:拒绝3：打款中，4：打款失败',
  `refuse_reason` varchar(125) DEFAULT NULL,
  `create_time` timestamp NULL DEFAULT NULL,
  `update_time` timestamp NULL DEFAULT NULL,
  PRIMARY KEY (`id`) USING BTREE,
  KEY `uid` (`uid`) USING BTREE,
  CONSTRAINT `user_cash_ibfk_1` FOREIGN KEY (`uid`) REFERENCES `user_data` (`uid`) ON DELETE CASCADE ON UPDATE NO ACTION
) ENGINE=InnoDB AUTO_INCREMENT=10 DEFAULT CHARSET=utf8mb4 ROW_FORMAT=DYNAMIC COMMENT='用户提现表';

-- ----------------------------
--  Records of `user_cash`
-- ----------------------------
BEGIN;
INSERT INTO `user_cash` VALUES ('2', '9', '123456789', '杨起帆', '392674161027236865', '4.50', '1', '2', '拒绝提款', '2019-12-20 13:46:55', '2019-12-20 13:47:52'), ('3', '4', '433454', '向盼', '393076315160360193', '9.00', '1', '2', '暂时不可提现', '2019-12-21 16:24:56', '2019-12-21 16:26:00'), ('4', '4', '6214835903776639', '向盼', '393077360720660225', '9.00', '1', '1', null, '2019-12-21 16:29:05', '2019-12-21 16:30:15'), ('5', '5', '8110801012901565620', null, '393801015519901441', '10.00', '2', '1', null, '2019-12-23 16:24:38', '2019-12-24 15:03:40'), ('6', '1', '123456789123456', '洪薇', '394132398352132097', '8.00', '1', '2', '拒绝提款', '2019-12-24 14:21:26', '2019-12-24 14:21:43'), ('7', '5', '8110801012901565620', null, '394143800655643137', '10.00', '2', '2', '连连BUG', '2019-12-24 15:06:44', '2019-12-24 15:32:47'), ('8', '5', '8110801012901565620', null, '394150491249988097', '12.00', '2', '1', null, '2019-12-24 15:33:20', '2019-12-24 15:34:08'), ('9', '9', '6217730811754678', '洪薇', '394177216444916865', '2.00', '1', '1', null, '2019-12-24 17:19:31', '2019-12-24 17:20:04');
COMMIT;

-- ----------------------------
--  Records of `user_data`
-- ----------------------------
BEGIN;
COMMIT;

